{"id":28861,"date":"2024-02-04T10:27:06","date_gmt":"2024-02-04T10:27:06","guid":{"rendered":"https:\/\/chilimag.hu\/webshop\/?post_type=product&#038;p=28861"},"modified":"2026-04-18T04:19:24","modified_gmt":"2026-04-18T04:19:24","slug":"orchidea-keverek-2l-sl","status":"publish","type":"product","link":"https:\/\/chilimag.hu\/webshop\/termek\/orchidea-keverek-2l-sl\/","title":{"rendered":"Orchidea termeszt\u0151 k\u00f6zeg kever\u00e9k 2L SL"},"content":{"rendered":"","protected":false},"excerpt":{"rendered":"<p>ORCHIDEA \u00dcltet\u00e9si KEVER\u00c9K<br \/>\nSpeci\u00e1lis kever\u00e9k term\u00e9szetes anyagokb\u00f3l orchide\u00e1k \u00e9s m\u00e1s epifita n\u00f6v\u00e9nyek termeszt\u00e9s\u00e9hez \u00e9s \u00fajratelep\u00edt\u00e9s\u00e9hez. A kever\u00e9k por\u00f3zus, felsz\u00edvja a vizet \u00e9s megtartja a nedvess\u00e9get, mentes a betegs\u00e9g vektorait\u00f3l.<br \/>\n\u00d6sszet\u00e9tel: 75% mulcs, 10% perlit, 3% l\u00e1va, 5% sz\u00e9n, 7% duzzasztott agyag<\/p>\n<p style=\"font-weight: 400;\">C\u00e9l: term\u00e9szetes anyagokb\u00f3l k\u00e9sz\u00fclt speci\u00e1lis kever\u00e9k orchide\u00e1k \u00e9s m\u00e1s epifita n\u00f6v\u00e9nyek termeszt\u00e9s\u00e9re \u00e9s \u00e1t\u00fcltet\u00e9s\u00e9re. A kever\u00e9k por\u00f3zus, j\u00f3l felsz\u00edvja a vizet, megtartja a nedvess\u00e9get, \u00e9s nem tartalmaz betegs\u00e9geket.<\/p>\n<p style=\"font-weight: 400;\">Talajjav\u00edt\u00f3 termeszt\u0151k\u00f6zeg kever\u00e9k. \u00d6sszetev\u0151k: feny\u0151k\u00e9re, perlit, duzzasztott agyag, l\u00e1vagranul\u00e1tum. \u00d6sszet\u00e9tel: savass\u00e1g (pHkg)-3,7-6,5, p\u00e1ratartalom-ak\u00e1r 40%, elektromos vezet\u0151k\u00e9pess\u00e9g (EC mS\/cm)0,6, frakci\u00f3k nagys\u00e1ga 4-20 m.<\/p>\n<p style=\"font-weight: 400;\">Tippek: Vegye ki a n\u00f6v\u00e9nyt a cser\u00e9pb\u0151l , \u00f3vatosan an\u00e9lk\u00fcl, hogy a n\u00f6v\u00e9ny gy\u00f6kerei k\u00e1rosodn\u00e1nak, t\u00e1vol\u00edtsa el a r\u00e9gi cserepes kever\u00e9ket, szedje le a elsz\u00e1radt vagy rothadt gy\u00f6kereket. Helyezze a n\u00f6v\u00e9nyt egy \u00faj cser\u00e9pbe, \u00e9s \u00f6nts\u00f6n \u00faj cserepes kever\u00e9ket a gy\u00f6kerek k\u00f6z\u00f6tti r\u00e9sbe nyom\u00e1s n\u00e9lk\u00fcl. Az \u00fajonnan \u00e1t\u00fcltetett n\u00f6v\u00e9nyt az \u00e1t\u00fcltet\u00e9s ut\u00e1n egy-k\u00e9t h\u00e9ttel \u00f6nt\u00f6zz\u00fck el\u0151sz\u00f6r.<\/p>\n<p>Biohumus &amp; Soil m\u00e1rka<br \/>\nT\u00e9rfogat t\u00f6lt\u00e9skor 2 l<br \/>\nFelhaszn\u00e1l\u00e1s Szoban\u00f6v\u00e9nyekhez, Orchide\u00e1khoz<br \/>\nKiszerel\u00e9s 2l<\/p>\n","protected":false},"featured_media":28862,"comment_status":"closed","ping_status":"closed","template":"","meta":[],"product_brand":[],"product_cat":[371],"product_tag":[],"class_list":{"0":"post-28861","1":"product","2":"type-product","3":"status-publish","4":"has-post-thumbnail","6":"product_cat-seklos-lt-tozegek","8":"first","9":"instock","10":"taxable","11":"shipping-taxable","12":"purchasable","13":"product-type-simple"},"_links":{"self":[{"href":"https:\/\/chilimag.hu\/webshop\/wp-json\/wp\/v2\/product\/28861","targetHints":{"allow":["GET"]}}],"collection":[{"href":"https:\/\/chilimag.hu\/webshop\/wp-json\/wp\/v2\/product"}],"about":[{"href":"https:\/\/chilimag.hu\/webshop\/wp-json\/wp\/v2\/types\/product"}],"replies":[{"embeddable":true,"href":"https:\/\/chilimag.hu\/webshop\/wp-json\/wp\/v2\/comments?post=28861"}],"wp:featuredmedia":[{"embeddable":true,"href":"https:\/\/chilimag.hu\/webshop\/wp-json\/wp\/v2\/media\/28862"}],"wp:attachment":[{"href":"https:\/\/chilimag.hu\/webshop\/wp-json\/wp\/v2\/media?parent=28861"}],"wp:term":[{"taxonomy":"product_brand","embeddable":true,"href":"https:\/\/chilimag.hu\/webshop\/wp-json\/wp\/v2\/product_brand?post=28861"},{"taxonomy":"product_cat","embeddable":true,"href":"https:\/\/chilimag.hu\/webshop\/wp-json\/wp\/v2\/product_cat?post=28861"},{"taxonomy":"product_tag","embeddable":true,"href":"https:\/\/chilimag.hu\/webshop\/wp-json\/wp\/v2\/product_tag?post=28861"}],"curies":[{"name":"wp","href":"https:\/\/api.w.org\/{rel}","templated":true}]}}