{"id":28753,"date":"2024-02-03T05:53:05","date_gmt":"2024-02-03T05:53:05","guid":{"rendered":"https:\/\/chilimag.hu\/webshop\/?post_type=product&#038;p=28753"},"modified":"2026-02-18T16:06:24","modified_gmt":"2026-02-18T16:06:24","slug":"sutotok-jaune-gros-de-paris-agr-sl","status":"publish","type":"product","link":"https:\/\/chilimag.hu\/webshop\/termek\/sutotok-jaune-gros-de-paris-agr-sl\/","title":{"rendered":"S\u00fct\u0151t\u00f6k Jaune Gros De Paris AGR SL"},"content":{"rendered":"","protected":false},"excerpt":{"rendered":"<p><img decoding=\"async\" class=\"logo\" src=\"https:\/\/b2b.seklos.lt\/themes\/warehouse\/img\/logo_en.png\" alt=\"Agrofirma S\u0117klos, UAB\" \/><\/p>\n<p>JAUNE GROS DE PARIS<br \/>\nVet\u00e9si id\u0151szak 100-110 nappal a vet\u00e9s ut\u00e1n. Gy\u00fcm\u00f6lcsei g\u00f6mb\u00f6ly\u0171ek, enyh\u00e9n laposak, 10-15 kg t\u00f6meg\u0171ek, de k\u00fcl\u00f6n\u00f6sen j\u00f3 term\u0151k\u00f6r\u00fclm\u00e9nyek k\u00f6z\u00f6tt ak\u00e1r 45 kg-ot is el\u00e9rhetnek. A h\u00fas m\u00e9lys\u00e1rga \u00e9s \u00e9des.<\/p>\n<p>Mennyis\u00e9g egy csomagban 1,5g<br \/>\nMagok sz\u00e1ma grammonk\u00e9nt 3-8<br \/>\nVet\u00e9sid\u0151 a talajban V-VI 4 cm<br \/>\nA pal\u00e1nt\u00e1k vet\u00e9si ideje IV, 4 cm<br \/>\nT\u00e1vols\u00e1gok, cm V-VI 100&#215;100 cm<br \/>\nSz\u00fcret VIII-IX<br \/>\nAgronom m\u00e1rka<\/p>\n<p>A csomag 1,5 gr magot tartalmaz<\/p>\n","protected":false},"featured_media":28754,"comment_status":"closed","ping_status":"closed","template":"","meta":[],"product_brand":[],"product_cat":[395],"product_tag":[],"class_list":{"0":"post-28753","1":"product","2":"type-product","3":"status-publish","4":"has-post-thumbnail","6":"product_cat-dinnye-es-tok-vetomagok","8":"first","9":"instock","10":"taxable","11":"shipping-taxable","12":"purchasable","13":"product-type-simple"},"_links":{"self":[{"href":"https:\/\/chilimag.hu\/webshop\/wp-json\/wp\/v2\/product\/28753","targetHints":{"allow":["GET"]}}],"collection":[{"href":"https:\/\/chilimag.hu\/webshop\/wp-json\/wp\/v2\/product"}],"about":[{"href":"https:\/\/chilimag.hu\/webshop\/wp-json\/wp\/v2\/types\/product"}],"replies":[{"embeddable":true,"href":"https:\/\/chilimag.hu\/webshop\/wp-json\/wp\/v2\/comments?post=28753"}],"wp:featuredmedia":[{"embeddable":true,"href":"https:\/\/chilimag.hu\/webshop\/wp-json\/wp\/v2\/media\/28754"}],"wp:attachment":[{"href":"https:\/\/chilimag.hu\/webshop\/wp-json\/wp\/v2\/media?parent=28753"}],"wp:term":[{"taxonomy":"product_brand","embeddable":true,"href":"https:\/\/chilimag.hu\/webshop\/wp-json\/wp\/v2\/product_brand?post=28753"},{"taxonomy":"product_cat","embeddable":true,"href":"https:\/\/chilimag.hu\/webshop\/wp-json\/wp\/v2\/product_cat?post=28753"},{"taxonomy":"product_tag","embeddable":true,"href":"https:\/\/chilimag.hu\/webshop\/wp-json\/wp\/v2\/product_tag?post=28753"}],"curies":[{"name":"wp","href":"https:\/\/api.w.org\/{rel}","templated":true}]}}