{"id":28749,"date":"2024-02-03T05:43:24","date_gmt":"2024-02-03T05:43:24","guid":{"rendered":"https:\/\/chilimag.hu\/webshop\/?post_type=product&#038;p=28749"},"modified":"2026-02-28T06:11:33","modified_gmt":"2026-02-28T06:11:33","slug":"kaposzta-brunswick-agr-sl","status":"publish","type":"product","link":"https:\/\/chilimag.hu\/webshop\/termek\/kaposzta-brunswick-agr-sl\/","title":{"rendered":"K\u00e1poszta Brunswick AGR SL"},"content":{"rendered":"","protected":false},"excerpt":{"rendered":"<p><img decoding=\"async\" class=\"logo\" src=\"https:\/\/b2b.seklos.lt\/themes\/warehouse\/img\/logo_en.png\" alt=\"Agrofirma S\u0117klos, UAB\" \/><\/p>\n<p>FEH\u00c9R K\u00c1POSZTA BRUNSWICK<br \/>\nK\u00f6z\u00e9pk\u00e9s\u0151i fajta. Az \u00fcltet\u00e9s ut\u00e1n 120-130 napon bel\u00fcl betakar\u00edtj\u00e1k. A fejek szil\u00e1rdak \u00e9s k\u00f6r\u00fclbel\u00fcl 2,5-3,5 kg s\u00faly\u00faak. J\u00f3 \u00edze, magas cukor- \u00e9s vitamintartalma miatt p\u00e1cokhoz kifejezetten aj\u00e1nlott.<\/p>\n<p>Hermetikus csomagol\u00e1s Igen<br \/>\nEgy csomagban l\u00e9v\u0151 mennyis\u00e9g 1 g<br \/>\nMagok sz\u00e1ma grammonk\u00e9nt 250-300<br \/>\nA pal\u00e1nt\u00e1k vet\u00e9si ideje III-IV, 1 cm<br \/>\nT\u00e1vols\u00e1gok, cm IV-V, 50-60&#215;35 cm<br \/>\nSz\u00fcret VIII-IX<br \/>\nAgronom m\u00e1rka<\/p>\n","protected":false},"featured_media":28750,"comment_status":"closed","ping_status":"closed","template":"","meta":[],"product_brand":[],"product_cat":[400],"product_tag":[],"class_list":{"0":"post-28749","1":"product","2":"type-product","3":"status-publish","4":"has-post-thumbnail","6":"product_cat-kaposzta-es-karfiol-vetomagok-agronom","8":"first","9":"instock","10":"taxable","11":"shipping-taxable","12":"purchasable","13":"product-type-simple"},"_links":{"self":[{"href":"https:\/\/chilimag.hu\/webshop\/wp-json\/wp\/v2\/product\/28749","targetHints":{"allow":["GET"]}}],"collection":[{"href":"https:\/\/chilimag.hu\/webshop\/wp-json\/wp\/v2\/product"}],"about":[{"href":"https:\/\/chilimag.hu\/webshop\/wp-json\/wp\/v2\/types\/product"}],"replies":[{"embeddable":true,"href":"https:\/\/chilimag.hu\/webshop\/wp-json\/wp\/v2\/comments?post=28749"}],"wp:featuredmedia":[{"embeddable":true,"href":"https:\/\/chilimag.hu\/webshop\/wp-json\/wp\/v2\/media\/28750"}],"wp:attachment":[{"href":"https:\/\/chilimag.hu\/webshop\/wp-json\/wp\/v2\/media?parent=28749"}],"wp:term":[{"taxonomy":"product_brand","embeddable":true,"href":"https:\/\/chilimag.hu\/webshop\/wp-json\/wp\/v2\/product_brand?post=28749"},{"taxonomy":"product_cat","embeddable":true,"href":"https:\/\/chilimag.hu\/webshop\/wp-json\/wp\/v2\/product_cat?post=28749"},{"taxonomy":"product_tag","embeddable":true,"href":"https:\/\/chilimag.hu\/webshop\/wp-json\/wp\/v2\/product_tag?post=28749"}],"curies":[{"name":"wp","href":"https:\/\/api.w.org\/{rel}","templated":true}]}}