{"id":28731,"date":"2024-02-02T18:59:58","date_gmt":"2024-02-02T18:59:58","guid":{"rendered":"https:\/\/chilimag.hu\/webshop\/?post_type=product&#038;p=28731"},"modified":"2026-01-08T13:41:41","modified_gmt":"2026-01-08T13:41:41","slug":"szerszamos-taska-gt05","status":"publish","type":"product","link":"https:\/\/chilimag.hu\/webshop\/termek\/szerszamos-taska-gt05\/","title":{"rendered":"Szersz\u00e1mos t\u00e1ska GT05"},"content":{"rendered":"","protected":false},"excerpt":{"rendered":"<p>Kerti szersz\u00e1mos t\u00e1ska, k\u00f6r alak\u00fa, z\u00f6ld-barna szinten, h\u00edmz\u00e9ssel.<br \/>\nA t\u00e1sk\u00e1t szersz\u00e1mok n\u00e9lk\u00fcl sz\u00e1ll\u00edtjuk.<br \/>\nM\u00e9rete: magass\u00e1ga 26 cm, magass\u00e1ga 42 cm, \u00e1tm\u00e9r\u0151je 27 cm.<\/p>\n","protected":false},"featured_media":28732,"comment_status":"closed","ping_status":"closed","template":"","meta":[],"product_brand":[],"product_cat":[448],"product_tag":[],"class_list":{"0":"post-28731","1":"product","2":"type-product","3":"status-publish","4":"has-post-thumbnail","6":"product_cat-kerti-ruhazat-es-kiegeszitok","8":"first","9":"instock","10":"taxable","11":"shipping-taxable","12":"purchasable","13":"product-type-simple"},"_links":{"self":[{"href":"https:\/\/chilimag.hu\/webshop\/wp-json\/wp\/v2\/product\/28731","targetHints":{"allow":["GET"]}}],"collection":[{"href":"https:\/\/chilimag.hu\/webshop\/wp-json\/wp\/v2\/product"}],"about":[{"href":"https:\/\/chilimag.hu\/webshop\/wp-json\/wp\/v2\/types\/product"}],"replies":[{"embeddable":true,"href":"https:\/\/chilimag.hu\/webshop\/wp-json\/wp\/v2\/comments?post=28731"}],"wp:featuredmedia":[{"embeddable":true,"href":"https:\/\/chilimag.hu\/webshop\/wp-json\/wp\/v2\/media\/28732"}],"wp:attachment":[{"href":"https:\/\/chilimag.hu\/webshop\/wp-json\/wp\/v2\/media?parent=28731"}],"wp:term":[{"taxonomy":"product_brand","embeddable":true,"href":"https:\/\/chilimag.hu\/webshop\/wp-json\/wp\/v2\/product_brand?post=28731"},{"taxonomy":"product_cat","embeddable":true,"href":"https:\/\/chilimag.hu\/webshop\/wp-json\/wp\/v2\/product_cat?post=28731"},{"taxonomy":"product_tag","embeddable":true,"href":"https:\/\/chilimag.hu\/webshop\/wp-json\/wp\/v2\/product_tag?post=28731"}],"curies":[{"name":"wp","href":"https:\/\/api.w.org\/{rel}","templated":true}]}}