{"id":28689,"date":"2024-02-01T20:34:47","date_gmt":"2024-02-01T20:34:47","guid":{"rendered":"https:\/\/chilimag.hu\/webshop\/?post_type=product&#038;p=28689"},"modified":"2024-02-01T20:34:47","modified_gmt":"2024-02-01T20:34:47","slug":"szerszamtarto-szek-gt85","status":"publish","type":"product","link":"https:\/\/chilimag.hu\/webshop\/termek\/szerszamtarto-szek-gt85\/","title":{"rendered":"Szersz\u00e1mtart\u00f3 sz\u00e9k (GT85)"},"content":{"rendered":"","protected":false},"excerpt":{"rendered":"<p>Kihajthat\u00f3 z\u00f6ld \u00e9s sz\u00fcrke sz\u00edn\u0171 kerti szersz\u00e1mos sz\u00e9k, nagy zsebekkel a szersz\u00e1mok sz\u00e1m\u00e1ra.<br \/>\nSzersz\u00e1mok n\u00e9lk\u0171l sz\u00e1ll\u00edtjuk.<br \/>\nM\u00e9rete magfas\u00e1ga 30 cm, sz\u00e9less\u00e9ge 40 cm, sz\u00e9less\u00e9ge 30 cm.<\/p>\n","protected":false},"featured_media":28690,"comment_status":"closed","ping_status":"closed","template":"","meta":[],"product_brand":[],"product_cat":[448],"product_tag":[],"class_list":{"0":"post-28689","1":"product","2":"type-product","3":"status-publish","4":"has-post-thumbnail","6":"product_cat-kerti-ruhazat-es-kiegeszitok","8":"first","9":"instock","10":"taxable","11":"shipping-taxable","12":"purchasable","13":"product-type-simple"},"_links":{"self":[{"href":"https:\/\/chilimag.hu\/webshop\/wp-json\/wp\/v2\/product\/28689","targetHints":{"allow":["GET"]}}],"collection":[{"href":"https:\/\/chilimag.hu\/webshop\/wp-json\/wp\/v2\/product"}],"about":[{"href":"https:\/\/chilimag.hu\/webshop\/wp-json\/wp\/v2\/types\/product"}],"replies":[{"embeddable":true,"href":"https:\/\/chilimag.hu\/webshop\/wp-json\/wp\/v2\/comments?post=28689"}],"wp:featuredmedia":[{"embeddable":true,"href":"https:\/\/chilimag.hu\/webshop\/wp-json\/wp\/v2\/media\/28690"}],"wp:attachment":[{"href":"https:\/\/chilimag.hu\/webshop\/wp-json\/wp\/v2\/media?parent=28689"}],"wp:term":[{"taxonomy":"product_brand","embeddable":true,"href":"https:\/\/chilimag.hu\/webshop\/wp-json\/wp\/v2\/product_brand?post=28689"},{"taxonomy":"product_cat","embeddable":true,"href":"https:\/\/chilimag.hu\/webshop\/wp-json\/wp\/v2\/product_cat?post=28689"},{"taxonomy":"product_tag","embeddable":true,"href":"https:\/\/chilimag.hu\/webshop\/wp-json\/wp\/v2\/product_tag?post=28689"}],"curies":[{"name":"wp","href":"https:\/\/api.w.org\/{rel}","templated":true}]}}