{"id":28670,"date":"2024-02-01T17:28:44","date_gmt":"2024-02-01T17:28:44","guid":{"rendered":"https:\/\/chilimag.hu\/webshop\/?post_type=product&#038;p=28670"},"modified":"2025-08-11T15:36:05","modified_gmt":"2025-08-11T15:36:05","slug":"sicuro-f1-paradicsom","status":"publish","type":"product","link":"https:\/\/chilimag.hu\/webshop\/termek\/sicuro-f1-paradicsom\/","title":{"rendered":"Sicuro F1 Paradicsom"},"content":{"rendered":"","protected":false},"excerpt":{"rendered":"<p><a id=\"logo\" class=\"retina\" title=\"Cora Seeds\" href=\"https:\/\/www.coraseeds.com\/en\/homepage\" data-height=\"60\" data-padding=\"15\"><img decoding=\"async\" class=\"logo-main scale-with-grid \" src=\"https:\/\/www.coraseeds.com\/wp-content\/uploads\/2019\/01\/cora-234-100.png\" alt=\"cora-234-100\" data-retina=\"https:\/\/www.coraseeds.com\/wp-content\/uploads\/2019\/01\/cora-234-100.png\" data-height=\"100\" data-no-retina=\"\" \/><\/a><\/p>\n<p>&nbsp;<\/p>\n<p>Le\u00edr\u00e1s<\/p>\n<p>\u00cdzletes kokt\u00e9lparadicsom<\/p>\n<p>kerek alak\u00fa, 25\/30 grammos \u00e1tlagos t\u00f6meg\u0171, nagyon kem\u00e9ny, \u00e9l\u00e9nkpiros sz\u00edn\u0171, kiv\u00e1l\u00f3 \u00edz\u0171, halcsont f\u00fcrt\u00f6s, 12-16 term\u00e9ssel, s\u00f6t\u00e9tz\u00f6ld cs\u00e9szelevelekkel;<\/p>\n<p>Felhaszn\u00e1l\u00e1s: kokt\u00e9lparadicsom, friss piac a f\u00fcrtbetakar\u00edt\u00e1shoz;<\/p>\n<p>Ciklus: korai, t\u00e9li \u00e9s tavaszi \u00e1t\u00fcltet\u00e9sre javasolt;<\/p>\n<p>N\u00f6v\u00e9ny: er\u0151teljes, j\u00f3 fed\u0151k\u00e9pess\u00e9g\u0171, r\u00f6vid intern\u00f3diumok;<\/p>\n<p>Gy\u00fcm\u00f6lcse: kerek alak\u00fa, 25\/30 grammos \u00e1tlagos t\u00f6meg\u0171, nagyon kem\u00e9ny, \u00e9l\u00e9nkpiros sz\u00edn\u0171, kiv\u00e1l\u00f3 \u00edz\u0171, halcsont f\u00fcrt\u00f6s, 12-16 term\u00e9ssel, s\u00f6t\u00e9tz\u00f6ld cs\u00e9szelevelekkel;<\/p>\n<p>Ellen\u00e1ll\u00f3: HR V\/ Fol: 1-2\/ ToMV\/ Ff; IR Ma\/ Mi\/ Mj\/ TYLCV\/ TSWV;<\/p>\n<p>Megjegyz\u00e9s: ny\u00e1ri fajta tavaszi \u00e1t\u00fcltet\u00e9sre.<\/p>\n<p>Gondoz\u00e1sa:A\u00a0paradicsomot, \u00fcvegh\u00e1zban vagy a szabadban termesztheti. Az optim\u00e1lis cs\u00edr\u00e1z\u00e1si h\u0151m\u00e9rs\u00e9klet 20 \u00e9s 25\u00b0C k\u00f6z\u00f6tt van, a cs\u00edr\u00e1z\u00e1s 8-14 nap ut\u00e1n k\u00f6vetkezik be. Felgyors\u00edthatja a cs\u00edr\u00e1z\u00e1si folyamatot, ha a magokat egy \u00e9jszak\u00e1n \u00e1t nedves ruh\u00e1ban hagyja \u00e1zni. V\u00e1rjon az utols\u00f3 fagy ut\u00e1n a kiv\u00e1lasztott n\u00f6v\u00e9nyek \u00fcltet\u00e9s\u00e9vel.<\/p>\n<p>A paradicsomnak friss, j\u00f3l tr\u00e1gy\u00e1zott, v\u00edz\u00e1tereszt\u0151 talajra van sz\u00fcks\u00e9ge, amelyet nedvesen (de nem nedvesen!) kell tartani. Napos, v\u00e9dett helyre \u00fcltess\u00fck, ahol legal\u00e1bb 6 \u00f3ra \u2013 lehet\u0151leg t\u00f6bb napf\u00e9ny \u00e9ri.<\/p>\n<p>A csomag 10 szem magot tartalmaz<\/p>\n","protected":false},"featured_media":28671,"comment_status":"closed","ping_status":"closed","template":"","meta":[],"product_brand":[],"product_cat":[10],"product_tag":[],"class_list":{"0":"post-28670","1":"product","2":"type-product","3":"status-publish","4":"has-post-thumbnail","6":"product_cat-paradicsom","8":"first","9":"instock","10":"taxable","11":"shipping-taxable","12":"purchasable","13":"product-type-simple"},"_links":{"self":[{"href":"https:\/\/chilimag.hu\/webshop\/wp-json\/wp\/v2\/product\/28670","targetHints":{"allow":["GET"]}}],"collection":[{"href":"https:\/\/chilimag.hu\/webshop\/wp-json\/wp\/v2\/product"}],"about":[{"href":"https:\/\/chilimag.hu\/webshop\/wp-json\/wp\/v2\/types\/product"}],"replies":[{"embeddable":true,"href":"https:\/\/chilimag.hu\/webshop\/wp-json\/wp\/v2\/comments?post=28670"}],"wp:featuredmedia":[{"embeddable":true,"href":"https:\/\/chilimag.hu\/webshop\/wp-json\/wp\/v2\/media\/28671"}],"wp:attachment":[{"href":"https:\/\/chilimag.hu\/webshop\/wp-json\/wp\/v2\/media?parent=28670"}],"wp:term":[{"taxonomy":"product_brand","embeddable":true,"href":"https:\/\/chilimag.hu\/webshop\/wp-json\/wp\/v2\/product_brand?post=28670"},{"taxonomy":"product_cat","embeddable":true,"href":"https:\/\/chilimag.hu\/webshop\/wp-json\/wp\/v2\/product_cat?post=28670"},{"taxonomy":"product_tag","embeddable":true,"href":"https:\/\/chilimag.hu\/webshop\/wp-json\/wp\/v2\/product_tag?post=28670"}],"curies":[{"name":"wp","href":"https:\/\/api.w.org\/{rel}","templated":true}]}}