{"id":28621,"date":"2024-01-31T20:19:04","date_gmt":"2024-01-31T20:19:04","guid":{"rendered":"https:\/\/chilimag.hu\/webshop\/?post_type=product&#038;p=28621"},"modified":"2024-02-02T17:18:56","modified_gmt":"2024-02-02T17:18:56","slug":"rozsa-mintas-kerti-szerszamos-ovtaska-rd38","status":"publish","type":"product","link":"https:\/\/chilimag.hu\/webshop\/termek\/rozsa-mintas-kerti-szerszamos-ovtaska-rd38\/","title":{"rendered":"R\u00f3zsa mint\u00e1s kerti szersz\u00e1mos \u00f6vt\u00e1ska RD38"},"content":{"rendered":"","protected":false},"excerpt":{"rendered":"<div class=\"elementor-element elementor-element-5edaf704 elementor-widget elementor-widget-woocommerce-product-short-description\" data-id=\"5edaf704\" data-element_type=\"widget\" data-widget_type=\"woocommerce-product-short-description.default\">\n<div class=\"elementor-widget-container optml-bg-lazyloaded\">\n<div class=\"woocommerce-product-details__short-description\">\n<p>R\u00f3zsa mint\u00e1s \u00f6vt\u00e1ska kert\u00e9szked\u00e9shez<br \/>\nSzersz\u00e1mok n\u00e9lk\u00fcl sz\u00e1ll\u00edtjuk<br \/>\nM\u00e9retei sz\u00e9less\u00e9ge 46 cm, vastags\u00e1ga 1 cm, magass\u00e1ga 34 cm.<\/p>\n<\/div>\n<\/div>\n<\/div>\n<div class=\"elementor-element elementor-element-28319ae4 elementor-product-price-block-yes elementor-widget elementor-widget-woocommerce-product-price\" data-id=\"28319ae4\" data-element_type=\"widget\" data-widget_type=\"woocommerce-product-price.default\">\n<div class=\"elementor-widget-container optml-bg-lazyloaded\">\n<p>&nbsp;<\/p>\n<\/div>\n<\/div>\n","protected":false},"featured_media":28706,"comment_status":"closed","ping_status":"closed","template":"","meta":[],"product_brand":[],"product_cat":[448],"product_tag":[],"class_list":{"0":"post-28621","1":"product","2":"type-product","3":"status-publish","4":"has-post-thumbnail","6":"product_cat-kerti-ruhazat-es-kiegeszitok","8":"first","9":"instock","10":"taxable","11":"shipping-taxable","12":"purchasable","13":"product-type-simple"},"_links":{"self":[{"href":"https:\/\/chilimag.hu\/webshop\/wp-json\/wp\/v2\/product\/28621","targetHints":{"allow":["GET"]}}],"collection":[{"href":"https:\/\/chilimag.hu\/webshop\/wp-json\/wp\/v2\/product"}],"about":[{"href":"https:\/\/chilimag.hu\/webshop\/wp-json\/wp\/v2\/types\/product"}],"replies":[{"embeddable":true,"href":"https:\/\/chilimag.hu\/webshop\/wp-json\/wp\/v2\/comments?post=28621"}],"wp:featuredmedia":[{"embeddable":true,"href":"https:\/\/chilimag.hu\/webshop\/wp-json\/wp\/v2\/media\/28706"}],"wp:attachment":[{"href":"https:\/\/chilimag.hu\/webshop\/wp-json\/wp\/v2\/media?parent=28621"}],"wp:term":[{"taxonomy":"product_brand","embeddable":true,"href":"https:\/\/chilimag.hu\/webshop\/wp-json\/wp\/v2\/product_brand?post=28621"},{"taxonomy":"product_cat","embeddable":true,"href":"https:\/\/chilimag.hu\/webshop\/wp-json\/wp\/v2\/product_cat?post=28621"},{"taxonomy":"product_tag","embeddable":true,"href":"https:\/\/chilimag.hu\/webshop\/wp-json\/wp\/v2\/product_tag?post=28621"}],"curies":[{"name":"wp","href":"https:\/\/api.w.org\/{rel}","templated":true}]}}