{"id":286,"date":"2014-11-09T17:36:12","date_gmt":"2014-11-09T17:36:12","guid":{"rendered":"https:\/\/chilimag.hu\/webshop\/?post_type=product&#038;p=286"},"modified":"2025-08-11T09:21:58","modified_gmt":"2025-08-11T09:21:58","slug":"peguin","status":"publish","type":"product","link":"https:\/\/chilimag.hu\/webshop\/termek\/peguin\/","title":{"rendered":"Pequin"},"content":{"rendered":"","protected":false},"excerpt":{"rendered":"<p><img decoding=\"async\" src=\"https:\/\/chilimag.hu\/webshop\/wp-content\/uploads\/2014\/11\/chilimag-logo-2-150x150.jpg\" \/><\/p>\n<p>&nbsp;<\/p>\n<p>Le\u00edr\u00e1s<\/p>\n<p>A pequin vagy piquin paprika a vad chiltepin vagy tepin paprika termesztett form\u00e1ja, amely apr\u00f3, hossz\u00fak\u00e1s gy\u00fcm\u00f6lcs\u00f6ket hoz. A fajta K\u00f6z\u00e9p-Amerik\u00e1b\u00f3l (Mexik\u00f3) is sz\u00e1rmazik, \u00e9s n\u00e9ha \u201emad\u00e1rpaprik\u00e1nak\u201d is nevezik, mivel a madarak nagyon szeretik a n\u00f6v\u00e9ny gy\u00fcm\u00f6lcs\u00e9t fogyasztani. A madarak immunisak a chili paprik\u00e1ban tal\u00e1lhat\u00f3 kapszaicinre, ez\u00e9rt \u0151k a n\u00f6v\u00e9ny magjainak f\u0151 szapor\u00edt\u00f3i.<\/p>\n<p>Az egy\u00e9rtelm\u0171en el\u00e1gaz\u00f3 pequin n\u00f6v\u00e9ny 100-200 paprika k\u00f6z\u00f6tti medv\u00e9vel, dekorat\u00edv l\u00e1tv\u00e1nyt var\u00e1zsol terasz\u00e1n vagy nappalij\u00e1ban. Csak\u00fagy, mint a tepin chili n\u00f6v\u00e9nyt, ezt is \u00e9rdemes visszav\u00e1gni \u00e9s t\u00e9len \u00e1t tartani. A k\u00f6r\u00fclbel\u00fcl 4 cm hossz\u00fa paprika z\u00f6ldr\u0151l pirosra \u00e9rik, \u00e9s felfel\u00e9 n\u0151 a n\u00f6v\u00e9nyr\u0151l, ak\u00e1rcsak a tabasco chili. Tele vannak \u00edzekkel, \u00e9s ak\u00e1r sz\u00e1r\u00edthat\u00f3k, ak\u00e1r p\u00f6rk\u00f6ltekhez, sals\u00e1khoz vagy sz\u00f3szokhoz haszn\u00e1lhat\u00f3k.<\/p>\n<p>Gondoz\u00e1sa: A cs\u00edr\u00e1z\u00e1si h\u0151m\u00e9rs\u00e9klet 24\u00b0C \u00e9s 30\u00b0C k\u00f6z\u00f6tt van (cs\u00edr\u00e1z\u00e1si id\u0151: 10-26 nap); ez\u00e9rt \u00fcvegh\u00e1z \u00e9s f\u0171t\u0151sz\u0151nyeg haszn\u00e1lata javasolt. A n\u00f6v\u00e9nyeknek friss, j\u00f3l tr\u00e1gy\u00e1zott, v\u00edz\u00e1tereszt\u0151 talajra van sz\u00fcks\u00e9g\u00fck, nem t\u0171rik a bevizesed\u00e9st. Napos, v\u00e9dett helyre kell \u00fcltetni, ahol legal\u00e1bb 6 \u00f3ra napf\u00e9ny \u2013 lehet\u0151leg t\u00f6bb. Mivel a n\u00f6v\u00e9nyeknek k\u00fcl\u00f6n\u00f6sen hossz\u00fa az \u00e9r\u00e9si ideje, \u00e9rdemes cser\u00e9pben termeszteni \u0151ket, \u00edgy a napk\u00f6zbeni h\u0151m\u00e9rs\u00e9klet 12\u00b0C al\u00e1 s\u00fcllyed\u00e9sekor k\u00f6nnyen be lehet vinni a n\u00f6v\u00e9nyt, \u00edgy minden gy\u00fcm\u00f6lcs be\u00e9rik. Ahhoz, hogy a n\u00f6v\u00e9nyt t\u00e9len is meg\u0151rizze, betakar\u00edt\u00e1s ut\u00e1n v\u00e1gja vissza 20 cm-rel, \u00e9s tegye vil\u00e1gos helyre, ahol legal\u00e1bb 15\u00b0C h\u0151m\u00e9rs\u00e9klet\u0171.<\/p>\n<p>Capsicum annuum t\u00edpus<br \/>\nF\u0171szerszint 9<br \/>\nScoville 50 000 \u2013 90 000 SHU<br \/>\nOptim\u00e1lis cs\u00edr\u00e1z\u00e1si h\u0151m\u00e9rs\u00e9klet 24 &#8211; 30 \u00b0C<br \/>\nVet\u00e9s dec \u2013 \u00e1pr<br \/>\nFeh\u00e9r vir\u00e1gok (j\u00fan-augusztus)<br \/>\nN\u00f6veked\u00e9si szok\u00e1sa Cserjeszer\u0171, el\u00e1gaz\u00f3, 60-80 cm magas<br \/>\n\u00c9rlel\u00e9s Z\u00f6ldt\u0151l v\u00f6r\u00f6sig<br \/>\nGy\u00fcm\u00f6lcs megjelen\u00e9se Kicsi, hossz\u00fak\u00e1s paprika, kb. 1 x 4 cm<br \/>\n\u00c9rlel\u00e9si id\u0151 80-110 nap<br \/>\nSz\u00e1rmaz\u00e1si hely Mexik\u00f3<\/p>\n<p>&nbsp;<\/p>\n<p>A csomag 10 szem \u00a0magot tartalmaz<\/p>\n","protected":false},"featured_media":287,"comment_status":"open","ping_status":"closed","template":"","meta":[],"product_brand":[],"product_cat":[8],"product_tag":[],"class_list":{"0":"post-286","1":"product","2":"type-product","3":"status-publish","4":"has-post-thumbnail","6":"product_cat-paprika","8":"first","9":"instock","10":"taxable","11":"shipping-taxable","12":"purchasable","13":"product-type-simple"},"_links":{"self":[{"href":"https:\/\/chilimag.hu\/webshop\/wp-json\/wp\/v2\/product\/286","targetHints":{"allow":["GET"]}}],"collection":[{"href":"https:\/\/chilimag.hu\/webshop\/wp-json\/wp\/v2\/product"}],"about":[{"href":"https:\/\/chilimag.hu\/webshop\/wp-json\/wp\/v2\/types\/product"}],"replies":[{"embeddable":true,"href":"https:\/\/chilimag.hu\/webshop\/wp-json\/wp\/v2\/comments?post=286"}],"wp:featuredmedia":[{"embeddable":true,"href":"https:\/\/chilimag.hu\/webshop\/wp-json\/wp\/v2\/media\/287"}],"wp:attachment":[{"href":"https:\/\/chilimag.hu\/webshop\/wp-json\/wp\/v2\/media?parent=286"}],"wp:term":[{"taxonomy":"product_brand","embeddable":true,"href":"https:\/\/chilimag.hu\/webshop\/wp-json\/wp\/v2\/product_brand?post=286"},{"taxonomy":"product_cat","embeddable":true,"href":"https:\/\/chilimag.hu\/webshop\/wp-json\/wp\/v2\/product_cat?post=286"},{"taxonomy":"product_tag","embeddable":true,"href":"https:\/\/chilimag.hu\/webshop\/wp-json\/wp\/v2\/product_tag?post=286"}],"curies":[{"name":"wp","href":"https:\/\/api.w.org\/{rel}","templated":true}]}}