{"id":28582,"date":"2024-01-31T11:51:04","date_gmt":"2024-01-31T11:51:04","guid":{"rendered":"https:\/\/chilimag.hu\/webshop\/?post_type=product&#038;p=28582"},"modified":"2026-03-23T07:44:37","modified_gmt":"2026-03-23T07:44:37","slug":"vinka-rozsas-meteng-pannon-rk","status":"publish","type":"product","link":"https:\/\/chilimag.hu\/webshop\/termek\/vinka-rozsas-meteng-pannon-rk\/","title":{"rendered":"Vinka (R\u00f3zs\u00e1s met\u00e9ng) Pannon RK"},"content":{"rendered":"","protected":false},"excerpt":{"rendered":"<p>A vir\u00e1gok sz\u00edne a feh\u00e9rt\u0151l a s\u00f6t\u00e9tr\u00f3zsasz\u00ednig terjed. \u00dcltethetj\u00fck napf\u00e9nyes vir\u00e1g\u00e1gyba, cser\u00e9pbe \u00e9s balkonl\u00e1d\u00e1ba. T\u0151zeg alap\u00fa f\u00f6ldkever\u00e9ket \u00e9s rendszeres \u00f6nt\u00f6z\u00e9st ig\u00e9nyel. Tipp: A d\u00fasabb el\u00e1gaz\u00f3d\u00e1s \u00e9rdek\u00e9ben \u00e9rdemes visszacs\u00edpni a hajt\u00e1sokat.<\/p>\n<p>A csomag 0,25 gr magot tartalmaz<\/p>\n","protected":false},"featured_media":28583,"comment_status":"closed","ping_status":"closed","template":"","meta":[],"product_brand":[],"product_cat":[433],"product_tag":[],"class_list":{"0":"post-28582","1":"product","2":"type-product","3":"status-publish","4":"has-post-thumbnail","6":"product_cat-virag-vetomagok","8":"first","9":"instock","10":"taxable","11":"shipping-taxable","12":"purchasable","13":"product-type-simple"},"_links":{"self":[{"href":"https:\/\/chilimag.hu\/webshop\/wp-json\/wp\/v2\/product\/28582","targetHints":{"allow":["GET"]}}],"collection":[{"href":"https:\/\/chilimag.hu\/webshop\/wp-json\/wp\/v2\/product"}],"about":[{"href":"https:\/\/chilimag.hu\/webshop\/wp-json\/wp\/v2\/types\/product"}],"replies":[{"embeddable":true,"href":"https:\/\/chilimag.hu\/webshop\/wp-json\/wp\/v2\/comments?post=28582"}],"wp:featuredmedia":[{"embeddable":true,"href":"https:\/\/chilimag.hu\/webshop\/wp-json\/wp\/v2\/media\/28583"}],"wp:attachment":[{"href":"https:\/\/chilimag.hu\/webshop\/wp-json\/wp\/v2\/media?parent=28582"}],"wp:term":[{"taxonomy":"product_brand","embeddable":true,"href":"https:\/\/chilimag.hu\/webshop\/wp-json\/wp\/v2\/product_brand?post=28582"},{"taxonomy":"product_cat","embeddable":true,"href":"https:\/\/chilimag.hu\/webshop\/wp-json\/wp\/v2\/product_cat?post=28582"},{"taxonomy":"product_tag","embeddable":true,"href":"https:\/\/chilimag.hu\/webshop\/wp-json\/wp\/v2\/product_tag?post=28582"}],"curies":[{"name":"wp","href":"https:\/\/api.w.org\/{rel}","templated":true}]}}