{"id":28354,"date":"2024-01-30T18:30:25","date_gmt":"2024-01-30T18:30:25","guid":{"rendered":"https:\/\/chilimag.hu\/webshop\/?post_type=product&#038;p=28354"},"modified":"2025-01-02T20:04:40","modified_gmt":"2025-01-02T20:04:40","slug":"mehecske-mintas-terdelo-parna-bee029","status":"publish","type":"product","link":"https:\/\/chilimag.hu\/webshop\/termek\/mehecske-mintas-terdelo-parna-bee029\/","title":{"rendered":"M\u00e9hecske mint\u00e1s t\u00e9rdel\u0151 p\u00e1rna (BEE029)"},"content":{"rendered":"","protected":false},"excerpt":{"rendered":"<p>Kerti t\u00e9rdel\u0151 p\u00e1rna m\u00e9hecske mint\u00e1val, fog\u00f3val, Praktikus term\u00e9k, amely nagyban seg\u00edti a kertben v\u00e9gzett f\u00e1rads\u00e1gos munk\u00e1t. Megv\u00e9di a t\u00e9rdeket a hidegt\u0151l, k\u00e9nyelmetlen \u00e9s egyenletlen talajt\u00f3l. A rajta l\u00e9v\u0151 praktikus akaszt\u00f3nak k\u00f6sz\u00f6nhet\u0151en haszn\u00e1laton k\u00edv\u00fcl b\u00e1rhov\u00e1 feltehet\u0151. Kiv\u00e1l\u00f3 aj\u00e1nd\u00e9k \u00f6tlet a kert\u00e9szet szerelmeseinek.<\/p>\n<p>&nbsp;<\/p>\n<p>M\u00e9rete: magass\u00e1g: 39,6\u00a0cm, sz\u00e9less\u00e9g: 27,2\u00a0cm, m\u00e9lys\u00e9g: 5,3\u00a0cm.<\/p>\n","protected":false},"featured_media":28355,"comment_status":"closed","ping_status":"closed","template":"","meta":[],"product_brand":[],"product_cat":[448],"product_tag":[],"class_list":{"0":"post-28354","1":"product","2":"type-product","3":"status-publish","4":"has-post-thumbnail","6":"product_cat-kerti-ruhazat-es-kiegeszitok","8":"first","9":"instock","10":"taxable","11":"shipping-taxable","12":"purchasable","13":"product-type-simple"},"_links":{"self":[{"href":"https:\/\/chilimag.hu\/webshop\/wp-json\/wp\/v2\/product\/28354","targetHints":{"allow":["GET"]}}],"collection":[{"href":"https:\/\/chilimag.hu\/webshop\/wp-json\/wp\/v2\/product"}],"about":[{"href":"https:\/\/chilimag.hu\/webshop\/wp-json\/wp\/v2\/types\/product"}],"replies":[{"embeddable":true,"href":"https:\/\/chilimag.hu\/webshop\/wp-json\/wp\/v2\/comments?post=28354"}],"wp:featuredmedia":[{"embeddable":true,"href":"https:\/\/chilimag.hu\/webshop\/wp-json\/wp\/v2\/media\/28355"}],"wp:attachment":[{"href":"https:\/\/chilimag.hu\/webshop\/wp-json\/wp\/v2\/media?parent=28354"}],"wp:term":[{"taxonomy":"product_brand","embeddable":true,"href":"https:\/\/chilimag.hu\/webshop\/wp-json\/wp\/v2\/product_brand?post=28354"},{"taxonomy":"product_cat","embeddable":true,"href":"https:\/\/chilimag.hu\/webshop\/wp-json\/wp\/v2\/product_cat?post=28354"},{"taxonomy":"product_tag","embeddable":true,"href":"https:\/\/chilimag.hu\/webshop\/wp-json\/wp\/v2\/product_tag?post=28354"}],"curies":[{"name":"wp","href":"https:\/\/api.w.org\/{rel}","templated":true}]}}