{"id":28107,"date":"2024-01-27T18:32:10","date_gmt":"2024-01-27T18:32:10","guid":{"rendered":"https:\/\/chilimag.hu\/webshop\/?post_type=product&#038;p=28107"},"modified":"2026-02-12T10:41:35","modified_gmt":"2026-02-12T10:41:35","slug":"sogo-mini-uveghaz-18-fero-helyes-h","status":"publish","type":"product","link":"https:\/\/chilimag.hu\/webshop\/termek\/sogo-mini-uveghaz-18-fero-helyes-h\/","title":{"rendered":"Sogo Mini \u00fcvegh\u00e1z 18-f\u00e9r\u0151 helyes H"},"content":{"rendered":"","protected":false},"excerpt":{"rendered":"<p>Ez az \u00fcvegh\u00e1z kiv\u00e1l\u00f3an alkalmas magvak \u00e9s dugv\u00e1nyok termeszt\u00e9s\u00e9re. A kont\u00e9ner a legt\u00f6bb ablakp\u00e1rk\u00e1nyra illeszkedik, az \u00e1tl\u00e1tsz\u00f3 motorh\u00e1ztet\u0151 pedig optim\u00e1lis k\u00f6rnyezetet teremt f\u00e9nnyel \u00e9s meleggel. Az ed\u00e9nyek szell\u0151v\u00e9 teszik az \u00e1t\u00fcltet\u00e9st; nem s\u00e9r\u00fclnek a gy\u00f6kerek, \u00e9s a talajban lebomlanak.<br \/>\n* \u00dajrahasznos\u00edtott anyag<br \/>\n* Tart\u00f3s<\/p>\n","protected":false},"featured_media":28108,"comment_status":"closed","ping_status":"closed","template":"","meta":[],"product_brand":[],"product_cat":[336],"product_tag":[],"class_list":{"0":"post-28107","1":"product","2":"type-product","3":"status-publish","4":"has-post-thumbnail","6":"product_cat-vetotalcak-ulteto-cserepek-es-palanta-nevelok","8":"first","9":"instock","10":"featured","11":"taxable","12":"shipping-taxable","13":"purchasable","14":"product-type-simple"},"_links":{"self":[{"href":"https:\/\/chilimag.hu\/webshop\/wp-json\/wp\/v2\/product\/28107","targetHints":{"allow":["GET"]}}],"collection":[{"href":"https:\/\/chilimag.hu\/webshop\/wp-json\/wp\/v2\/product"}],"about":[{"href":"https:\/\/chilimag.hu\/webshop\/wp-json\/wp\/v2\/types\/product"}],"replies":[{"embeddable":true,"href":"https:\/\/chilimag.hu\/webshop\/wp-json\/wp\/v2\/comments?post=28107"}],"wp:featuredmedia":[{"embeddable":true,"href":"https:\/\/chilimag.hu\/webshop\/wp-json\/wp\/v2\/media\/28108"}],"wp:attachment":[{"href":"https:\/\/chilimag.hu\/webshop\/wp-json\/wp\/v2\/media?parent=28107"}],"wp:term":[{"taxonomy":"product_brand","embeddable":true,"href":"https:\/\/chilimag.hu\/webshop\/wp-json\/wp\/v2\/product_brand?post=28107"},{"taxonomy":"product_cat","embeddable":true,"href":"https:\/\/chilimag.hu\/webshop\/wp-json\/wp\/v2\/product_cat?post=28107"},{"taxonomy":"product_tag","embeddable":true,"href":"https:\/\/chilimag.hu\/webshop\/wp-json\/wp\/v2\/product_tag?post=28107"}],"curies":[{"name":"wp","href":"https:\/\/api.w.org\/{rel}","templated":true}]}}