{"id":27636,"date":"2024-01-26T05:47:36","date_gmt":"2024-01-26T05:47:36","guid":{"rendered":"https:\/\/chilimag.hu\/webshop\/?post_type=product&#038;p=27636"},"modified":"2025-01-02T20:05:21","modified_gmt":"2025-01-02T20:05:21","slug":"vodor-mehecske-mintaval-5-l-bee033","status":"publish","type":"product","link":"https:\/\/chilimag.hu\/webshop\/termek\/vodor-mehecske-mintaval-5-l-bee033\/","title":{"rendered":"M\u00e9hecske mint\u00e1s v\u00f6d\u00f6r 5 L (BEE033)"},"content":{"rendered":"","protected":false},"excerpt":{"rendered":"<p>M\u00e9hecske mint\u00e1s 5 literes f\u00e9m v\u00f6d\u00f6r fa foganty\u00faval. Hasznos t\u00e1rs a kerti munk\u00e1latokban, legyen sz\u00f3 v\u00edzhord\u00e1sr\u00f3l, szersz\u00e1mt\u00e1rol\u00e1sr\u00f3l vagy ak\u00e1r \u00fcltet\u00e9sr\u0151l. K\u00fcl\u00f6nlegesen mint\u00e1j\u00e1nak k\u00f6sz\u00f6nhet\u0151en st\u00edlusosan mutat b\u00e1rmely funkci\u00f3t ell\u00e1tva.<\/p>\n<p>&nbsp;<\/p>\n<p>M\u00e9rete: magass\u00e1g: 19,5 cm, sz\u00e9less\u00e9g: 27 cm, m\u00e9lys\u00e9g: 25,7 cm<\/p>\n","protected":false},"featured_media":27637,"comment_status":"closed","ping_status":"closed","template":"","meta":[],"product_brand":[],"product_cat":[467],"product_tag":[],"class_list":{"0":"post-27636","1":"product","2":"type-product","3":"status-publish","4":"has-post-thumbnail","6":"product_cat-locsolas-viz-es-talaj-vizsgalo-eszkozok","8":"first","9":"instock","10":"taxable","11":"shipping-taxable","12":"purchasable","13":"product-type-simple"},"_links":{"self":[{"href":"https:\/\/chilimag.hu\/webshop\/wp-json\/wp\/v2\/product\/27636","targetHints":{"allow":["GET"]}}],"collection":[{"href":"https:\/\/chilimag.hu\/webshop\/wp-json\/wp\/v2\/product"}],"about":[{"href":"https:\/\/chilimag.hu\/webshop\/wp-json\/wp\/v2\/types\/product"}],"replies":[{"embeddable":true,"href":"https:\/\/chilimag.hu\/webshop\/wp-json\/wp\/v2\/comments?post=27636"}],"wp:featuredmedia":[{"embeddable":true,"href":"https:\/\/chilimag.hu\/webshop\/wp-json\/wp\/v2\/media\/27637"}],"wp:attachment":[{"href":"https:\/\/chilimag.hu\/webshop\/wp-json\/wp\/v2\/media?parent=27636"}],"wp:term":[{"taxonomy":"product_brand","embeddable":true,"href":"https:\/\/chilimag.hu\/webshop\/wp-json\/wp\/v2\/product_brand?post=27636"},{"taxonomy":"product_cat","embeddable":true,"href":"https:\/\/chilimag.hu\/webshop\/wp-json\/wp\/v2\/product_cat?post=27636"},{"taxonomy":"product_tag","embeddable":true,"href":"https:\/\/chilimag.hu\/webshop\/wp-json\/wp\/v2\/product_tag?post=27636"}],"curies":[{"name":"wp","href":"https:\/\/api.w.org\/{rel}","templated":true}]}}