{"id":27634,"date":"2024-01-26T05:44:10","date_gmt":"2024-01-26T05:44:10","guid":{"rendered":"https:\/\/chilimag.hu\/webshop\/?post_type=product&#038;p=27634"},"modified":"2025-01-02T20:05:36","modified_gmt":"2025-01-02T20:05:36","slug":"mehecske-mintas-locsolokanna-2-literes-bee034","status":"publish","type":"product","link":"https:\/\/chilimag.hu\/webshop\/termek\/mehecske-mintas-locsolokanna-2-literes-bee034\/","title":{"rendered":"M\u00e9hecske mint\u00e1s Locsol\u00f3kanna 2 literes (BEE034)"},"content":{"rendered":"","protected":false},"excerpt":{"rendered":"<p>M\u00e9hecske mint\u00e1s f\u00e9m locsol\u00f3kanna. \u0170rtartalma 2 liter. Ergonomikus kialak\u00edt\u00e1s\u00fa fog\u00f3j\u00e1val a vir\u00e1gok \u00f6nt\u00f6z\u00e9se is k\u00e9nyelmes. Az elej\u00e9n l\u00e9v\u0151 r\u00f3zsafejnek k\u00f6sz\u00f6nhet\u0151en a sz\u00f3rt v\u00edzsug\u00e1rral kisebb v\u00edzig\u00e9ny\u0171 n\u00f6v\u00e9nyek is j\u00f3l meglocsolhat\u00f3k.<\/p>\n<p>&nbsp;<\/p>\n<p>M\u00e9rete. magass\u00e1g: 23 cm, sz\u00e9less\u00e9g: 32,2 cm, m\u00e9lys\u00e9g: 11,3 cm<\/p>\n","protected":false},"featured_media":27635,"comment_status":"closed","ping_status":"closed","template":"","meta":[],"product_brand":[],"product_cat":[467],"product_tag":[],"class_list":{"0":"post-27634","1":"product","2":"type-product","3":"status-publish","4":"has-post-thumbnail","6":"product_cat-locsolas-viz-es-talaj-vizsgalo-eszkozok","8":"first","9":"instock","10":"taxable","11":"shipping-taxable","12":"purchasable","13":"product-type-simple"},"_links":{"self":[{"href":"https:\/\/chilimag.hu\/webshop\/wp-json\/wp\/v2\/product\/27634","targetHints":{"allow":["GET"]}}],"collection":[{"href":"https:\/\/chilimag.hu\/webshop\/wp-json\/wp\/v2\/product"}],"about":[{"href":"https:\/\/chilimag.hu\/webshop\/wp-json\/wp\/v2\/types\/product"}],"replies":[{"embeddable":true,"href":"https:\/\/chilimag.hu\/webshop\/wp-json\/wp\/v2\/comments?post=27634"}],"wp:featuredmedia":[{"embeddable":true,"href":"https:\/\/chilimag.hu\/webshop\/wp-json\/wp\/v2\/media\/27635"}],"wp:attachment":[{"href":"https:\/\/chilimag.hu\/webshop\/wp-json\/wp\/v2\/media?parent=27634"}],"wp:term":[{"taxonomy":"product_brand","embeddable":true,"href":"https:\/\/chilimag.hu\/webshop\/wp-json\/wp\/v2\/product_brand?post=27634"},{"taxonomy":"product_cat","embeddable":true,"href":"https:\/\/chilimag.hu\/webshop\/wp-json\/wp\/v2\/product_cat?post=27634"},{"taxonomy":"product_tag","embeddable":true,"href":"https:\/\/chilimag.hu\/webshop\/wp-json\/wp\/v2\/product_tag?post=27634"}],"curies":[{"name":"wp","href":"https:\/\/api.w.org\/{rel}","templated":true}]}}