{"id":268,"date":"2014-11-09T17:29:55","date_gmt":"2014-11-09T17:29:55","guid":{"rendered":"https:\/\/chilimag.hu\/webshop\/?post_type=product&#038;p=268"},"modified":"2025-08-11T09:08:57","modified_gmt":"2025-08-11T09:08:57","slug":"numex-halloween","status":"publish","type":"product","link":"https:\/\/chilimag.hu\/webshop\/termek\/numex-halloween\/","title":{"rendered":"Numex Halloween"},"content":{"rendered":"","protected":false},"excerpt":{"rendered":"<div id=\"productDescription\" class=\"content\">\n<p><img decoding=\"async\" src=\"https:\/\/chilimag.hu\/webshop\/wp-content\/uploads\/2014\/11\/chilimag-logo-2-150x150.jpg\" \/><\/p>\n<p>&nbsp;<\/p>\n<p>Le\u00edr\u00e1s<\/p>\n<p>Capsicum Annuum<\/p>\n<p>Az \u00daj-Mexik\u00f3i \u00c1llami Egyetemen kifejlesztett t\u00f6rpe d\u00edszes chili paprika n\u00f6v\u00e9ny.<\/p>\n<p>A goly\u00f3 alak\u00fa gy\u00fcm\u00f6lcs\u00f6k feket\u00e9t\u0151l narancss\u00e1rg\u00e1ig \u00e9rnek. Kompakt n\u00f6veked\u00e9si szok\u00e1sa miatt t\u00f6k\u00e9letes kont\u00e9nerekhez.<\/p>\n<p>Nagyon sz\u00e9p t\u00f6rpe d\u00edszpaprika, fekete, f\u00fcgg\u0151leges h\u00fcvelyekkel, amelyek nagyon \u00e9l\u00e9nk narancss\u00e1rg\u00e1v\u00e1 v\u00e1lnak, nagyon k\u00f6nnyen termeszthet\u0151, \u00e9s sz\u00e9p aj\u00e1nd\u00e9k n\u00f6v\u00e9ny, a j\u00f3 kis szoban\u00f6v\u00e9nyek h\u00fcvelyei pedig sz\u00e1r\u00edtva sz\u00e9p porr\u00e1 var\u00e1zsolhat\u00f3k.<\/p>\n<p>C.Annuum<\/p>\n<p>30 000 SHU<\/p>\n<p>A csomag 10 szem magot tartalmaz<\/p>\n<\/div>\n","protected":false},"featured_media":269,"comment_status":"open","ping_status":"closed","template":"","meta":[],"product_brand":[],"product_cat":[8],"product_tag":[],"class_list":{"0":"post-268","1":"product","2":"type-product","3":"status-publish","4":"has-post-thumbnail","6":"product_cat-paprika","8":"first","9":"instock","10":"taxable","11":"shipping-taxable","12":"purchasable","13":"product-type-simple"},"_links":{"self":[{"href":"https:\/\/chilimag.hu\/webshop\/wp-json\/wp\/v2\/product\/268","targetHints":{"allow":["GET"]}}],"collection":[{"href":"https:\/\/chilimag.hu\/webshop\/wp-json\/wp\/v2\/product"}],"about":[{"href":"https:\/\/chilimag.hu\/webshop\/wp-json\/wp\/v2\/types\/product"}],"replies":[{"embeddable":true,"href":"https:\/\/chilimag.hu\/webshop\/wp-json\/wp\/v2\/comments?post=268"}],"wp:featuredmedia":[{"embeddable":true,"href":"https:\/\/chilimag.hu\/webshop\/wp-json\/wp\/v2\/media\/269"}],"wp:attachment":[{"href":"https:\/\/chilimag.hu\/webshop\/wp-json\/wp\/v2\/media?parent=268"}],"wp:term":[{"taxonomy":"product_brand","embeddable":true,"href":"https:\/\/chilimag.hu\/webshop\/wp-json\/wp\/v2\/product_brand?post=268"},{"taxonomy":"product_cat","embeddable":true,"href":"https:\/\/chilimag.hu\/webshop\/wp-json\/wp\/v2\/product_cat?post=268"},{"taxonomy":"product_tag","embeddable":true,"href":"https:\/\/chilimag.hu\/webshop\/wp-json\/wp\/v2\/product_tag?post=268"}],"curies":[{"name":"wp","href":"https:\/\/api.w.org\/{rel}","templated":true}]}}