{"id":26452,"date":"2023-11-15T16:42:06","date_gmt":"2023-11-15T16:42:06","guid":{"rendered":"https:\/\/chilimag.hu\/webshop\/?post_type=product&#038;p=26452"},"modified":"2026-02-19T18:08:27","modified_gmt":"2026-02-19T18:08:27","slug":"paprika-freddy-capsico","status":"publish","type":"product","link":"https:\/\/chilimag.hu\/webshop\/termek\/paprika-freddy-capsico\/","title":{"rendered":"Paprika Freddy Capsico"},"content":{"rendered":"","protected":false},"excerpt":{"rendered":"<p><img decoding=\"async\" class=\"sFlh5c FyHeAf iPVvYb\" src=\"https:\/\/c.cdnmp.net\/592978066\/brands\/1000108_logo.png\" alt=\"Capsico - Seminte1\" width=\"148\" height=\"83\" \/><\/p>\n<p><strong>Le\u00edr\u00e1s\u00a0<\/strong><\/p>\n<p>&nbsp;<\/p>\n<p>&nbsp;<\/p>\n<p class=\"p1\">A Stefi cs\u00edp\u0151s v\u00e1ltozata, mely \u2013 \u00edz\u00e9t lesz\u00e1m\u00edtva szinte azonos tulajdons\u00e1gokkal rendelkezik, mint \u00e9des testv\u00e9re. F\u00e9nyes, feh\u00e9r sz\u00edn\u0171 term\u00e9sei lap\u00edtot-tak, els\u0151 k\u00f6t\u00e9sei sem t\u00fal nagyok, \u00e9s a szezon v\u00e9g\u00e9re sem apr\u00f3z\u00f3dnak el t\u00fals\u00e1gosan. Term\u00e9sm\u00e9rete t\u00f6ltve<\/p>\n<p class=\"p1\">\u00e9s eg\u00e9szben savany\u00edt\u00e1sra is alkalmas. B\u0151term\u0151, er\u0151s gy\u00f6ker\u0171 \u00e9s sz\u00e1r\u00fa fajta, meg\u00fajul\u00f3k\u00e9pess\u00e9ge kiv\u00e1l\u00f3.<\/p>\n<p class=\"p1\">A Stevel megegyez\u0151 n\u00f6v\u00e9nyhabitusa, korais\u00e1ga \u00e9s term\u00e9sm\u00e9rete r\u00e9v\u00e9n a k\u00e9t fajta egyszer\u0171en termeszt- het\u0151 azonos t\u00e1panyag-ut\u00e1np\u00f3tl\u00e1ssal. Szabadf\u00f6ld\u00f6n, f\u00f3lia alatt egy sz\u00e1lra metszve \u00e9s kordonos rendszerbe is aj\u00e1nljuk. Cs\u00edp\u0151s almapaprika<\/p>\n","protected":false},"featured_media":26490,"comment_status":"closed","ping_status":"closed","template":"","meta":[],"product_brand":[],"product_cat":[319],"product_tag":[],"class_list":{"0":"post-26452","1":"product","2":"type-product","3":"status-publish","4":"has-post-thumbnail","6":"product_cat-capsico-vetomagok","8":"first","9":"instock","10":"taxable","11":"shipping-taxable","12":"purchasable","13":"product-type-simple"},"_links":{"self":[{"href":"https:\/\/chilimag.hu\/webshop\/wp-json\/wp\/v2\/product\/26452","targetHints":{"allow":["GET"]}}],"collection":[{"href":"https:\/\/chilimag.hu\/webshop\/wp-json\/wp\/v2\/product"}],"about":[{"href":"https:\/\/chilimag.hu\/webshop\/wp-json\/wp\/v2\/types\/product"}],"replies":[{"embeddable":true,"href":"https:\/\/chilimag.hu\/webshop\/wp-json\/wp\/v2\/comments?post=26452"}],"wp:featuredmedia":[{"embeddable":true,"href":"https:\/\/chilimag.hu\/webshop\/wp-json\/wp\/v2\/media\/26490"}],"wp:attachment":[{"href":"https:\/\/chilimag.hu\/webshop\/wp-json\/wp\/v2\/media?parent=26452"}],"wp:term":[{"taxonomy":"product_brand","embeddable":true,"href":"https:\/\/chilimag.hu\/webshop\/wp-json\/wp\/v2\/product_brand?post=26452"},{"taxonomy":"product_cat","embeddable":true,"href":"https:\/\/chilimag.hu\/webshop\/wp-json\/wp\/v2\/product_cat?post=26452"},{"taxonomy":"product_tag","embeddable":true,"href":"https:\/\/chilimag.hu\/webshop\/wp-json\/wp\/v2\/product_tag?post=26452"}],"curies":[{"name":"wp","href":"https:\/\/api.w.org\/{rel}","templated":true}]}}