{"id":26432,"date":"2023-11-10T17:23:56","date_gmt":"2023-11-10T17:23:56","guid":{"rendered":"https:\/\/chilimag.hu\/webshop\/?post_type=product&#038;p=26432"},"modified":"2025-08-17T15:48:12","modified_gmt":"2025-08-17T15:48:12","slug":"sargarepa-gniff-bio","status":"publish","type":"product","link":"https:\/\/chilimag.hu\/webshop\/termek\/sargarepa-gniff-bio\/","title":{"rendered":"S\u00e1rgar\u00e9pa Gniff Bio"},"content":{"rendered":"<p><img decoding=\"async\" src=\"https:\/\/chilimag.hu\/webshop\/wp-content\/uploads\/2022\/10\/bobby-seeds-test-logo-150x150.png\" \/><\/p>\n<p>A sv\u00e1jci Ticino k\u00fcl\u00f6nlegess\u00e9ge. A Gniff r\u00f6vid, tompa, k\u00f6r\u00fclbel\u00fcl 10-15 cm hossz\u00fa s\u00e1rgar\u00e9p\u00e1t k\u00e9pez. A r\u00f6vid s\u00e1rgar\u00e9pa k\u00edv\u00fcl lila, bel\u00fcl feh\u00e9r, \u00e9s nagyon vonz\u00f3nak t\u0171nik felv\u00e1gva. F\u0151z\u00e9skor a lila kiss\u00e9 megfakul. A Gniff j\u00f3l t\u00e1rolhat\u00f3, k\u00e9s\u0151i fajtak\u00e9nt j\u00fanius elej\u00e9re \u00e9rdemes elvetni. K\u00e9s\u0151bb a teny\u00e9szetben \u00fajra ritk\u00edtsa, mivel nagyon er\u0151teljes \u00e9s sok lombot hoz.<\/p>\n<p>Daucus carota<br \/>\nEgy adag k\u00f6r\u00fclbel\u00fcl 500 n\u00f6v\u00e9nyhez elegend\u0151<br \/>\nA betakar\u00edt\u00e1s augusztust\u00f3l okt\u00f3berig tart<br \/>\nA vet\u00e9s szabadf\u00f6ldi k\u00f6zvetlen vet\u00e9sk\u00e9nt soronk\u00e9nt t\u00f6rt\u00e9nik m\u00e1rciust\u00f3l j\u00faniusig Vet\u0151magt\u00e1vols\u00e1g: Vet\u00e9s soronk\u00e9nt, 6-8 cm sork\u00f6z, 30 cm sorok k\u00f6z\u00f6tt, sz\u00fcks\u00e9g eset\u00e9n egyes\u00edt\u00e9s<\/p>\n<p>A s\u00e1rgar\u00e9pa szereti a napos helyeket \u00e9s a k\u00f6nny\u0171, j\u00f3 v\u00edzelvezet\u00e9s\u0171, t\u00e1panyagban gazdag talajt.<\/p>\n","protected":false},"excerpt":{"rendered":"<p>A sv\u00e1jci Ticino k\u00fcl\u00f6nlegess\u00e9ge. A Gniff r\u00f6vid, tompa, k\u00f6r\u00fclbel\u00fcl 10-15 cm hossz\u00fa s\u00e1rgar\u00e9p\u00e1t k\u00e9pez. A r\u00f6vid s\u00e1rgar\u00e9pa k\u00edv\u00fcl lila, bel\u00fcl feh\u00e9r, \u00e9s nagyon vonz\u00f3nak t\u0171nik felv\u00e1gva. F\u0151z\u00e9skor a lila kiss\u00e9 megfakul. A Gniff j\u00f3l t\u00e1rolhat\u00f3, k\u00e9s\u0151i fajtak\u00e9nt j\u00fanius elej\u00e9re \u00e9rdemes elvetni. K\u00e9s\u0151bb a teny\u00e9szetben \u00fajra ritk\u00edtsa, mivel nagyon er\u0151teljes \u00e9s sok lombot hoz. Daucus carota [&hellip;]<\/p>\n","protected":false},"featured_media":26433,"comment_status":"closed","ping_status":"closed","template":"","meta":[],"product_brand":[],"product_cat":[329],"product_tag":[],"class_list":{"0":"post-26432","1":"product","2":"type-product","3":"status-publish","4":"has-post-thumbnail","6":"product_cat-zoldseg-vetomagok-egyeb-es-kulonleges-vetomagok","8":"first","9":"instock","10":"taxable","11":"shipping-taxable","12":"purchasable","13":"product-type-simple"},"_links":{"self":[{"href":"https:\/\/chilimag.hu\/webshop\/wp-json\/wp\/v2\/product\/26432","targetHints":{"allow":["GET"]}}],"collection":[{"href":"https:\/\/chilimag.hu\/webshop\/wp-json\/wp\/v2\/product"}],"about":[{"href":"https:\/\/chilimag.hu\/webshop\/wp-json\/wp\/v2\/types\/product"}],"replies":[{"embeddable":true,"href":"https:\/\/chilimag.hu\/webshop\/wp-json\/wp\/v2\/comments?post=26432"}],"wp:featuredmedia":[{"embeddable":true,"href":"https:\/\/chilimag.hu\/webshop\/wp-json\/wp\/v2\/media\/26433"}],"wp:attachment":[{"href":"https:\/\/chilimag.hu\/webshop\/wp-json\/wp\/v2\/media?parent=26432"}],"wp:term":[{"taxonomy":"product_brand","embeddable":true,"href":"https:\/\/chilimag.hu\/webshop\/wp-json\/wp\/v2\/product_brand?post=26432"},{"taxonomy":"product_cat","embeddable":true,"href":"https:\/\/chilimag.hu\/webshop\/wp-json\/wp\/v2\/product_cat?post=26432"},{"taxonomy":"product_tag","embeddable":true,"href":"https:\/\/chilimag.hu\/webshop\/wp-json\/wp\/v2\/product_tag?post=26432"}],"curies":[{"name":"wp","href":"https:\/\/api.w.org\/{rel}","templated":true}]}}