{"id":26415,"date":"2023-11-10T08:05:40","date_gmt":"2023-11-10T08:05:40","guid":{"rendered":"https:\/\/chilimag.hu\/webshop\/?post_type=product&#038;p=26415"},"modified":"2025-08-11T08:25:41","modified_gmt":"2025-08-11T08:25:41","slug":"gasoline","status":"publish","type":"product","link":"https:\/\/chilimag.hu\/webshop\/termek\/gasoline\/","title":{"rendered":"Gasoline"},"content":{"rendered":"","protected":false},"excerpt":{"rendered":"<p><img decoding=\"async\" src=\"https:\/\/chilimag.hu\/webshop\/wp-content\/uploads\/2014\/11\/chilimag-logo-2-150x150.jpg\" \/><\/p>\n<p>&nbsp;<\/p>\n<p>Le\u00edr\u00e1s<\/p>\n<p>A \u00a0chili paprika egy kiemelked\u0151, m\u00e9g mindig instabil fajta, amely egyes\u00edti a Csokol\u00e1d\u00e9 Bhutlah intenz\u00edv meleg\u00e9t az Euforia er\u0151teljes \u00edzeivel. Az Olaszorsz\u00e1gb\u00f3l sz\u00e1rmaz\u00f3 paprika gyakran hossz\u00fak\u00e1s farokkal \u00e9s intenz\u00edv cs\u00edp\u0151s \u00edzzel rendelkezik.<\/p>\n<p>Ezek a n\u00f6v\u00e9nyek valamivel nagyobbra n\u0151hetnek, mint a Capsicum chinenses \u00e1ltal\u00e1ban. Ezek a n\u00f6v\u00e9nyek rendk\u00edv\u00fcl term\u00e9kenyek lehetnek. A chili \u00edze \u00e9ppoly figyelemre m\u00e9lt\u00f3, mint a melege, \u00edgy minden f\u0171szeres \u00e9tel eml\u00e9kezetes kieg\u00e9sz\u00edt\u0151je.<\/p>\n<p>Capsicum Chinense<\/p>\n<p>Scouville:800.000-1.200.000-<\/p>\n<p>A csomag 10 szem magot tartalmaz<\/p>\n","protected":false},"featured_media":33194,"comment_status":"closed","ping_status":"closed","template":"","meta":[],"product_brand":[],"product_cat":[8],"product_tag":[],"class_list":{"0":"post-26415","1":"product","2":"type-product","3":"status-publish","4":"has-post-thumbnail","6":"product_cat-paprika","8":"first","9":"instock","10":"taxable","11":"shipping-taxable","12":"purchasable","13":"product-type-simple"},"_links":{"self":[{"href":"https:\/\/chilimag.hu\/webshop\/wp-json\/wp\/v2\/product\/26415","targetHints":{"allow":["GET"]}}],"collection":[{"href":"https:\/\/chilimag.hu\/webshop\/wp-json\/wp\/v2\/product"}],"about":[{"href":"https:\/\/chilimag.hu\/webshop\/wp-json\/wp\/v2\/types\/product"}],"replies":[{"embeddable":true,"href":"https:\/\/chilimag.hu\/webshop\/wp-json\/wp\/v2\/comments?post=26415"}],"wp:featuredmedia":[{"embeddable":true,"href":"https:\/\/chilimag.hu\/webshop\/wp-json\/wp\/v2\/media\/33194"}],"wp:attachment":[{"href":"https:\/\/chilimag.hu\/webshop\/wp-json\/wp\/v2\/media?parent=26415"}],"wp:term":[{"taxonomy":"product_brand","embeddable":true,"href":"https:\/\/chilimag.hu\/webshop\/wp-json\/wp\/v2\/product_brand?post=26415"},{"taxonomy":"product_cat","embeddable":true,"href":"https:\/\/chilimag.hu\/webshop\/wp-json\/wp\/v2\/product_cat?post=26415"},{"taxonomy":"product_tag","embeddable":true,"href":"https:\/\/chilimag.hu\/webshop\/wp-json\/wp\/v2\/product_tag?post=26415"}],"curies":[{"name":"wp","href":"https:\/\/api.w.org\/{rel}","templated":true}]}}