{"id":26334,"date":"2023-11-02T10:26:58","date_gmt":"2023-11-02T10:26:58","guid":{"rendered":"https:\/\/chilimag.hu\/webshop\/?post_type=product&#038;p=26334"},"modified":"2026-03-31T12:32:30","modified_gmt":"2026-03-31T12:32:30","slug":"sargadinnye-deserten-5-florian-bg","status":"publish","type":"product","link":"https:\/\/chilimag.hu\/webshop\/termek\/sargadinnye-deserten-5-florian-bg\/","title":{"rendered":"S\u00e1rgadinnye Deserten 5 Florian Bg"},"content":{"rendered":"","protected":false},"excerpt":{"rendered":"<p><img decoding=\"async\" class=\"img-inline\" src=\"https:\/\/brcci.eu\/cache\/thumbnails\/12ecd0e6e419f1b9b1484ef02ad361979dd8e054\/1a6c5e1406ad462ca86d17b2800862d7f837862c-829875ad0a268b741b7edd818ffce098.png\" alt=\"FLORIAN OOD\" \/><\/p>\n<p>DESERTEN 5 &#8211; BOLG\u00c1R S\u00c1RGA DINNYEMAG<\/p>\n<p>M\u0171szaki adatok:<br \/>\nF\u00e9lkorai \u00e9s k\u00e9s\u0151i fajta k\u00fclt\u00e9ri \u00e9s \u00fcvegh\u00e1zi termeszt\u00e9sre.<br \/>\nM\u00e9lys\u00e9g &#8211; 3-6 cm<br \/>\nVet\u00e9s &#8211; \u00e1prilist\u00f3l kezd\u0151d\u0151en<br \/>\nVet\u00e9smennyis\u00e9g &#8211; 350 &#8211; 450 gramm\/10 \u00e1r<br \/>\nTerm\u0151k\u00e9pess\u00e9g &#8211; hozam 2,5 &#8211; 3,5 tonna\/10 \u00e1r<br \/>\nA veget\u00e1ci\u00f3s id\u0151szak k\u00f6r\u00fclbel\u00fcl 85-90 nap.<br \/>\nGy\u00fcm\u00f6lcs jellemz\u0151k:<br \/>\nA gy\u00fcm\u00f6lcs\u00f6k kerek alak\u00faak, aranys\u00e1rga h\u00e9j\u00faak, nagyon j\u00f3 \u00edz\u0171ek.<br \/>\nFriss fogyaszt\u00e1sra alkalmas.<br \/>\nH\u00fasa \u00e9s \u00edze &#8211; viszonylag vastag, \u00e9l\u00e9nk s\u00e1rga-narancss\u00e1rga. \u00cdzletes \u00e9s nagyon er\u0151s illat\u00fa. A gy\u00fcm\u00f6lcs\u00f6k viszonylag nagyok, 2-3 kg.<br \/>\nA n\u00f6v\u00e9ny specifik\u00e1ci\u00f3i:<br \/>\nN\u00f6v\u00e9nyek &#8211; n\/a.<br \/>\nA sz\u00e1r hossza 1,8-2,2 m.<br \/>\nA levelek k\u00f6zepes m\u00e9ret\u0171ek, enyh\u00e9n v\u00e1gottak, s\u00f6t\u00e9tz\u00f6ld sz\u00edn\u0171ek.<br \/>\n\u00c1ltal\u00e1noss\u00e1gok:<br \/>\nTartalom 1 gr = 20-25 mag<br \/>\nKiszerel\u00e9s 3 gramm<br \/>\n\u00c1prilis \u00fcltet\u00e9s<br \/>\nSz\u00fcret j\u00falius-augusztus<br \/>\nVeget\u00e1ci\u00f3ja 85-90 nap<\/p>\n","protected":false},"featured_media":26335,"comment_status":"closed","ping_status":"closed","template":"","meta":[],"product_brand":[],"product_cat":[373],"product_tag":[],"class_list":{"0":"post-26334","1":"product","2":"type-product","3":"status-publish","4":"has-post-thumbnail","6":"product_cat-dinnye-es-tok-vetomagok-bolgar-florian-vetomagok","8":"first","9":"instock","10":"taxable","11":"shipping-taxable","12":"purchasable","13":"product-type-simple"},"_links":{"self":[{"href":"https:\/\/chilimag.hu\/webshop\/wp-json\/wp\/v2\/product\/26334","targetHints":{"allow":["GET"]}}],"collection":[{"href":"https:\/\/chilimag.hu\/webshop\/wp-json\/wp\/v2\/product"}],"about":[{"href":"https:\/\/chilimag.hu\/webshop\/wp-json\/wp\/v2\/types\/product"}],"replies":[{"embeddable":true,"href":"https:\/\/chilimag.hu\/webshop\/wp-json\/wp\/v2\/comments?post=26334"}],"wp:featuredmedia":[{"embeddable":true,"href":"https:\/\/chilimag.hu\/webshop\/wp-json\/wp\/v2\/media\/26335"}],"wp:attachment":[{"href":"https:\/\/chilimag.hu\/webshop\/wp-json\/wp\/v2\/media?parent=26334"}],"wp:term":[{"taxonomy":"product_brand","embeddable":true,"href":"https:\/\/chilimag.hu\/webshop\/wp-json\/wp\/v2\/product_brand?post=26334"},{"taxonomy":"product_cat","embeddable":true,"href":"https:\/\/chilimag.hu\/webshop\/wp-json\/wp\/v2\/product_cat?post=26334"},{"taxonomy":"product_tag","embeddable":true,"href":"https:\/\/chilimag.hu\/webshop\/wp-json\/wp\/v2\/product_tag?post=26334"}],"curies":[{"name":"wp","href":"https:\/\/api.w.org\/{rel}","templated":true}]}}