{"id":26267,"date":"2023-11-01T09:50:10","date_gmt":"2023-11-01T09:50:10","guid":{"rendered":"https:\/\/chilimag.hu\/webshop\/?post_type=product&#038;p=26267"},"modified":"2026-04-14T09:11:51","modified_gmt":"2026-04-14T09:11:51","slug":"fodros-kel-leveles-kel-red-purple-florian-bg","status":"publish","type":"product","link":"https:\/\/chilimag.hu\/webshop\/termek\/fodros-kel-leveles-kel-red-purple-florian-bg\/","title":{"rendered":"Fodros kel (Leveles kel Red Purple Florian Bg"},"content":{"rendered":"","protected":false},"excerpt":{"rendered":"<p><img decoding=\"async\" class=\"img-inline\" src=\"https:\/\/brcci.eu\/cache\/thumbnails\/12ecd0e6e419f1b9b1484ef02ad361979dd8e054\/1a6c5e1406ad462ca86d17b2800862d7f837862c-829875ad0a268b741b7edd818ffce098.png\" alt=\"FLORIAN OOD\" \/><\/p>\n<p>A lila kelk\u00e1poszta egy nagyra becs\u00fclt k\u00e1posztafaj az eg\u00e9szs\u00e9g\u00fcgyi el\u0151nyei miatt.<\/p>\n<p>Nem t\u00fal n\u00e9pszer\u0171 z\u00f6lds\u00e9g, annak ellen\u00e9re, hogy j\u00f3 az \u00edze,<\/p>\n<p>de egyre t\u00f6bb k\u00f6vet\u0151re kezdett szert tenni a veget\u00e1ri\u00e1nusok \u00e9s a min\u00e9l eg\u00e9szs\u00e9gesebben \u00e9tkezni v\u00e1gy\u00f3k k\u00f6r\u00e9ben.<\/p>\n<p>A kelk\u00e1poszta k\u00e1liumot, foszfort, cinket, vasat, kalciumot, K-vitamint, B12-vitamint \u00e9s A-vitamint tartalmaz.<\/p>\n<p>\u00e9s alacsony kal\u00f3riatartalma miatt karcs\u00fas\u00edt\u00f3 \u00f6vekben javallott.<\/p>\n<p>A kelk\u00e1poszt\u00e1nak egy k\u00fcl\u00f6nleges k\u00f6vetelm\u00e9nye van: h\u0171v\u00f6s id\u0151ben kell termeszteni.<\/p>\n<p>Ez\u00e9rt ide\u00e1lis z\u00f6lds\u00e9g \u0151sszel vagy kora tavasszal termeszteni.<\/p>\n<p>A kelk\u00e1poszta magvakat el\u00fcltetheti k\u00f6zvetlen\u00fcl a kertben a talajba, vagy el\u00fcltetheti a magokat pal\u00e1nt\u00e1kba,<\/p>\n<p>\u00e9s 4-6 h\u00e9t m\u00falva megcsin\u00e1lod a transzplant\u00e1ci\u00f3t.<\/p>\n<p>80-90 cm magasra n\u0151 meg, levelei g\u00f6nd\u00f6r. Sorba vetik \u00e9s f\u00f6lddel bor\u00edtj\u00e1k.<\/p>\n<p>A fiatal \u00e9s er\u0151s n\u00f6v\u00e9nyeket \u00fajra\u00fcltetik.<\/p>\n<p>Bab, bors\u00f3 vagy korai burgonya term\u00e9s ut\u00e1n \u00fcltetik.<\/p>\n<p>A k\u00e1poszta nagyon j\u00f3 \u00edz\u0171 az els\u0151 harmat ut\u00e1n, mert a kem\u00e9ny\u00edt\u0151 cukorr\u00e1 alakul.<\/p>\n<p>A v\u00e1lasztott m\u00f3dszert\u0151l f\u00fcggetlen\u00fcl javasolt, hogy a h\u0151m\u00e9rs\u00e9klet ne haladja meg a 25-26 Celsius fokot.<\/p>\n<p>A n\u00f6v\u00e9ny ellen\u00e1ll a -6 Celsius fokos h\u0151m\u00e9rs\u00e9kletnek is, de nem toler\u00e1lja a magas h\u0151m\u00e9rs\u00e9kletet.<\/p>\n<p>A kelk\u00e1poszta sz\u00e1m\u00e1ra ide\u00e1lis talaj gazdag, j\u00f3 v\u00edzelvezet\u00e9s\u0171, pH-ja 5,5 \u00e9s 6,8 k\u00f6z\u00f6tt van.<\/p>\n<p>A k\u00e1poszt\u00e1t aj\u00e1nlott \u00e1rny\u00e9kos helyre \u00fcltetni, de az \u00fcltet\u00e9s el\u0151tt aj\u00e1nlott egy r\u00e9teg komposztot kiter\u00edteni a talajra.<\/p>\n<p>A magok k\u00f6z\u00f6tt aj\u00e1nlatos 7 centim\u00e9ter t\u00e1vols\u00e1got hagyni, hogy a n\u00f6v\u00e9nyek szabadon fejl\u0151dhessenek.<\/p>\n<p>A sorok k\u00f6z\u00f6tt aj\u00e1nlatos 45-60 centim\u00e9ter t\u00e1vols\u00e1got hagyni.<\/p>\n<p>Az \u00f6nt\u00f6z\u00e9st illet\u0151en a kelk\u00e1poszt\u00e1t aj\u00e1nlatos b\u0151s\u00e9gesen \u00f6nt\u00f6zni.<\/p>\n<p>&nbsp;<\/p>\n<p>A k\u00ednai orvosl\u00e1sban a kelk\u00e1poszt\u00e1t a t\u00fcd\u0151pang\u00e1s enyh\u00edt\u00e9s\u00e9re haszn\u00e1lj\u00e1k.<\/p>\n<p>Aj\u00e1nlott :<\/p>\n<p>Egy\u00e9l kelk\u00e1poszt\u00e1t amilyen gyakran csak lehets\u00e9ges, mert ide\u00e1lis \u00e9tel.<\/p>\n<p>Addig edd, am\u00edg frissen tal\u00e1lod.<\/p>\n<p>Egyes ter\u00fcleteken eg\u00e9sz \u00e9vben kaphat\u00f3, m\u00e1shol pedig szezon\u00e1lis (\u0151szi) z\u00f6lds\u00e9g.<\/p>\n<p>A kelk\u00e1poszta teny\u00e9szideje szinte az eg\u00e9sz \u00e9vben tart, az egyetlen id\u0151szak, amikor nincs szezonon k\u00edv\u00fcl a ny\u00e1r, amikor sok m\u00e1s leveles z\u00f6ldje van.<\/p>\n<p>P\u00e1rolhat\u00f3 vagy p\u00e1rolhat\u00f3, vagy levesekhez \u00e9s p\u00f6rk\u00f6ltekhez adhat\u00f3.<\/p>\n<p>A kelk\u00e1poszta nagy el\u0151nyt jelent, ha gy\u00fcm\u00f6lcsp\u00fcr\u00e9be keverik, vagy m\u00e1s z\u00f6lds\u00e9gekkel facsarj\u00e1k.<\/p>\n<p>&nbsp;<\/p>\n","protected":false},"featured_media":26268,"comment_status":"closed","ping_status":"closed","template":"","meta":[],"product_brand":[],"product_cat":[378],"product_tag":[],"class_list":{"0":"post-26267","1":"product","2":"type-product","3":"status-publish","4":"has-post-thumbnail","6":"product_cat-kaposzta-es-karfiol-vetomagok","8":"first","9":"instock","10":"taxable","11":"shipping-taxable","12":"purchasable","13":"product-type-simple"},"_links":{"self":[{"href":"https:\/\/chilimag.hu\/webshop\/wp-json\/wp\/v2\/product\/26267","targetHints":{"allow":["GET"]}}],"collection":[{"href":"https:\/\/chilimag.hu\/webshop\/wp-json\/wp\/v2\/product"}],"about":[{"href":"https:\/\/chilimag.hu\/webshop\/wp-json\/wp\/v2\/types\/product"}],"replies":[{"embeddable":true,"href":"https:\/\/chilimag.hu\/webshop\/wp-json\/wp\/v2\/comments?post=26267"}],"wp:featuredmedia":[{"embeddable":true,"href":"https:\/\/chilimag.hu\/webshop\/wp-json\/wp\/v2\/media\/26268"}],"wp:attachment":[{"href":"https:\/\/chilimag.hu\/webshop\/wp-json\/wp\/v2\/media?parent=26267"}],"wp:term":[{"taxonomy":"product_brand","embeddable":true,"href":"https:\/\/chilimag.hu\/webshop\/wp-json\/wp\/v2\/product_brand?post=26267"},{"taxonomy":"product_cat","embeddable":true,"href":"https:\/\/chilimag.hu\/webshop\/wp-json\/wp\/v2\/product_cat?post=26267"},{"taxonomy":"product_tag","embeddable":true,"href":"https:\/\/chilimag.hu\/webshop\/wp-json\/wp\/v2\/product_tag?post=26267"}],"curies":[{"name":"wp","href":"https:\/\/api.w.org\/{rel}","templated":true}]}}