{"id":25918,"date":"2023-10-21T08:45:51","date_gmt":"2023-10-21T08:45:51","guid":{"rendered":"https:\/\/chilimag.hu\/webshop\/?post_type=product&#038;p=25918"},"modified":"2026-05-12T20:43:10","modified_gmt":"2026-05-12T20:43:10","slug":"spenot-winterthur-giant-florian-bg","status":"publish","type":"product","link":"https:\/\/chilimag.hu\/webshop\/termek\/spenot-winterthur-giant-florian-bg\/","title":{"rendered":"Spen\u00f3t Winter Giant Florian Bg"},"content":{"rendered":"","protected":false},"excerpt":{"rendered":"<p><img decoding=\"async\" class=\"img-inline\" src=\"https:\/\/brcci.eu\/cache\/thumbnails\/12ecd0e6e419f1b9b1484ef02ad361979dd8e054\/1a6c5e1406ad462ca86d17b2800862d7f837862c-829875ad0a268b741b7edd818ffce098.png\" alt=\"FLORIAN OOD\" \/><\/p>\n<p>Spen\u00f3t nagylevel\u0171 t\u00e9li.<\/p>\n<p>Big Leaf Winter Spen\u00f3t (Winter Giant) nagy rozetta, 25 cm<\/p>\n<p>Ezt a fajt\u00e1t k\u00fcl\u00f6n\u00f6sen nagyra \u00e9rt\u00e9kelik a rengeteg \u00e9l\u00e9nkz\u00f6ld levele miatt, amelyek eg\u00e9szs\u00e9gre inspir\u00e1lnak. Haszn\u00e1lata frissen javasolt, mert csak \u00edgy lehet 100%-ban kihaszn\u00e1lni j\u00f3t\u00e9kony tulajdons\u00e1gait, amelyek a termikus el\u0151k\u00e9sz\u00edt\u00e9s ut\u00e1n elvesznek. \u00dcLTET\u00c9S \u00c9S betakar\u00edt\u00e1s \u00a0A spen\u00f3tmagot k\u00f6zvetlen\u00fcl a talajba \u00fcltetj\u00fck, aj\u00e1nlott nagyon j\u00f3l megvil\u00e1g\u00edtott helyet v\u00e1lasztani, napf\u00e9nynek kit\u00e9ve, ez a t\u00e9nyez\u0151 biztos\u00edtja a kellemes \u00edz elsaj\u00e1t\u00edt\u00e1s\u00e1t, a levelek l\u00e9d\u00fas \u00e9s h\u00fasos \u00e1llag\u00e1t.<\/p>\n<p>Kiszerel\u00e9s: 100 gr<\/p>\n<p>M\u0171szaki adatok:<\/p>\n<p>M\u00e9lys\u00e9ge 2-4 cm<br \/>\nSzeptember-novembert\u0151l kezd\u0151d\u0151en vetik,<br \/>\nVet\u00e9smennyis\u00e9g 2-3 Kg\/hekt\u00e1r<br \/>\nA vet\u0151magb\u00f3l t\u00f6rt\u00e9n\u0151 termel\u00e9s t\u00edpusai<br \/>\n\u00c1ltal\u00e1noss\u00e1gok:<\/p>\n<p>S\u00faly 100 gr<br \/>\n\u00dcltet\u00e9s szeptember-m\u00e1rcius<br \/>\nSz\u00fcret m\u00e1rcius-okt\u00f3ber<br \/>\nVeget\u00e1ci\u00f3 75 nap<\/p>\n<p>30 gr \/ csomag<\/p>\n","protected":false},"featured_media":25919,"comment_status":"closed","ping_status":"closed","template":"","meta":[],"product_brand":[],"product_cat":[386],"product_tag":[],"class_list":{"0":"post-25918","1":"product","2":"type-product","3":"status-publish","4":"has-post-thumbnail","6":"product_cat-zoldseg-vetomagok-bolgar-florian-vetomagok","8":"first","9":"instock","10":"taxable","11":"shipping-taxable","12":"purchasable","13":"product-type-simple"},"_links":{"self":[{"href":"https:\/\/chilimag.hu\/webshop\/wp-json\/wp\/v2\/product\/25918","targetHints":{"allow":["GET"]}}],"collection":[{"href":"https:\/\/chilimag.hu\/webshop\/wp-json\/wp\/v2\/product"}],"about":[{"href":"https:\/\/chilimag.hu\/webshop\/wp-json\/wp\/v2\/types\/product"}],"replies":[{"embeddable":true,"href":"https:\/\/chilimag.hu\/webshop\/wp-json\/wp\/v2\/comments?post=25918"}],"wp:featuredmedia":[{"embeddable":true,"href":"https:\/\/chilimag.hu\/webshop\/wp-json\/wp\/v2\/media\/25919"}],"wp:attachment":[{"href":"https:\/\/chilimag.hu\/webshop\/wp-json\/wp\/v2\/media?parent=25918"}],"wp:term":[{"taxonomy":"product_brand","embeddable":true,"href":"https:\/\/chilimag.hu\/webshop\/wp-json\/wp\/v2\/product_brand?post=25918"},{"taxonomy":"product_cat","embeddable":true,"href":"https:\/\/chilimag.hu\/webshop\/wp-json\/wp\/v2\/product_cat?post=25918"},{"taxonomy":"product_tag","embeddable":true,"href":"https:\/\/chilimag.hu\/webshop\/wp-json\/wp\/v2\/product_tag?post=25918"}],"curies":[{"name":"wp","href":"https:\/\/api.w.org\/{rel}","templated":true}]}}