{"id":25741,"date":"2023-10-13T18:28:17","date_gmt":"2023-10-13T18:28:17","guid":{"rendered":"https:\/\/chilimag.hu\/webshop\/?post_type=product&#038;p=25741"},"modified":"2025-08-11T09:02:02","modified_gmt":"2025-08-11T09:02:02","slug":"maldivian-heart","status":"publish","type":"product","link":"https:\/\/chilimag.hu\/webshop\/termek\/maldivian-heart\/","title":{"rendered":"Maldivian Heart"},"content":{"rendered":"","protected":false},"excerpt":{"rendered":"<p><img decoding=\"async\" src=\"https:\/\/chilimag.hu\/webshop\/wp-content\/uploads\/2014\/11\/chilimag-logo-2-150x150.jpg\" \/><\/p>\n<p>&nbsp;<\/p>\n<p>Le\u00edr\u00e1s<\/p>\n<p>Mald\u00edv sz\u00edv (Capsicum chinense) \u2013 A mald\u00edv sz\u00edvpaprika a Mald\u00edv-szigetek nemzet\u00e9b\u0151l \u00e9rkezik hozz\u00e1nk. M\u00e1s n\u00e9ven a Mald\u00edv K\u00f6zt\u00e1rsas\u00e1g \u201eMaldeeves\u201d-nek ejtik. A Mald\u00edv-szigetek egy kis csoportja a szigeteknek, amelyek az Indiai-\u00f3ce\u00e1n Arab-tenger\u00e9ben tal\u00e1lhat\u00f3k. Sr\u00ed Lank\u00e1t\u00f3l d\u00e9lnyugatra fekszenek, \u00e9s a legszebb feh\u00e9r homokos strandokr\u00f3l \u00e9s t\u00fcrkizk\u00e9k vizeir\u0151l ismertek. M\u00e9g ha tudod is, hogy olyan messze vannak a Karib-t\u00e9rs\u00e9gt\u0151l, sok olyan \u00e9telt is tal\u00e1lhatsz ott, amelyeket igen, Scotch Bonnets-b\u0151l k\u00e9sz\u00edtenek. A chilit is el\u0151szeretettel haszn\u00e1lj\u00e1k hal- \u00e9s rizs\u00e9telek \u00edzes\u00edt\u00e9s\u00e9re. Mivel k\u00f6zel vannak Indi\u00e1hoz, chilit is haszn\u00e1lnak currys \u00e9telekhez! A Maldivian Heart egy kiss\u00e9 torz alak\u00fa habanero t\u00edpus, amely olyan nagyok lehetnek, mint egy golflabda, \u00e9s z\u00f6ldr\u0151l pirosra \u00e9rnek. \u00cdze gy\u00fcm\u00f6lcs\u00f6s, h\u0151je pedig a hot habanero\u00e9hoz hasonl\u00f3.<\/p>\n<p>Capsicum Chinense<\/p>\n<p>Scoville:650.000-750.000-<\/p>\n<p>Gondoz\u00e1sa:A cs\u00edr\u00e1z\u00e1si h\u0151m\u00e9rs\u00e9klet 22\u00b0C \u00e9s 28\u00b0C k\u00f6z\u00f6tt van (cs\u00edr\u00e1z\u00e1si id\u0151: 8-21 nap); ez\u00e9rt \u00fcvegh\u00e1z \u00e9s f\u0171t\u0151sz\u0151nyeg haszn\u00e1lata javasolt. A n\u00f6v\u00e9nyeknek friss, j\u00f3l tr\u00e1gy\u00e1zott, v\u00edz\u00e1tereszt\u0151 talajra van sz\u00fcks\u00e9g\u00fck, nem t\u0171rik a bevizesed\u00e9st. Napos, v\u00e9dett helyre \u00fcltess\u00fck, ahol legal\u00e1bb 6 \u00f3ra \u2013 lehet\u0151leg t\u00f6bb \u2013 napf\u00e9ny \u00e9ri. Tedd ki a n\u00f6v\u00e9nyeket kb. 2-3 h\u00e9ttel az utols\u00f3 fagy ut\u00e1n. Mivel a n\u00f6v\u00e9nyeknek k\u00fcl\u00f6n\u00f6sen hossz\u00fa az \u00e9r\u00e9si ideje, \u00e9rdemes cser\u00e9pben termeszteni \u0151ket, \u00edgy a napk\u00f6zbeni h\u0151m\u00e9rs\u00e9klet 12\u00b0C al\u00e1 s\u00fcllyed\u00e9sekor k\u00f6nnyen be lehet vinni a n\u00f6v\u00e9nyt, \u00edgy minden gy\u00fcm\u00f6lcs be\u00e9rik. Ahhoz, hogy a n\u00f6v\u00e9nyt t\u00e9len is meg\u0151rizze, betakar\u00edt\u00e1s ut\u00e1n v\u00e1gja vissza 20 cm-rel, \u00e9s tegye vil\u00e1gos helyre, ahol legal\u00e1bb 15\u00b0C h\u0151m\u00e9rs\u00e9klet\u0171.<\/p>\n<p>A csomag 10 szem magot tartalmaz<\/p>\n","protected":false},"featured_media":25742,"comment_status":"closed","ping_status":"closed","template":"","meta":[],"product_brand":[],"product_cat":[8],"product_tag":[],"class_list":{"0":"post-25741","1":"product","2":"type-product","3":"status-publish","4":"has-post-thumbnail","6":"product_cat-paprika","8":"first","9":"instock","10":"taxable","11":"shipping-taxable","12":"purchasable","13":"product-type-simple"},"_links":{"self":[{"href":"https:\/\/chilimag.hu\/webshop\/wp-json\/wp\/v2\/product\/25741","targetHints":{"allow":["GET"]}}],"collection":[{"href":"https:\/\/chilimag.hu\/webshop\/wp-json\/wp\/v2\/product"}],"about":[{"href":"https:\/\/chilimag.hu\/webshop\/wp-json\/wp\/v2\/types\/product"}],"replies":[{"embeddable":true,"href":"https:\/\/chilimag.hu\/webshop\/wp-json\/wp\/v2\/comments?post=25741"}],"wp:featuredmedia":[{"embeddable":true,"href":"https:\/\/chilimag.hu\/webshop\/wp-json\/wp\/v2\/media\/25742"}],"wp:attachment":[{"href":"https:\/\/chilimag.hu\/webshop\/wp-json\/wp\/v2\/media?parent=25741"}],"wp:term":[{"taxonomy":"product_brand","embeddable":true,"href":"https:\/\/chilimag.hu\/webshop\/wp-json\/wp\/v2\/product_brand?post=25741"},{"taxonomy":"product_cat","embeddable":true,"href":"https:\/\/chilimag.hu\/webshop\/wp-json\/wp\/v2\/product_cat?post=25741"},{"taxonomy":"product_tag","embeddable":true,"href":"https:\/\/chilimag.hu\/webshop\/wp-json\/wp\/v2\/product_tag?post=25741"}],"curies":[{"name":"wp","href":"https:\/\/api.w.org\/{rel}","templated":true}]}}