{"id":25723,"date":"2023-10-13T12:51:14","date_gmt":"2023-10-13T12:51:14","guid":{"rendered":"https:\/\/chilimag.hu\/webshop\/?post_type=product&#038;p=25723"},"modified":"2025-08-11T07:57:11","modified_gmt":"2025-08-11T07:57:11","slug":"bonda-ma-jaqus-red","status":"publish","type":"product","link":"https:\/\/chilimag.hu\/webshop\/termek\/bonda-ma-jaqus-red\/","title":{"rendered":"Bonda Ma Jaqus Red"},"content":{"rendered":"","protected":false},"excerpt":{"rendered":"<p><img decoding=\"async\" src=\"https:\/\/chilimag.hu\/webshop\/wp-content\/uploads\/2014\/11\/chilimag-logo-2-150x150.jpg\" \/><\/p>\n<p>Le\u00edr\u00e1s<\/p>\n<p>Fedezze fel a kiv\u00e9teles \u00edz\u00e9r\u0151l h\u00edres Bonda Ma Jacques \u00a0ritka \u00e9s elragad\u00f3 paprik\u00e1t. Ezt a paprika nagyra \u00e9rt\u00e9kelik cs\u00edp\u0151s citrusos jegyei miatt, \u00edgy t\u00f6k\u00e9letes \u00edzletes sz\u00f3szok k\u00e9sz\u00edt\u00e9s\u00e9hez \u00e9s k\u00fcl\u00f6nf\u00e9le \u00e9telek \u00edzes\u00edt\u00e9s\u00e9hez. \u00c9l\u00e9nk piros sz\u00edn\u00e9vel ez a kompakt n\u00f6v\u00e9ny rengeteg z\u00f6lden indul\u00f3 h\u00fcvelyt hoz l\u00e9tre.<\/p>\n<p>A Scoville-sk\u00e1l\u00e1n 300 000-400 000 k\u00f6z\u00f6tti \u00e9rt\u00e9k\u0171 Bonda Ma Jacques paprika kiel\u00e9g\u00edt\u0151 f\u0171szerez\u00e9st biztos\u00edt. T\u00fczes l\u00f6k\u00e9st adnak kulin\u00e1ris alkot\u00e1sainak, \u00e9s grillen s\u00fclve, vagy ak\u00e1r eg\u00e9szben is fogyaszthatj\u00e1k azok, akik b\u00edrj\u00e1k a cs\u00edp\u0151set.<\/p>\n<p>Capsicum chinense<\/p>\n<p>Gondoz\u00e1s: A cs\u00edr\u00e1z\u00e1si h\u0151m\u00e9rs\u00e9klet 22\u00b0C \u00e9s 28\u00b0C k\u00f6z\u00f6tt van (cs\u00edr\u00e1z\u00e1si id\u0151: 8-21 nap); ez\u00e9rt \u00fcvegh\u00e1z \u00e9s f\u0171t\u0151sz\u0151nyeg haszn\u00e1lata javasolt. A n\u00f6v\u00e9nyeknek friss, j\u00f3l tr\u00e1gy\u00e1zott, v\u00edz\u00e1tereszt\u0151 talajra van sz\u00fcks\u00e9g\u00fck, nem t\u0171rik a bevizesed\u00e9st. Napos, v\u00e9dett helyre \u00fcltess\u00fck, ahol legal\u00e1bb 6 \u00f3ra \u2013 lehet\u0151leg t\u00f6bb \u2013 napf\u00e9ny \u00e9ri. Tedd ki a n\u00f6v\u00e9nyeket kb. 2-3 h\u00e9ttel az utols\u00f3 fagy ut\u00e1n. Mivel a n\u00f6v\u00e9nyeknek k\u00fcl\u00f6n\u00f6sen hossz\u00fa az \u00e9r\u00e9si ideje, \u00e9rdemes cser\u00e9pben termeszteni \u0151ket, \u00edgy a napk\u00f6zbeni h\u0151m\u00e9rs\u00e9klet 12\u00b0C al\u00e1 s\u00fcllyed\u00e9sekor k\u00f6nnyen be lehet vinni a n\u00f6v\u00e9nyt, \u00edgy minden gy\u00fcm\u00f6lcs be\u00e9rik. Ahhoz, hogy a n\u00f6v\u00e9nyt t\u00e9len is meg\u0151rizze, betakar\u00edt\u00e1s ut\u00e1n v\u00e1gja vissza 20 cm-rel, \u00e9s tegye vil\u00e1gos helyre, ahol legal\u00e1bb 15\u00b0C h\u0151m\u00e9rs\u00e9klet\u0171.<\/p>\n<p>A csomag 10 szem magot tartalmaz<\/p>\n","protected":false},"featured_media":25724,"comment_status":"closed","ping_status":"closed","template":"","meta":[],"product_brand":[],"product_cat":[8],"product_tag":[],"class_list":{"0":"post-25723","1":"product","2":"type-product","3":"status-publish","4":"has-post-thumbnail","6":"product_cat-paprika","8":"first","9":"instock","10":"taxable","11":"shipping-taxable","12":"purchasable","13":"product-type-simple"},"_links":{"self":[{"href":"https:\/\/chilimag.hu\/webshop\/wp-json\/wp\/v2\/product\/25723","targetHints":{"allow":["GET"]}}],"collection":[{"href":"https:\/\/chilimag.hu\/webshop\/wp-json\/wp\/v2\/product"}],"about":[{"href":"https:\/\/chilimag.hu\/webshop\/wp-json\/wp\/v2\/types\/product"}],"replies":[{"embeddable":true,"href":"https:\/\/chilimag.hu\/webshop\/wp-json\/wp\/v2\/comments?post=25723"}],"wp:featuredmedia":[{"embeddable":true,"href":"https:\/\/chilimag.hu\/webshop\/wp-json\/wp\/v2\/media\/25724"}],"wp:attachment":[{"href":"https:\/\/chilimag.hu\/webshop\/wp-json\/wp\/v2\/media?parent=25723"}],"wp:term":[{"taxonomy":"product_brand","embeddable":true,"href":"https:\/\/chilimag.hu\/webshop\/wp-json\/wp\/v2\/product_brand?post=25723"},{"taxonomy":"product_cat","embeddable":true,"href":"https:\/\/chilimag.hu\/webshop\/wp-json\/wp\/v2\/product_cat?post=25723"},{"taxonomy":"product_tag","embeddable":true,"href":"https:\/\/chilimag.hu\/webshop\/wp-json\/wp\/v2\/product_tag?post=25723"}],"curies":[{"name":"wp","href":"https:\/\/api.w.org\/{rel}","templated":true}]}}