{"id":25510,"date":"2023-09-12T18:46:07","date_gmt":"2023-09-12T18:46:07","guid":{"rendered":"https:\/\/chilimag.hu\/webshop\/?post_type=product&#038;p=25510"},"modified":"2025-09-08T17:43:15","modified_gmt":"2025-09-08T17:43:15","slug":"komplex-mutragya-granulatum-klormentes-4-kg-agr-sl","status":"publish","type":"product","link":"https:\/\/chilimag.hu\/webshop\/termek\/komplex-mutragya-granulatum-klormentes-4-kg-agr-sl\/","title":{"rendered":"Komplex m\u0171tr\u00e1gya granul\u00e1tum kl\u00f3rmentes 4 kg AGR SL"},"content":{"rendered":"","protected":false},"excerpt":{"rendered":"<p>Granul\u00e1lt kl\u00f3rmentes komplex m\u0171tr\u00e1gya kerti talaj (\u00fcvegh\u00e1zi talaj), z\u00f6lds\u00e9gek, vir\u00e1gok, kerti \u00e9s d\u00edszn\u00f6v\u00e9nyek tr\u00e1gy\u00e1z\u00e1s\u00e1hoz. Tr\u00e1gy\u00e1z\u00e1si javaslatok: pr\u00f3b\u00e1ljunk helyben vagy sz\u00e9les k\u00f6rben (gyep) tr\u00e1gy\u00e1zni. Helyezze a m\u0171tr\u00e1gy\u00e1t a talajba. A cserj\u00e9k \u00e9s f\u00e1k k\u00f6r\u00fcl az \u00e1gak koron\u00e1j\u00e1nak sz\u00e9less\u00e9g\u00e9ben tr\u00e1gy\u00e1zzunk. M\u0171tr\u00e1gya ar\u00e1nya: pal\u00e1nt\u00e1k, cs\u00edr\u00e1k &#8211; 20 g\/m2 (\u00fcltet\u00e9s el\u0151tt 1-2 alkalommal); kerti talaj 50-100 g\/m2 (1 alkalommal a teny\u00e9szid\u0151szak elej\u00e9n); z\u00f6lds\u00e9gek \u00e9s burgonya &#8211; 40-80 g\/m2 (2-3 alkalommal a veget\u00e1ci\u00f3s id\u0151szakban); vir\u00e1gok &#8211; 30 g\/m2 (3-szor a veget\u00e1ci\u00f3s id\u0151szakban); eper, gy\u00fcm\u00f6lcsbokrok, dekorat\u00edv n\u00f6v\u00e9nyek &#8211; 30-50 g\/m2 (3-4 alkalommal a veget\u00e1ci\u00f3s id\u0151szakban); gy\u00fcm\u00f6lcsf\u00e1k &#8211; 60-100 g\/m2 (3-4 alkalommal a veget\u00e1ci\u00f3s id\u0151szakban); p\u00e1zsit &#8211; 20-40 g\/m2 (2-3 alkalommal a veget\u00e1ci\u00f3s id\u0151szakban). EK-TR\u00c1GY\u00c1K. M\u0171tr\u00e1gya t\u00edpusa: B.1.1. NPK \u00e1sv\u00e1nyi m\u0171tr\u00e1gy\u00e1k magn\u00e9ziummal, k\u00e9nnel \u00e9s nyomelemekkel (b\u00f3r, vas, mang\u00e1n, cink) NPK (Mg, S) 12-11-18 (+2,7+20)+(B, Fe, Mn, Zn). Kiszerel\u00e9s: 4 kg.<\/p>\n<p>M\u0171tr\u00e1gya t\u00edpusa Granul\u00e1lt m\u0171tr\u00e1gy\u00e1k<br \/>\nGy\u00e1rt\u00f3 Agronom<br \/>\nKiszerel\u00e9s 4 kg<\/p>\n","protected":false},"featured_media":25511,"comment_status":"closed","ping_status":"closed","template":"","meta":[],"product_brand":[],"product_cat":[388],"product_tag":[],"class_list":{"0":"post-25510","1":"product","2":"type-product","3":"status-publish","4":"has-post-thumbnail","6":"product_cat-agronom-tapoldatok-es-noveny-apolok","8":"first","9":"instock","10":"taxable","11":"shipping-taxable","12":"purchasable","13":"product-type-simple"},"_links":{"self":[{"href":"https:\/\/chilimag.hu\/webshop\/wp-json\/wp\/v2\/product\/25510","targetHints":{"allow":["GET"]}}],"collection":[{"href":"https:\/\/chilimag.hu\/webshop\/wp-json\/wp\/v2\/product"}],"about":[{"href":"https:\/\/chilimag.hu\/webshop\/wp-json\/wp\/v2\/types\/product"}],"replies":[{"embeddable":true,"href":"https:\/\/chilimag.hu\/webshop\/wp-json\/wp\/v2\/comments?post=25510"}],"wp:featuredmedia":[{"embeddable":true,"href":"https:\/\/chilimag.hu\/webshop\/wp-json\/wp\/v2\/media\/25511"}],"wp:attachment":[{"href":"https:\/\/chilimag.hu\/webshop\/wp-json\/wp\/v2\/media?parent=25510"}],"wp:term":[{"taxonomy":"product_brand","embeddable":true,"href":"https:\/\/chilimag.hu\/webshop\/wp-json\/wp\/v2\/product_brand?post=25510"},{"taxonomy":"product_cat","embeddable":true,"href":"https:\/\/chilimag.hu\/webshop\/wp-json\/wp\/v2\/product_cat?post=25510"},{"taxonomy":"product_tag","embeddable":true,"href":"https:\/\/chilimag.hu\/webshop\/wp-json\/wp\/v2\/product_tag?post=25510"}],"curies":[{"name":"wp","href":"https:\/\/api.w.org\/{rel}","templated":true}]}}