{"id":25495,"date":"2023-09-12T18:13:39","date_gmt":"2023-09-12T18:13:39","guid":{"rendered":"https:\/\/chilimag.hu\/webshop\/?post_type=product&#038;p=25495"},"modified":"2024-07-05T18:09:14","modified_gmt":"2024-07-05T18:09:14","slug":"komplex-mutragya-granulatum-zoldseg-disznoveny-gyep-tragyazashoz-2-kg-agr-sl","status":"publish","type":"product","link":"https:\/\/chilimag.hu\/webshop\/termek\/komplex-mutragya-granulatum-zoldseg-disznoveny-gyep-tragyazashoz-2-kg-agr-sl\/","title":{"rendered":"Komplex m\u0171tr\u00e1gya granul\u00e1tum (z\u00f6lds\u00e9g d\u00edszn\u00f6v\u00e9ny gyep tr\u00e1gy\u00e1z\u00e1shoz )2 kg AGR SL"},"content":{"rendered":"","protected":false},"excerpt":{"rendered":"<p>Granul\u00e1lt komplex m\u0171tr\u00e1gy\u00e1k kerti talaj d\u00fas\u00edt\u00e1s\u00e1ra, z\u00f6lds\u00e9g-, d\u00edsz- \u00e9s d\u00edszn\u00f6v\u00e9nyek, gyepek termeszt\u00e9s\u00e9re. Tr\u00e1gy\u00e1z\u00e1si javaslatok: pr\u00f3b\u00e1ljunk helyben vagy sz\u00e9les k\u00f6rben (gyep) tr\u00e1gy\u00e1zni. Helyezze a m\u0171tr\u00e1gy\u00e1t a talajba. A cserj\u00e9k \u00e9s f\u00e1k k\u00f6r\u00fcl az \u00e1gak koron\u00e1j\u00e1nak sz\u00e9less\u00e9g\u00e9ben tr\u00e1gy\u00e1zzunk. M\u0171tr\u00e1gyamennyis\u00e9g: kerti talaj 50-100 g\/m2; z\u00f6lds\u00e9gek &#8211; 40-60 g \/ m2; gy\u00fcm\u00f6lcsbokrok \u00e9s dekorat\u00edv n\u00f6v\u00e9nyek &#8211; 30-50 g\/m2; gy\u00fcm\u00f6lcsf\u00e1k &#8211; 60-100 g\/m2; p\u00e1zsit &#8211; 20-40 g\/m2. EK-TR\u00c1GY\u00c1K. M\u0171tr\u00e1gya t\u00edpusa: B.1.1. NPK \u00e1sv\u00e1nyi m\u0171tr\u00e1gy\u00e1k magn\u00e9ziummal, k\u00e9nnel \u00e9s nyomelemekkel (b\u00f3r, vas, mang\u00e1n, cink) NPK (Mg, S) 7-20-28 (+2+7,5)+(B, Fe, Mn, Zn). Kiszerel\u00e9s: 2 kg.<\/p>\n<p>M\u0171tr\u00e1gya t\u00edpusa Granul\u00e1lt m\u0171tr\u00e1gy\u00e1k<br \/>\nGy\u00e1rt\u00f3 Agronom<br \/>\nKiszerel\u00e9s 2 kg<\/p>\n","protected":false},"featured_media":25496,"comment_status":"closed","ping_status":"closed","template":"","meta":[],"product_brand":[],"product_cat":[388],"product_tag":[],"class_list":{"0":"post-25495","1":"product","2":"type-product","3":"status-publish","4":"has-post-thumbnail","6":"product_cat-agronom-tapoldatok-es-noveny-apolok","8":"first","9":"instock","10":"taxable","11":"shipping-taxable","12":"purchasable","13":"product-type-simple"},"_links":{"self":[{"href":"https:\/\/chilimag.hu\/webshop\/wp-json\/wp\/v2\/product\/25495","targetHints":{"allow":["GET"]}}],"collection":[{"href":"https:\/\/chilimag.hu\/webshop\/wp-json\/wp\/v2\/product"}],"about":[{"href":"https:\/\/chilimag.hu\/webshop\/wp-json\/wp\/v2\/types\/product"}],"replies":[{"embeddable":true,"href":"https:\/\/chilimag.hu\/webshop\/wp-json\/wp\/v2\/comments?post=25495"}],"wp:featuredmedia":[{"embeddable":true,"href":"https:\/\/chilimag.hu\/webshop\/wp-json\/wp\/v2\/media\/25496"}],"wp:attachment":[{"href":"https:\/\/chilimag.hu\/webshop\/wp-json\/wp\/v2\/media?parent=25495"}],"wp:term":[{"taxonomy":"product_brand","embeddable":true,"href":"https:\/\/chilimag.hu\/webshop\/wp-json\/wp\/v2\/product_brand?post=25495"},{"taxonomy":"product_cat","embeddable":true,"href":"https:\/\/chilimag.hu\/webshop\/wp-json\/wp\/v2\/product_cat?post=25495"},{"taxonomy":"product_tag","embeddable":true,"href":"https:\/\/chilimag.hu\/webshop\/wp-json\/wp\/v2\/product_tag?post=25495"}],"curies":[{"name":"wp","href":"https:\/\/api.w.org\/{rel}","templated":true}]}}