{"id":25471,"date":"2023-09-10T18:17:17","date_gmt":"2023-09-10T18:17:17","guid":{"rendered":"https:\/\/chilimag.hu\/webshop\/?post_type=product&#038;p=25471"},"modified":"2024-09-28T19:25:39","modified_gmt":"2024-09-28T19:25:39","slug":"eper-es-bogyos-gyumolcsokhoz-mutragya-4-kg","status":"publish","type":"product","link":"https:\/\/chilimag.hu\/webshop\/termek\/eper-es-bogyos-gyumolcsokhoz-mutragya-4-kg\/","title":{"rendered":"Eper \u00e9s bogy\u00f3s gy\u00fcm\u00f6lcs\u00f6kh\u00f6z m\u0171tr\u00e1gya 4 kg AGR SL"},"content":{"rendered":"","protected":false},"excerpt":{"rendered":"<p>EPER- \u00c9S Gy\u00fcm\u00f6lcsbokrok-hoz TR\u00c1GYA<br \/>\nGranul\u00e1lt kl\u00f3rmentes komplex m\u0171tr\u00e1gya kerti n\u00f6v\u00e9nyek hajt\u00e1saihoz \u00e9s csemet\u00e9ihez, szam\u00f3c\u00e1hoz, egy\u00e9b bogy\u00f3s n\u00f6v\u00e9nyekhez \u00e9s gy\u00fcm\u00f6lcsbokrokhoz, gy\u00fcm\u00f6lcsf\u00e1khoz.<br \/>\nTr\u00e1gy\u00e1z\u00e1si javaslatok: szeg\u00e9nyes \u00e9s m\u0171tr\u00e1gy\u00e1t adjon a talajba \u00fcltet\u00e9s el\u0151tt vagy a veget\u00e1ci\u00f3 elej\u00e9n, majd a m\u00e1sik r\u00e9sz\u00e9t a veget\u00e1ci\u00f3 sor\u00e1n. Bokrok \u00e9s f\u00e1k eset\u00e9ben az \u00e1gak sz\u00e9tter\u00fcl\u00e9se alatt (koronater\u00edt\u00e9s) alkalmazzuk. Tr\u00e1gy\u00e1z\u00e1si ar\u00e1ny: hajt\u00e1sok \u00e9s facsemet\u00e9k \u2013 25 g\/m2 szam\u00f3ca, erdei szam\u00f3ca, hanga, sz\u0151l\u0151, egy\u00e9b bogy\u00f3s n\u00f6v\u00e9nyek \u00e9s gy\u00fcm\u00f6lcsbokrok \u2013 30-80 g\/m2, gy\u00fcm\u00f6lcsf\u00e1k \u2013 100-150 g\/m2.<br \/>\nEK TR\u00c1GYA. M\u0171tr\u00e1gya t\u00edpusa: B.1.1. NPK \u00e1sv\u00e1nyi m\u0171tr\u00e1gya magn\u00e9ziummal, k\u00e9nnel \u00e9s nyomelemekkel (b\u00f3r, cink) NPK (Mg, S) 12-12-17 (+2+35)+(B, Zn).<br \/>\n\u00d6sszet\u00e9tel: nitrog\u00e9n (N) \u2013 12% (amm\u00f3ni\u00e1s nitrog\u00e9n N-NH4 \u2013 12%) foszfor-pentoxid (P2O5) \u2013 12% (ebb\u0151l v\u00edzoldhat\u00f3 \u2013 10,5%) v\u00edzben old\u00f3d\u00f3 k\u00e1lium-oxid (K2O) \u2013 17% magn\u00e9zium-oxid (MgO) \u2013 2% k\u00e9n-trioxid (SO3) \u2013 35% b\u00f3r (B) \u2013 0,02% cink (Zn) \u2013 0,01%.<br \/>\nFizikai v\u00e1ltoz\u00e1sok eset\u00e9n a m\u0171tr\u00e1gya t\u00e1panyag tulajdons\u00e1gai nem v\u00e1ltoznak. Ha a m\u0171tr\u00e1gy\u00e1t sz\u00e1raz helyen, k\u00f6zvetlen napf\u00e9nyt\u0151l v\u00e9dett helyen t\u00e1rolj\u00e1k, az eltarthat\u00f3s\u00e1gi id\u0151 korl\u00e1tlan. \u00d3vint\u00e9zked\u00e9sre vonatkoz\u00f3 mondatok: Gyermekek el\u0151l elz\u00e1rva tartand\u00f3 (P102). Ruh\u00e1zatt\u00f3l, vegyszerekt\u0151l \u00e9s \u00e9ghet\u0151 anyagokt\u00f3l t\u00e1vol tartand\u00f3\/t\u00e1rolhat\u00f3 (P220). Nedvess\u00e9gt\u0151l \u00e9s napf\u00e9nyt\u0151l v\u00e9dve (P232+P410). A szappannal val\u00f3 kezel\u00e9s ut\u00e1n alaposan mosson kezet (P264). Ker\u00fclni kell a k\u00f6rnyezetbe jut\u00e1st (P273). Viseljen v\u00e9d\u0151keszty\u0171t\/v\u00e9d\u0151ruh\u00e1zatot\/szemv\u00e9d\u0151t\/arcv\u00e9d\u0151t (P280). SZEMBE KER\u00dcL\u00c9S ESET\u00c9N: t\u00f6bb percig tart\u00f3 \u00f3vatos \u00f6bl\u00edt\u00e9s v\u00edzzel, t\u00e1vol\u00edtsa el a kontaktlencs\u00e9ket, ha van \u00e9s k\u00f6nnyen elv\u00e9gezhet\u0151, folytassa az \u00f6bl\u00edt\u00e9st, ha a szemirrit\u00e1ci\u00f3 nem m\u00falik el: k\u00e9rjen orvosi tan\u00e1csot\/figyelmet (P305+P351+P338+P337+P313). HA B\u0150RRE KER\u00dcL: b\u0151 szappannal \u00e9s v\u00edzzel le kell mosni, ha b\u0151rirrit\u00e1ci\u00f3 l\u00e9p fel: orvoshoz kell fordulni (P302+P352+P332+P313). LENYEL\u00c9S ESET\u00c9N: rosszull\u00e9t eset\u00e9n forduljon TOXIKOL\u00d3GIAI K\u00d6ZPONTHOZ vagy orvoshoz, \u00f6bl\u00edtse ki a sz\u00e1jat, NE v\u00e9gezzen h\u00e1nytat\u00e1st (P301+P312+P330+P331). +5 \u00e9s +25\u00b0C k\u00f6z\u00f6tti h\u0151m\u00e9rs\u00e9kleten t\u00e1roland\u00f3. \u00c9lelmiszert\u0151l, italt\u00f3l \u00e9s takarm\u00e1nyt\u00f3l t\u00e1vol t\u00e1roland\u00f3 (P401). A tartalom\/ed\u00e9ny \u00e1rtalmatlan\u00edt\u00e1sa a helyi el\u0151\u00edr\u00e1soknak megfelel\u0151en (P501).<\/p>\n<p>Mennyis\u00e9g egy csomagban 4 kg<br \/>\nM\u0171tr\u00e1gya t\u00edpusa Granul\u00e1lt m\u0171tr\u00e1gy\u00e1k<br \/>\nA m\u0171tr\u00e1gya c\u00e9lja Alaptr\u00e1gy\u00e1z\u00e1shoz<br \/>\nGy\u00e1rt\u00f3 Agronom<br \/>\nKiszerel\u00e9s 4 kg<br \/>\nNPK NPK 12-12-17<\/p>\n","protected":false},"featured_media":25472,"comment_status":"closed","ping_status":"closed","template":"","meta":[],"product_brand":[],"product_cat":[388],"product_tag":[],"class_list":{"0":"post-25471","1":"product","2":"type-product","3":"status-publish","4":"has-post-thumbnail","6":"product_cat-agronom-tapoldatok-es-noveny-apolok","8":"first","9":"instock","10":"taxable","11":"shipping-taxable","12":"purchasable","13":"product-type-simple"},"_links":{"self":[{"href":"https:\/\/chilimag.hu\/webshop\/wp-json\/wp\/v2\/product\/25471","targetHints":{"allow":["GET"]}}],"collection":[{"href":"https:\/\/chilimag.hu\/webshop\/wp-json\/wp\/v2\/product"}],"about":[{"href":"https:\/\/chilimag.hu\/webshop\/wp-json\/wp\/v2\/types\/product"}],"replies":[{"embeddable":true,"href":"https:\/\/chilimag.hu\/webshop\/wp-json\/wp\/v2\/comments?post=25471"}],"wp:featuredmedia":[{"embeddable":true,"href":"https:\/\/chilimag.hu\/webshop\/wp-json\/wp\/v2\/media\/25472"}],"wp:attachment":[{"href":"https:\/\/chilimag.hu\/webshop\/wp-json\/wp\/v2\/media?parent=25471"}],"wp:term":[{"taxonomy":"product_brand","embeddable":true,"href":"https:\/\/chilimag.hu\/webshop\/wp-json\/wp\/v2\/product_brand?post=25471"},{"taxonomy":"product_cat","embeddable":true,"href":"https:\/\/chilimag.hu\/webshop\/wp-json\/wp\/v2\/product_cat?post=25471"},{"taxonomy":"product_tag","embeddable":true,"href":"https:\/\/chilimag.hu\/webshop\/wp-json\/wp\/v2\/product_tag?post=25471"}],"curies":[{"name":"wp","href":"https:\/\/api.w.org\/{rel}","templated":true}]}}