{"id":25404,"date":"2023-09-08T17:50:50","date_gmt":"2023-09-08T17:50:50","guid":{"rendered":"https:\/\/chilimag.hu\/webshop\/?post_type=product&#038;p=25404"},"modified":"2025-04-09T22:06:59","modified_gmt":"2025-04-09T22:06:59","slug":"univerzalis-magveto-tozeg-32l","status":"publish","type":"product","link":"https:\/\/chilimag.hu\/webshop\/termek\/univerzalis-magveto-tozeg-32l\/","title":{"rendered":"Univerz\u00e1lis magvet\u0151 t\u0151zeg 32L SL"},"content":{"rendered":"","protected":false},"excerpt":{"rendered":"<p>TALAJ \u201eUNIVERZ\u00c1LIS\u201d<br \/>\nUniverz\u00e1lis talaj, alkalmas magcs\u00edr\u00e1k, cs\u00edr\u00e1k (eltol\u00f3d\u00e1sok) termeszt\u00e9s\u00e9re \u00e9s szapor\u00edt\u00e1s\u00e1ra, z\u00f6lds\u00e9gek, vir\u00e1gok, d\u00edszn\u00f6v\u00e9nyek, gy\u00fcm\u00f6lcs\u00f6s\u00f6k termeszt\u00e9s\u00e9re \u00e9s \u00fajratelep\u00edt\u00e9s\u00e9re. Alkalmas p\u00e1zsit \u00e9s talaj mulcsoz\u00e1s\u00e1ra, z\u00f6ld k\u00f6rnyezet \u00e1pol\u00e1s\u00e1ra \u00e9s telep\u00edt\u00e9s\u00e9re is.<\/p>\n<p style=\"font-weight: 400;\">Teny\u00e9sz k\u00f6zeg. C\u00e9l: univerz\u00e1lis, speci\u00e1lis recept szerint bio-\u00e9s \u00e1sv\u00e1nyi anyagb\u00f3l szakszer\u0171en el\u0151k\u00e9sz\u00edt\u00e9st talaj magvak cs\u00edr\u00e1ztat\u00e1s\u00e1hoz, pal\u00e1nta, pal\u00e1nta szapor\u00edt\u00e1s\u00e1ra \u00e9s termeszt\u00e9s\u00e9re, z\u00f6lds\u00e9gek, vir\u00e1gok,. d\u00edszn\u00f6v\u00e9nyek, gy\u00fcm\u00f6lcsbokrok \u00e9s gy\u00fcm\u00f6lcsf\u00e1k termeszt\u00e9s\u00e9re \u00e9s \u00e1t\u00fcltet\u00e9s\u00e9re, s\u00edrok kezel\u00e9s\u00e9re, az \u00fcltet\u00e9si ter\u00fcletek kieg\u00e9sz\u00edt\u00e9se \u00e9s jav\u00edt\u00e1sa, p\u00e1zsit \u00e9s talaj mulcsoz\u00e1sa, z\u00f6ldfel\u00fcletek kezel\u00e9se \u00e9s telep\u00edt\u00e9se. A talaj kiegyens\u00falyozott t\u00e1panyagtartalm\u00fa, por\u00f3zus j\u00f3l felsz\u00edvja a vizet, megtartja a nedvess\u00e9get, betegs\u00e9gmentes. A talajban jelenl\u00e9v\u0151 makro \u00e9s mikroelemek, humin \u00e9s aminosavak k\u00f6nnyen felsz\u00edv\u00f3dnak, a n\u00f6v\u00e9nyek gyorsabban gy\u00f6kereznek \u00e9s n\u00f6vekednek, n\u00f6vekszik vitalit\u00e1sa \u00e9s term\u0151k\u00e9pess\u00e9ge, a n\u00f6v\u00e9nyek teny\u00e9szid\u0151szakban kevesebb p\u00f3ttr\u00e1gy\u00e1z\u00e1st ig\u00e9nyelnek.<\/p>\n<p style=\"font-weight: 400;\">\u00d6sszet\u00e9tel: k\u00fcl\u00f6nb\u00f6z\u0151 t\u00edpus\u00fa t\u0151zeg, szerves tr\u00e1gy\u00e1k, \u00e1sv\u00e1nyi m\u0171tr\u00e1gy\u00e1k, m\u00e9szp\u00f3r, nedsz\u00edv\u00f3 k\u00e9pess\u00e9g\u00e9t jav\u00edt\u00f3, anyagok. A talajban tal\u00e1lhat\u00f3 makro \u00e9s mikroelemek, humin \u00e9s aminosavak k\u00f6nnyen felsz\u00edv\u00f3dnak, a n\u00f6v\u00e9nyek gyorsabban gy\u00f6kereznek \u00e9s n\u00f6vekednek, dekorat\u00edvabbak lesznek, n\u00f6vekszik a vitalit\u00e1suk \u00e9s term\u0151k\u00e9pess\u00e9g\u00fck, a n\u00f6v\u00e9nyeknek kevesebb p\u00f3tr\u00e1gy\u00e1z\u00e1sra van sz\u00fcks\u00e9g\u00fck a teny\u00e9szid\u0151szakban.<\/p>\n<p style=\"font-weight: 400;\">Deklar\u00e1lt min\u0151s\u00e9gi mutat\u00f3k: pH-5,5-6,5, elektromos vezet\u0151k\u00e9pess\u00e9g (EC)-1,0 mS\/cm, szerves anyag-93%, \u00f6sszesen nitrog\u00e9n (N) 0,2%, \u00f6sszes foszfor (P203) 0,007%, \u00f6sszes k\u00e1lium (K20) 0,05%, p\u00e1ratartalom-legfeljebb 60%.<\/p>\n<p>T\u00e9rfogat t\u00f6lt\u00e9skor 32 l<br \/>\nC\u00e9l z\u00f6lds\u00e9gekhez, Univerz\u00e1lis, Szoban\u00f6v\u00e9nyekhez, Pal\u00e1nt\u00e1khoz, Vir\u00e1gokhoz<br \/>\nGy\u00e1rt\u00f3 Agronom<br \/>\nKiszerel\u00e9s 32 l<\/p>\n","protected":false},"featured_media":25405,"comment_status":"closed","ping_status":"closed","template":"","meta":[],"product_brand":[],"product_cat":[371],"product_tag":[],"class_list":{"0":"post-25404","1":"product","2":"type-product","3":"status-publish","4":"has-post-thumbnail","6":"product_cat-seklos-lt-tozegek","8":"first","9":"instock","10":"taxable","11":"shipping-taxable","12":"purchasable","13":"product-type-simple"},"_links":{"self":[{"href":"https:\/\/chilimag.hu\/webshop\/wp-json\/wp\/v2\/product\/25404","targetHints":{"allow":["GET"]}}],"collection":[{"href":"https:\/\/chilimag.hu\/webshop\/wp-json\/wp\/v2\/product"}],"about":[{"href":"https:\/\/chilimag.hu\/webshop\/wp-json\/wp\/v2\/types\/product"}],"replies":[{"embeddable":true,"href":"https:\/\/chilimag.hu\/webshop\/wp-json\/wp\/v2\/comments?post=25404"}],"wp:featuredmedia":[{"embeddable":true,"href":"https:\/\/chilimag.hu\/webshop\/wp-json\/wp\/v2\/media\/25405"}],"wp:attachment":[{"href":"https:\/\/chilimag.hu\/webshop\/wp-json\/wp\/v2\/media?parent=25404"}],"wp:term":[{"taxonomy":"product_brand","embeddable":true,"href":"https:\/\/chilimag.hu\/webshop\/wp-json\/wp\/v2\/product_brand?post=25404"},{"taxonomy":"product_cat","embeddable":true,"href":"https:\/\/chilimag.hu\/webshop\/wp-json\/wp\/v2\/product_cat?post=25404"},{"taxonomy":"product_tag","embeddable":true,"href":"https:\/\/chilimag.hu\/webshop\/wp-json\/wp\/v2\/product_tag?post=25404"}],"curies":[{"name":"wp","href":"https:\/\/api.w.org\/{rel}","templated":true}]}}