{"id":25226,"date":"2023-07-27T18:01:20","date_gmt":"2023-07-27T18:01:20","guid":{"rendered":"https:\/\/chilimag.hu\/webshop\/?post_type=product&#038;p=25226"},"modified":"2023-07-27T18:01:23","modified_gmt":"2023-07-27T18:01:23","slug":"fitohorm-turbo-ken-1-l","status":"publish","type":"product","link":"https:\/\/chilimag.hu\/webshop\/termek\/fitohorm-turbo-ken-1-l\/","title":{"rendered":"Fitohorm Turbo K\u00e9n 1 L"},"content":{"rendered":"<h5>Felhaszn\u00e1l\u00e1si javaslat:<\/h5>\n<ul class=\"fa-ul\">\n<li>lev\u00e9ltr\u00e1gy\u00e1z\u00e1sra: 2-3 l\/ha\/alkalom, h\u00e1zikertben 1-2 %-os t\u00f6m\u00e9nys\u00e9gben (1-2 dl\/10 l v\u00edz)<\/li>\n<li>t\u00e1poldatoz\u00e1sra: 0,1-0,5 %-os t\u00f6m\u00e9nys\u00e9gben (1-5 l \/1000 l v\u00edz)<\/li>\n<li>A kezel\u00e9seket a t\u00e1panyaghi\u00e1ny m\u00e9rt\u00e9k\u00e9nek megfelel\u0151en 2-6 alkalommal ism\u00e9telni lehet a teny\u00e9szid\u0151szak folyam\u00e1n.<\/li>\n<\/ul>\n","protected":false},"excerpt":{"rendered":"<p>A FitoHorm Turbo K\u00e9n n\u00f6veli a n\u00f6v\u00e9nyek ellen\u00e1ll\u00f3-k\u00e9pess\u00e9g\u00e9t, fiziol\u00f3giai teljes\u00edt\u0151 k\u00e9pess\u00e9g\u00e9t, fejl\u0151d\u00e9s\u00e9t, \u00e9s fokozza azok term\u00e9smennyis\u00e9g\u00e9t. Jav\u00edtja a nitrog\u00e9n felv\u00e9tel\u00e9t, annak hasznosul\u00e1s\u00e1t.<\/p>\n<p>N\u00f6veli a n\u00f6v\u00e9nyek sz\u00e1razanyag-tartalm\u00e1t, \u00e9s m\u00e9rs\u00e9kli az asz\u00e1lyk\u00e1rt. Fokozza a feh\u00e9rje- \u00e9s olajtermel\u00e9s\u00e9t. Seg\u00edti a kiv\u00e1l\u00f3 \u00e9lelmiszer-ipari param\u00e9terek \u00e9s takarm\u00e1nymin\u0151s\u00e9g kifejl\u0151d\u00e9s\u00e9t.<\/p>\n<p>Term\u00e9k \u00f6sszet\u00e9tele (m\/v %):<br \/>\nN: 20<br \/>\nSO<sub>3<\/sub>: 60<\/p>\n<p>Kiszerel\u00e9s: 1l<\/p>\n","protected":false},"featured_media":25227,"comment_status":"closed","ping_status":"closed","template":"","meta":[],"product_brand":[],"product_cat":[389],"product_tag":[],"class_list":{"0":"post-25226","1":"product","2":"type-product","3":"status-publish","4":"has-post-thumbnail","6":"product_cat-fitohorm","8":"first","9":"instock","10":"taxable","11":"shipping-taxable","12":"purchasable","13":"product-type-simple"},"_links":{"self":[{"href":"https:\/\/chilimag.hu\/webshop\/wp-json\/wp\/v2\/product\/25226","targetHints":{"allow":["GET"]}}],"collection":[{"href":"https:\/\/chilimag.hu\/webshop\/wp-json\/wp\/v2\/product"}],"about":[{"href":"https:\/\/chilimag.hu\/webshop\/wp-json\/wp\/v2\/types\/product"}],"replies":[{"embeddable":true,"href":"https:\/\/chilimag.hu\/webshop\/wp-json\/wp\/v2\/comments?post=25226"}],"wp:featuredmedia":[{"embeddable":true,"href":"https:\/\/chilimag.hu\/webshop\/wp-json\/wp\/v2\/media\/25227"}],"wp:attachment":[{"href":"https:\/\/chilimag.hu\/webshop\/wp-json\/wp\/v2\/media?parent=25226"}],"wp:term":[{"taxonomy":"product_brand","embeddable":true,"href":"https:\/\/chilimag.hu\/webshop\/wp-json\/wp\/v2\/product_brand?post=25226"},{"taxonomy":"product_cat","embeddable":true,"href":"https:\/\/chilimag.hu\/webshop\/wp-json\/wp\/v2\/product_cat?post=25226"},{"taxonomy":"product_tag","embeddable":true,"href":"https:\/\/chilimag.hu\/webshop\/wp-json\/wp\/v2\/product_tag?post=25226"}],"curies":[{"name":"wp","href":"https:\/\/api.w.org\/{rel}","templated":true}]}}