{"id":25186,"date":"2023-07-25T09:48:11","date_gmt":"2023-07-25T09:48:11","guid":{"rendered":"https:\/\/chilimag.hu\/webshop\/?post_type=product&#038;p=25186"},"modified":"2023-09-17T13:54:04","modified_gmt":"2023-09-17T13:54:04","slug":"madarijeszto-fy18-varju","status":"publish","type":"product","link":"https:\/\/chilimag.hu\/webshop\/termek\/madarijeszto-fy18-varju\/","title":{"rendered":"Mad\u00e1rijeszt\u0151 FY18 (Varj\u00fa)"},"content":{"rendered":"","protected":false},"excerpt":{"rendered":"<p>M\u0171anyag varj\u00fa mad\u00e1rijeszt\u0151, korl\u00e1tra szerelhet\u0151, mely elriassza a galambokat.<br \/>\nM\u00e9retei magass\u00e1ga 22 cm, sz\u00e9less\u00e9ge 13 cm, m\u00e9lys\u00e9ge 36 cm.<\/p>\n","protected":false},"featured_media":25601,"comment_status":"closed","ping_status":"closed","template":"","meta":[],"product_brand":[],"product_cat":[340],"product_tag":[],"class_list":{"0":"post-25186","1":"product","2":"type-product","3":"status-publish","4":"has-post-thumbnail","6":"product_cat-kartevo-csapdak","8":"first","9":"instock","10":"taxable","11":"shipping-taxable","12":"purchasable","13":"product-type-simple"},"_links":{"self":[{"href":"https:\/\/chilimag.hu\/webshop\/wp-json\/wp\/v2\/product\/25186","targetHints":{"allow":["GET"]}}],"collection":[{"href":"https:\/\/chilimag.hu\/webshop\/wp-json\/wp\/v2\/product"}],"about":[{"href":"https:\/\/chilimag.hu\/webshop\/wp-json\/wp\/v2\/types\/product"}],"replies":[{"embeddable":true,"href":"https:\/\/chilimag.hu\/webshop\/wp-json\/wp\/v2\/comments?post=25186"}],"wp:featuredmedia":[{"embeddable":true,"href":"https:\/\/chilimag.hu\/webshop\/wp-json\/wp\/v2\/media\/25601"}],"wp:attachment":[{"href":"https:\/\/chilimag.hu\/webshop\/wp-json\/wp\/v2\/media?parent=25186"}],"wp:term":[{"taxonomy":"product_brand","embeddable":true,"href":"https:\/\/chilimag.hu\/webshop\/wp-json\/wp\/v2\/product_brand?post=25186"},{"taxonomy":"product_cat","embeddable":true,"href":"https:\/\/chilimag.hu\/webshop\/wp-json\/wp\/v2\/product_cat?post=25186"},{"taxonomy":"product_tag","embeddable":true,"href":"https:\/\/chilimag.hu\/webshop\/wp-json\/wp\/v2\/product_tag?post=25186"}],"curies":[{"name":"wp","href":"https:\/\/api.w.org\/{rel}","templated":true}]}}