{"id":25135,"date":"2023-07-19T19:19:49","date_gmt":"2023-07-19T19:19:49","guid":{"rendered":"https:\/\/chilimag.hu\/webshop\/?post_type=product&#038;p=25135"},"modified":"2025-01-02T20:06:04","modified_gmt":"2025-01-02T20:06:04","slug":"kionto-oz27","status":"publish","type":"product","link":"https:\/\/chilimag.hu\/webshop\/termek\/kionto-oz27\/","title":{"rendered":"Ki\u00f6nt\u0151 (OZ27)"},"content":{"rendered":"","protected":false},"excerpt":{"rendered":"<p>R\u00e9gies cink ki\u00f6nt\u0151, melyet haszn\u00e1lhat locsol\u00f3nak vagy ak\u00e1r v\u00e1z\u00e1nak.<br \/>\nM\u00e9rete magass\u00e1g 20 cm, sz\u00e9less\u00e9ge: 21 cm, m\u00e9lys\u00e9ge: 12 cm<br \/>\nS\u00falya: 0,15 kg<\/p>\n","protected":false},"featured_media":25600,"comment_status":"closed","ping_status":"closed","template":"","meta":[],"product_brand":[],"product_cat":[467],"product_tag":[],"class_list":{"0":"post-25135","1":"product","2":"type-product","3":"status-publish","4":"has-post-thumbnail","6":"product_cat-locsolas-viz-es-talaj-vizsgalo-eszkozok","8":"first","9":"instock","10":"taxable","11":"shipping-taxable","12":"purchasable","13":"product-type-simple"},"_links":{"self":[{"href":"https:\/\/chilimag.hu\/webshop\/wp-json\/wp\/v2\/product\/25135","targetHints":{"allow":["GET"]}}],"collection":[{"href":"https:\/\/chilimag.hu\/webshop\/wp-json\/wp\/v2\/product"}],"about":[{"href":"https:\/\/chilimag.hu\/webshop\/wp-json\/wp\/v2\/types\/product"}],"replies":[{"embeddable":true,"href":"https:\/\/chilimag.hu\/webshop\/wp-json\/wp\/v2\/comments?post=25135"}],"wp:featuredmedia":[{"embeddable":true,"href":"https:\/\/chilimag.hu\/webshop\/wp-json\/wp\/v2\/media\/25600"}],"wp:attachment":[{"href":"https:\/\/chilimag.hu\/webshop\/wp-json\/wp\/v2\/media?parent=25135"}],"wp:term":[{"taxonomy":"product_brand","embeddable":true,"href":"https:\/\/chilimag.hu\/webshop\/wp-json\/wp\/v2\/product_brand?post=25135"},{"taxonomy":"product_cat","embeddable":true,"href":"https:\/\/chilimag.hu\/webshop\/wp-json\/wp\/v2\/product_cat?post=25135"},{"taxonomy":"product_tag","embeddable":true,"href":"https:\/\/chilimag.hu\/webshop\/wp-json\/wp\/v2\/product_tag?post=25135"}],"curies":[{"name":"wp","href":"https:\/\/api.w.org\/{rel}","templated":true}]}}