{"id":24842,"date":"2023-05-23T18:17:39","date_gmt":"2023-05-23T18:17:39","guid":{"rendered":"https:\/\/chilimag.hu\/webshop\/?post_type=product&#038;p=24842"},"modified":"2026-03-20T17:55:51","modified_gmt":"2026-03-20T17:55:51","slug":"bazsalikom-cinnamon-florian-bg","status":"publish","type":"product","link":"https:\/\/chilimag.hu\/webshop\/termek\/bazsalikom-cinnamon-florian-bg\/","title":{"rendered":"Bazsalikom Cinnamon Florian Bg"},"content":{"rendered":"","protected":false},"excerpt":{"rendered":"<p><img decoding=\"async\" class=\"img-inline\" src=\"https:\/\/brcci.eu\/cache\/thumbnails\/12ecd0e6e419f1b9b1484ef02ad361979dd8e054\/1a6c5e1406ad462ca86d17b2800862d7f837862c-829875ad0a268b741b7edd818ffce098.png\" alt=\"FLORIAN OOD\" \/><\/p>\n<p>\u00c9vel\u0151 bazsalikom, amelyet gyakran egyny\u00e1ri n\u00f6v\u00e9nyk\u00e9nt termesztenek. F\u0171szeres \u00edze \u00e9s er\u0151s fah\u00e9jarom\u00e1ja van, amelyet a metil-cinnam\u00e1t tartalma hat\u00e1roz meg \u2013 ez az anyag adja a fah\u00e9j \u00edz\u00e9t. A n\u00f6v\u00e9ny levelei enyh\u00e9n keskenyek, enyh\u00e9n szaggatottak, z\u00f6ldek \u00e9s f\u00e9nyesek. A sz\u00e1rak s\u00f6t\u00e9tlila sz\u00edn\u0171ek. Viszonylag k\u00f6nnyen termeszthet\u0151, a napos helyeket, a gazdag \u00e9s v\u00edz\u00e1tereszt\u0151 talajokat kedveli. Haszn\u00e1lj\u00e1k te\u00e1khoz, de f\u0151z\u00e9shez is, k\u00fcl\u00f6n\u00f6sen t\u00e9sztaterm\u00e9kekhez, p\u00e9ld\u00e1ul kekszekhez \u00e9s s\u00fctem\u00e9nyekhez.<\/p>\n<p>Vet\u00e9s: febru\u00e1r-m\u00e1rcius.<\/p>\n<p>\u00dcltet\u00e9s: \u00e1prilis-m\u00e1jus.<\/p>\n<p>Sz\u00fcret: j\u00fanius-okt\u00f3ber.<\/p>\n<p>Magok mennyis\u00e9ge zs\u00e1konk\u00e9nt: 0,5 gramm (325 mag)<\/p>\n<p>M\u0171szaki adatok:<\/p>\n<p>Vet\u00e9s febru\u00e1r-m\u00e1rcius<br \/>\n\u00c1ltal\u00e1noss\u00e1gok:<\/p>\n<p>650 magot tartalmaz grammonk\u00e9nt<br \/>\nS\u00falya 0,5 gramm<br \/>\n\u00dcltet\u00e9s \u00e1prilis-m\u00e1jus<br \/>\nSz\u00fcret j\u00fanius-okt\u00f3ber<\/p>\n","protected":false},"featured_media":24843,"comment_status":"closed","ping_status":"closed","template":"","meta":[],"product_brand":[],"product_cat":[374],"product_tag":[],"class_list":{"0":"post-24842","1":"product","2":"type-product","3":"status-publish","4":"has-post-thumbnail","6":"product_cat-fuszer-es-gyogynoveny-vetomagok-bolgar-florian-vetomagok","8":"first","9":"instock","10":"taxable","11":"shipping-taxable","12":"purchasable","13":"product-type-simple"},"_links":{"self":[{"href":"https:\/\/chilimag.hu\/webshop\/wp-json\/wp\/v2\/product\/24842","targetHints":{"allow":["GET"]}}],"collection":[{"href":"https:\/\/chilimag.hu\/webshop\/wp-json\/wp\/v2\/product"}],"about":[{"href":"https:\/\/chilimag.hu\/webshop\/wp-json\/wp\/v2\/types\/product"}],"replies":[{"embeddable":true,"href":"https:\/\/chilimag.hu\/webshop\/wp-json\/wp\/v2\/comments?post=24842"}],"wp:featuredmedia":[{"embeddable":true,"href":"https:\/\/chilimag.hu\/webshop\/wp-json\/wp\/v2\/media\/24843"}],"wp:attachment":[{"href":"https:\/\/chilimag.hu\/webshop\/wp-json\/wp\/v2\/media?parent=24842"}],"wp:term":[{"taxonomy":"product_brand","embeddable":true,"href":"https:\/\/chilimag.hu\/webshop\/wp-json\/wp\/v2\/product_brand?post=24842"},{"taxonomy":"product_cat","embeddable":true,"href":"https:\/\/chilimag.hu\/webshop\/wp-json\/wp\/v2\/product_cat?post=24842"},{"taxonomy":"product_tag","embeddable":true,"href":"https:\/\/chilimag.hu\/webshop\/wp-json\/wp\/v2\/product_tag?post=24842"}],"curies":[{"name":"wp","href":"https:\/\/api.w.org\/{rel}","templated":true}]}}