{"id":24797,"date":"2023-05-22T17:19:37","date_gmt":"2023-05-22T17:19:37","guid":{"rendered":"https:\/\/chilimag.hu\/webshop\/?post_type=product&#038;p=24797"},"modified":"2026-02-27T12:17:42","modified_gmt":"2026-02-27T12:17:42","slug":"metelohagyma-florian-bg","status":"publish","type":"product","link":"https:\/\/chilimag.hu\/webshop\/termek\/metelohagyma-florian-bg\/","title":{"rendered":"Met\u00e9l\u0151hagyma Florian Bg"},"content":{"rendered":"","protected":false},"excerpt":{"rendered":"<p><img decoding=\"async\" class=\"img-inline\" src=\"https:\/\/brcci.eu\/cache\/thumbnails\/12ecd0e6e419f1b9b1484ef02ad361979dd8e054\/1a6c5e1406ad462ca86d17b2800862d7f837862c-829875ad0a268b741b7edd818ffce098.png\" alt=\"FLORIAN OOD\" \/><\/p>\n<p>Ez egy \u00e9vel\u0151 n\u00f6v\u00e9ny. A kult\u00fara 3-4 \u00e9vig tart.<\/p>\n<p>Alacsony k\u00f6rnyezeti ig\u00e9ny\u0171, de hidegre \u00e9rz\u00e9keny faj.<\/p>\n<p>\u00c9lelmiszer- \u00e9s dekorat\u00edv finom levelei\u00e9rt termesztik.<\/p>\n<p>\u00dcvegh\u00e1zban vet\u00e9s: febru\u00e1r-augusztus.<\/p>\n<p>Kertbe vetett: m\u00e1rcius-\u00e1prilis.<\/p>\n<p>Pal\u00e1nta \u00fcltet\u00e9s: \u00e1prilis-j\u00fanius.<\/p>\n<p>N\u00f6v\u00e9nyek k\u00f6z\u00f6tti t\u00e1vols\u00e1g: 20&#215;20; 10&#215;10.<\/p>\n<p>Sz\u00fcret: m\u00e1rcius-december.<\/p>\n<p>A csomag 1,5 gramm magot tartalmaz<\/p>\n","protected":false},"featured_media":24798,"comment_status":"closed","ping_status":"closed","template":"","meta":[],"product_brand":[],"product_cat":[374],"product_tag":[],"class_list":{"0":"post-24797","1":"product","2":"type-product","3":"status-publish","4":"has-post-thumbnail","6":"product_cat-fuszer-es-gyogynoveny-vetomagok-bolgar-florian-vetomagok","8":"first","9":"instock","10":"taxable","11":"shipping-taxable","12":"purchasable","13":"product-type-simple"},"_links":{"self":[{"href":"https:\/\/chilimag.hu\/webshop\/wp-json\/wp\/v2\/product\/24797","targetHints":{"allow":["GET"]}}],"collection":[{"href":"https:\/\/chilimag.hu\/webshop\/wp-json\/wp\/v2\/product"}],"about":[{"href":"https:\/\/chilimag.hu\/webshop\/wp-json\/wp\/v2\/types\/product"}],"replies":[{"embeddable":true,"href":"https:\/\/chilimag.hu\/webshop\/wp-json\/wp\/v2\/comments?post=24797"}],"wp:featuredmedia":[{"embeddable":true,"href":"https:\/\/chilimag.hu\/webshop\/wp-json\/wp\/v2\/media\/24798"}],"wp:attachment":[{"href":"https:\/\/chilimag.hu\/webshop\/wp-json\/wp\/v2\/media?parent=24797"}],"wp:term":[{"taxonomy":"product_brand","embeddable":true,"href":"https:\/\/chilimag.hu\/webshop\/wp-json\/wp\/v2\/product_brand?post=24797"},{"taxonomy":"product_cat","embeddable":true,"href":"https:\/\/chilimag.hu\/webshop\/wp-json\/wp\/v2\/product_cat?post=24797"},{"taxonomy":"product_tag","embeddable":true,"href":"https:\/\/chilimag.hu\/webshop\/wp-json\/wp\/v2\/product_tag?post=24797"}],"curies":[{"name":"wp","href":"https:\/\/api.w.org\/{rel}","templated":true}]}}