{"id":24575,"date":"2023-04-30T19:00:20","date_gmt":"2023-04-30T19:00:20","guid":{"rendered":"https:\/\/chilimag.hu\/webshop\/?post_type=product&#038;p=24575"},"modified":"2026-05-06T11:24:43","modified_gmt":"2026-05-06T11:24:43","slug":"perlit-agroperlit-5-l-sl","status":"publish","type":"product","link":"https:\/\/chilimag.hu\/webshop\/termek\/perlit-agroperlit-5-l-sl\/","title":{"rendered":"Perlit  (Agroperlit) 5 L SL"},"content":{"rendered":"","protected":false},"excerpt":{"rendered":"<p>AGROPERLIT (PERLIT)<br \/>\nC\u00e9l: az agroperlitet a talajra vagy az aljzatra hordj\u00e1k fel z\u00f6lds\u00e9gek k\u00fclt\u00e9ri vagy \u00fcvegh\u00e1zban, vir\u00e1gok \u00e9s egy\u00e9b szoban\u00f6v\u00e9nyek, d\u00edszn\u00f6v\u00e9nyek, bogy\u00f3s bokrok \u00e9s gy\u00fcm\u00f6lcsf\u00e1k \u00fcltet\u00e9s\u00e9re &#8211; a neh\u00e9z talajok szerkezet\u00e9nek jav\u00edt\u00e1s\u00e1ra.<br \/>\nA perlit vulk\u00e1ni eredet\u0171 anyag, amely h\u0151 hat\u00e1s\u00e1ra kit\u00e1gul \u00e9s por\u00f3zuss\u00e1 v\u00e1lik. A kert\u00e9szked\u00e9sben gyakori probl\u00e9ma az \u00f6nt\u00f6z\u00e9s, ami t\u00f6bb dologt\u00f3l is f\u00fcgg: a n\u00f6v\u00e9ny m\u00e9ret\u00e9t\u0151l, fajt\u00e1j\u00e1t\u00f3l \u00e9s az \u00e9vszakt\u00f3l. A perlit morzs\u00e1i leveg\u0151t \u00e9s nedvess\u00e9get juttatnak a n\u00f6v\u00e9ny gy\u00f6kereihez, amelyeket f\u0151k\u00e9nt a felsz\u00edv\u00f3d\u00e1sra haszn\u00e1lnak. A perlit tulajdons\u00e1gainak k\u00f6sz\u00f6nhet\u0151en a v\u00edz, a leveg\u0151 \u00e9s a t\u00e1panyagok mindaddig megtarthat\u00f3k, am\u00edg a n\u00f6v\u00e9nynek sz\u00fcks\u00e9ge van r\u00e1juk. A perlit felgyors\u00edtja a magok cs\u00edr\u00e1z\u00e1s\u00e1t, el\u0151seg\u00edti a gy\u00f6k\u00e9rk\u00e9pz\u0151d\u00e9st \u00e9s -n\u00f6veked\u00e9st, cs\u00f6kkenti az \u00e1t\u00fcltet\u00e9s okozta k\u00e1rokat, eg\u00e9sz nap v\u00e9di a n\u00f6v\u00e9nyeket a h\u0151m\u00e9rs\u00e9klet-ingadoz\u00e1sokt\u00f3l, mert alacsony az elektromos vezet\u0151k\u00e9pess\u00e9ge, nem tartalmaz t\u00e1panyagot \u00e9s nem tudja p\u00f3tolni a talajt, \u00edgy elt\u00e9r a t\u00f6bbi biol\u00f3giai adal\u00e9kanyagt\u00f3l.<br \/>\nFelhaszn\u00e1l\u00e1si javaslatok: D\u00edszn\u00f6v\u00e9ny- \u00e9s vir\u00e1gtermeszt\u00e9shez 1:1 ar\u00e1ny\u00fa kever\u00e9st javasolunk: K\u00e9sz\u00edtse el\u0151 a kever\u00e9ket, nedves\u00edtse meg az aljzatot \u00e9s az agroperlitet, \u00e9s megakad\u00e1lyozza a kisz\u00e1rad\u00e1st. Sz\u00e1nt\u00f3f\u00f6ldi n\u00f6v\u00e9nyekn\u00e9l, \u00fcvegh\u00e1zakn\u00e1l a v\u00e9geredm\u00e9nyt\u0151l f\u00fcgg\u0151en 10-40% perlit bedolgoz\u00e1s\u00e1t javasoljuk a talajba. Haszn\u00e1ljon 20-60%-ot kont\u00e9neres n\u00f6v\u00e9nyekhez \u00e9s cserepes n\u00f6v\u00e9nyekhez. Szoban\u00f6v\u00e9nyekn\u00e9l adal\u00e9kk\u00e9nt (10-40 t\u00e9rfogatsz\u00e1zal\u00e9k) t\u0151zeg aljzathoz vagy komposzttalajhoz adva, pozsg\u00e1s n\u00f6v\u00e9nyekn\u00e9l a talaj 50-70 t\u00e9rfogatsz\u00e1zal\u00e9k\u00e1ig haszn\u00e1lhat\u00f3.<br \/>\nT\u00e1ptalajok, egy\u00e9b t\u00e1ptalajok: F.2.1.1.18. Por\u00f3zus perlit<br \/>\nF\u0151 \u00f6sszetev\u0151k: 100% por\u00f3zus perlit.<br \/>\n\u00d6sszet\u00e9tel: reakci\u00f3 (pHKCl) \u2013 5,5-6,5, elektromos vezet\u0151k\u00e9pess\u00e9g (EC mS\/cm) \u2013 0,2, frakci\u00f3 \u2013 3 \u2013 6 mm, fizikai forma \u2013 \u00f6mlesztett, szerves sz\u00e9n (Corg) \u2013 0,32%, sz\u00e1razanyag \u2013 99, 7%, nedvess\u00e9g \u2013 0,30%.<br \/>\nK\u00e9miai \u00f6sszet\u00e9tel: \u00f6sszes nitrog\u00e9n (N) \u2013 0,98%, P2O5 \u2013 0,02%, K2O \u2013 0,08%.<br \/>\nSzennyez\u0151d\u00e9sek: kr\u00f3m (Cr) &lt; 70 mg\/kg, kadmium (Km) &lt; 1,5 mg\/kg, hat vegy\u00e9rt\u00e9k\u0171 kr\u00f3m (Cr VI) &lt; 2 mg\/kg, higany (Hg) &lt; 1 mg\/kg, nikkel (Ni) \u2013 &lt; 50 mg\/kg, \u00f3lom (Pb) \u2013 &lt; 120 mg\/kg, arz\u00e9n (As) \u2013 &lt; 40 mg\/kg, r\u00e9z (Cu) \u2013 &lt; 200 mg\/kg, cink (Zn) \u2013 &lt; 500 mg\/kg, Escherichia coli \u00e9s Enterococcaceae \u2013 nem mutathat\u00f3 ki.<br \/>\nBiztons\u00e1g \u00e9s t\u00e1rol\u00e1s: haszn\u00e1lat sor\u00e1n tartsa be az \u00e1ltal\u00e1nos higi\u00e9niai k\u00f6vetelm\u00e9nyeket. Tartsa t\u00e1vol gyermekekt\u0151l. Fizikai v\u00e1ltoz\u00e1sok eset\u00e9n a t\u00e1panyagok tulajdons\u00e1gai nem v\u00e1ltoznak. Sz\u00e1raz \u00e9s k\u00f6zvetlen napf\u00e9nyt\u0151l v\u00e9dve t\u00e1rolva az eltarthat\u00f3s\u00e1g korl\u00e1tlan.<br \/>\nGy\u00e1rt\u00f3 Biohumus &amp; Soil<\/p>\n","protected":false},"featured_media":24576,"comment_status":"closed","ping_status":"closed","template":"","meta":[],"product_brand":[],"product_cat":[388,466],"product_tag":[],"class_list":{"0":"post-24575","1":"product","2":"type-product","3":"status-publish","4":"has-post-thumbnail","6":"product_cat-agronom-tapoldatok-es-noveny-apolok","7":"product_cat-talaj-javitok-es-takarok","9":"first","10":"instock","11":"taxable","12":"shipping-taxable","13":"purchasable","14":"product-type-simple"},"_links":{"self":[{"href":"https:\/\/chilimag.hu\/webshop\/wp-json\/wp\/v2\/product\/24575","targetHints":{"allow":["GET"]}}],"collection":[{"href":"https:\/\/chilimag.hu\/webshop\/wp-json\/wp\/v2\/product"}],"about":[{"href":"https:\/\/chilimag.hu\/webshop\/wp-json\/wp\/v2\/types\/product"}],"replies":[{"embeddable":true,"href":"https:\/\/chilimag.hu\/webshop\/wp-json\/wp\/v2\/comments?post=24575"}],"wp:featuredmedia":[{"embeddable":true,"href":"https:\/\/chilimag.hu\/webshop\/wp-json\/wp\/v2\/media\/24576"}],"wp:attachment":[{"href":"https:\/\/chilimag.hu\/webshop\/wp-json\/wp\/v2\/media?parent=24575"}],"wp:term":[{"taxonomy":"product_brand","embeddable":true,"href":"https:\/\/chilimag.hu\/webshop\/wp-json\/wp\/v2\/product_brand?post=24575"},{"taxonomy":"product_cat","embeddable":true,"href":"https:\/\/chilimag.hu\/webshop\/wp-json\/wp\/v2\/product_cat?post=24575"},{"taxonomy":"product_tag","embeddable":true,"href":"https:\/\/chilimag.hu\/webshop\/wp-json\/wp\/v2\/product_tag?post=24575"}],"curies":[{"name":"wp","href":"https:\/\/api.w.org\/{rel}","templated":true}]}}