{"id":24571,"date":"2023-04-30T18:51:53","date_gmt":"2023-04-30T18:51:53","guid":{"rendered":"https:\/\/chilimag.hu\/webshop\/?post_type=product&#038;p=24571"},"modified":"2025-09-07T17:37:17","modified_gmt":"2025-09-07T17:37:17","slug":"nitrogen-es-kalium-mutragya-agr-sl","status":"publish","type":"product","link":"https:\/\/chilimag.hu\/webshop\/termek\/nitrogen-es-kalium-mutragya-agr-sl\/","title":{"rendered":"Nitrog\u00e9n \u00e9s K\u00e1lium M\u0171tr\u00e1gya 150 g AGR SL"},"content":{"rendered":"","protected":false},"excerpt":{"rendered":"<p>Nitrog\u00e9n \u00e9s k\u00e1lium m\u0171tr\u00e1gy\u00e1k minden k\u00fclt\u00e9ri \u00e9s \u00fcvegh\u00e1zi z\u00f6lds\u00e9g, eper \u00e9s kerti n\u00f6v\u00e9ny kieg\u00e9sz\u00edt\u0151 tr\u00e1gy\u00e1z\u00e1s\u00e1hoz.<br \/>\nV\u00edzben oldott m\u0171tr\u00e1gy\u00e1t alkalmazzon. A hanga n\u00f6v\u00e9nyeket ne tr\u00e1gy\u00e1zzuk.<br \/>\nM\u0171tr\u00e1gya mennyis\u00e9ge: \u00f6nt\u00f6z\u00e9s &#8211; 30-50 g\/10 l v\u00edz, permetez\u00e9s &#8211; 50 g\/10 l v\u00edz.<br \/>\nEK-TR\u00c1GY\u00c1K. A m\u0171tr\u00e1gya t\u00edpusa: B.3.1. NK m\u0171tr\u00e1gya NK 13-46.<br \/>\nKiszerel\u00e9s: 150 g.<\/p>\n<p>A m\u0171tr\u00e1gya t\u00edpusa Krist\u00e1lym\u0171tr\u00e1gya<br \/>\nGy\u00e1rt\u00f3 Agronom<br \/>\nKiszerel\u00e9s 150 g<\/p>\n","protected":false},"featured_media":24572,"comment_status":"closed","ping_status":"closed","template":"","meta":[],"product_brand":[],"product_cat":[388],"product_tag":[],"class_list":{"0":"post-24571","1":"product","2":"type-product","3":"status-publish","4":"has-post-thumbnail","6":"product_cat-agronom-tapoldatok-es-noveny-apolok","8":"first","9":"instock","10":"taxable","11":"shipping-taxable","12":"purchasable","13":"product-type-simple"},"_links":{"self":[{"href":"https:\/\/chilimag.hu\/webshop\/wp-json\/wp\/v2\/product\/24571","targetHints":{"allow":["GET"]}}],"collection":[{"href":"https:\/\/chilimag.hu\/webshop\/wp-json\/wp\/v2\/product"}],"about":[{"href":"https:\/\/chilimag.hu\/webshop\/wp-json\/wp\/v2\/types\/product"}],"replies":[{"embeddable":true,"href":"https:\/\/chilimag.hu\/webshop\/wp-json\/wp\/v2\/comments?post=24571"}],"wp:featuredmedia":[{"embeddable":true,"href":"https:\/\/chilimag.hu\/webshop\/wp-json\/wp\/v2\/media\/24572"}],"wp:attachment":[{"href":"https:\/\/chilimag.hu\/webshop\/wp-json\/wp\/v2\/media?parent=24571"}],"wp:term":[{"taxonomy":"product_brand","embeddable":true,"href":"https:\/\/chilimag.hu\/webshop\/wp-json\/wp\/v2\/product_brand?post=24571"},{"taxonomy":"product_cat","embeddable":true,"href":"https:\/\/chilimag.hu\/webshop\/wp-json\/wp\/v2\/product_cat?post=24571"},{"taxonomy":"product_tag","embeddable":true,"href":"https:\/\/chilimag.hu\/webshop\/wp-json\/wp\/v2\/product_tag?post=24571"}],"curies":[{"name":"wp","href":"https:\/\/api.w.org\/{rel}","templated":true}]}}