{"id":24201,"date":"2023-04-09T17:10:26","date_gmt":"2023-04-09T17:10:26","guid":{"rendered":"https:\/\/chilimag.hu\/webshop\/?post_type=product&#038;p=24201"},"modified":"2026-03-27T17:22:46","modified_gmt":"2026-03-27T17:22:46","slug":"arabica-kave-florian-bg","status":"publish","type":"product","link":"https:\/\/chilimag.hu\/webshop\/termek\/arabica-kave-florian-bg\/","title":{"rendered":"Arabica K\u00e1v\u00e9 Florian Bg"},"content":{"rendered":"","protected":false},"excerpt":{"rendered":"<p><img decoding=\"async\" class=\"img-inline\" src=\"https:\/\/brcci.eu\/cache\/thumbnails\/12ecd0e6e419f1b9b1484ef02ad361979dd8e054\/1a6c5e1406ad462ca86d17b2800862d7f837862c-829875ad0a268b741b7edd818ffce098.png\" alt=\"FLORIAN OOD\" \/><\/p>\n<p>A k\u00e1v\u00e9cserje szubtr\u00f3pusi \u00f6r\u00f6kz\u00f6ld cserje. Ez a fajta k\u00f6r\u00fclbel\u00fcl 2 m\u00e9ter magas, \u00e9s a n\u00f6v\u00e9nyek v\u00e1ghat\u00f3k. A levelek z\u00f6ldek \u00e9s f\u00e9nyesek, a n\u00f6v\u00e9nyek a harmadik \u00e9vben kezdenek vir\u00e1gozni, feh\u00e9r csillag alak\u00fa vir\u00e1gokkal, \u00e9s kellemes j\u00e1zmin arom\u00e1juk van. A k\u00e1v\u00e9fa term\u00e9sei bord\u00f3 m\u00e9ret\u0171ek, el\u0151sz\u00f6r z\u00f6ldek, majd \u00e9r\u00e9s ut\u00e1n pirosra v\u00e1ltoztatj\u00e1k a sz\u00edn\u00fcket, amikor k\u00e9szen \u00e1llnak a szed\u00e9sre. Minden gy\u00fcm\u00f6lcs k\u00e9t szemes k\u00e1v\u00e9t tartalmaz. A mi \u00e9ghajlati viszonyaink k\u00f6z\u00f6tt a k\u00e1v\u00e9f\u00e1t szoban\u00f6v\u00e9nyk\u00e9nt termesztik \u00e9s optim\u00e1lisan 21-28 Celsius fokos h\u0151m\u00e9rs\u00e9kleten n\u00f6vekszik \u00e9s 8 Celsius fokos h\u0151m\u00e9rs\u00e9kleten kezd s\u00e1rgulni, a f\u00e9nyt kedveli, de a n\u00f6v\u00e9nyt \u00f3vni kell a a nap k\u00f6zvetlen hat\u00e1sa. Ny\u00e1ron f\u00e9l\u00e1rny\u00e9kos helyeken a szabadba mozgathat\u00f3. Kedveli a nedves, de a rendk\u00edv\u00fcl nedves talajokat is.<\/p>\n<p>Csomagonk\u00e9nt kb 15 szem magot tartalmaz<\/p>\n<p>Janu\u00e1rt\u00f3l okt\u00f3berig vetik.<\/p>\n<p>M\u0171szaki adatok:<\/p>\n<p>Vet\u00e9s janu\u00e1r-febru\u00e1r m\u00e1rcius-okt\u00f3ber<br \/>\n\u00c1ltal\u00e1noss\u00e1gok:<\/p>\n<p>5 magot tartalmaz grammonk\u00e9nt<br \/>\nS\u00falya 3 gramm<\/p>\n","protected":false},"featured_media":24202,"comment_status":"closed","ping_status":"closed","template":"","meta":[],"product_brand":[],"product_cat":[384],"product_tag":[],"class_list":{"0":"post-24201","1":"product","2":"type-product","3":"status-publish","4":"has-post-thumbnail","6":"product_cat-virag-vetomagok-bolgar-florian-vetomagok","8":"first","9":"instock","10":"taxable","11":"shipping-taxable","12":"purchasable","13":"product-type-simple"},"_links":{"self":[{"href":"https:\/\/chilimag.hu\/webshop\/wp-json\/wp\/v2\/product\/24201","targetHints":{"allow":["GET"]}}],"collection":[{"href":"https:\/\/chilimag.hu\/webshop\/wp-json\/wp\/v2\/product"}],"about":[{"href":"https:\/\/chilimag.hu\/webshop\/wp-json\/wp\/v2\/types\/product"}],"replies":[{"embeddable":true,"href":"https:\/\/chilimag.hu\/webshop\/wp-json\/wp\/v2\/comments?post=24201"}],"wp:featuredmedia":[{"embeddable":true,"href":"https:\/\/chilimag.hu\/webshop\/wp-json\/wp\/v2\/media\/24202"}],"wp:attachment":[{"href":"https:\/\/chilimag.hu\/webshop\/wp-json\/wp\/v2\/media?parent=24201"}],"wp:term":[{"taxonomy":"product_brand","embeddable":true,"href":"https:\/\/chilimag.hu\/webshop\/wp-json\/wp\/v2\/product_brand?post=24201"},{"taxonomy":"product_cat","embeddable":true,"href":"https:\/\/chilimag.hu\/webshop\/wp-json\/wp\/v2\/product_cat?post=24201"},{"taxonomy":"product_tag","embeddable":true,"href":"https:\/\/chilimag.hu\/webshop\/wp-json\/wp\/v2\/product_tag?post=24201"}],"curies":[{"name":"wp","href":"https:\/\/api.w.org\/{rel}","templated":true}]}}