{"id":24174,"date":"2023-04-09T07:23:11","date_gmt":"2023-04-09T07:23:11","guid":{"rendered":"https:\/\/chilimag.hu\/webshop\/?post_type=product&#038;p=24174"},"modified":"2025-08-12T20:09:25","modified_gmt":"2025-08-12T20:09:25","slug":"feher-mustar-florian-bg","status":"publish","type":"product","link":"https:\/\/chilimag.hu\/webshop\/termek\/feher-mustar-florian-bg\/","title":{"rendered":"Feh\u00e9r must\u00e1r Florian Bg"},"content":{"rendered":"","protected":false},"excerpt":{"rendered":"<p><img decoding=\"async\" class=\"img-inline\" src=\"https:\/\/brcci.eu\/cache\/thumbnails\/12ecd0e6e419f1b9b1484ef02ad361979dd8e054\/1a6c5e1406ad462ca86d17b2800862d7f837862c-829875ad0a268b741b7edd818ffce098.png\" alt=\"FLORIAN OOD\" \/><\/p>\n<p>Egyny\u00e1ri, s\u00e1rga vir\u00e1g\u00fa, bolyhos h\u00fcvelyeket hoz\u00f3 n\u00f6v\u00e9ny, kem\u00e9ny \u00e9s g\u00f6mb\u00f6ly\u0171, 1-2 mm k\u00f6r\u00fcli \u00e1tm\u00e9r\u0151j\u0171 magvakkal, b\u00e9zs sz\u00edn\u0171, f\u0171szeres \u00edz\u0171. A h\u00fcvelyek \u00e9r\u00e9se \u00e9s megreped\u00e9se el\u0151tt betakar\u00edtj\u00e1k \u0151ket. F\u0171szerk\u00e9nt haszn\u00e1lj\u00e1k savany\u00fas\u00e1gokban, vagy s\u00fct\u0151ben s\u00fctik \u00e9telekhez. Miut\u00e1n m\u00e1s \u00f6sszetev\u0151kkel kevert\u00fck \u00f6ssze, must\u00e1rt kapunk. A tart\u00f3s\u00edt\u00f3 tulajdons\u00e1gok mellett gy\u00f3gy\u00edt\u00f3 tulajdons\u00e1gokkal is rendelkezik a reuma, megf\u00e1z\u00e1s stb. A vet\u00e9s ut\u00e1n 30 nappal betakar\u00edtott levelei sal\u00e1t\u00e1k vagy h\u00fasok f\u0171szerez\u00e9s\u00e9re is haszn\u00e1lhat\u00f3k, enyhe must\u00e1rrepce arom\u00e1juk van. A veget\u00e1ci\u00f3s id\u0151szak 90-100 nap.<\/p>\n<p>M\u00e1rcius-\u00e1prilist\u00f3l kezd\u0151d\u0151en vetik.<\/p>\n<p>N\u00f6v\u00e9ny magass\u00e1ga 80 cm.<\/p>\n<p>Magok mennyis\u00e9ge zs\u00e1konk\u00e9nt: 3 gramm<\/p>\n<p>M\u0171szaki adatok:<\/p>\n<p>M\u00e9lys\u00e9ge 2 cm<br \/>\nA magvakb\u00f3l, pal\u00e1nt\u00e1kb\u00f3l t\u00f6rt\u00e9n\u0151 el\u0151\u00e1ll\u00edt\u00e1s fajt\u00e1i<br \/>\n\u00c1ltal\u00e1noss\u00e1gok:<\/p>\n<p>S\u00falya 3 gramm<br \/>\n\u00dcltet\u00e9s m\u00e1rcius-\u00e1prilis<br \/>\nBetakar\u00edt\u00e1s j\u00faniust\u00f3l okt\u00f3berig<br \/>\nVeget\u00e1ci\u00f3ja 90-100 nap<\/p>\n","protected":false},"featured_media":24175,"comment_status":"closed","ping_status":"closed","template":"","meta":[],"product_brand":[],"product_cat":[374],"product_tag":[],"class_list":{"0":"post-24174","1":"product","2":"type-product","3":"status-publish","4":"has-post-thumbnail","6":"product_cat-fuszer-es-gyogynoveny-vetomagok-bolgar-florian-vetomagok","8":"first","9":"outofstock","10":"taxable","11":"shipping-taxable","12":"purchasable","13":"product-type-simple"},"_links":{"self":[{"href":"https:\/\/chilimag.hu\/webshop\/wp-json\/wp\/v2\/product\/24174","targetHints":{"allow":["GET"]}}],"collection":[{"href":"https:\/\/chilimag.hu\/webshop\/wp-json\/wp\/v2\/product"}],"about":[{"href":"https:\/\/chilimag.hu\/webshop\/wp-json\/wp\/v2\/types\/product"}],"replies":[{"embeddable":true,"href":"https:\/\/chilimag.hu\/webshop\/wp-json\/wp\/v2\/comments?post=24174"}],"wp:featuredmedia":[{"embeddable":true,"href":"https:\/\/chilimag.hu\/webshop\/wp-json\/wp\/v2\/media\/24175"}],"wp:attachment":[{"href":"https:\/\/chilimag.hu\/webshop\/wp-json\/wp\/v2\/media?parent=24174"}],"wp:term":[{"taxonomy":"product_brand","embeddable":true,"href":"https:\/\/chilimag.hu\/webshop\/wp-json\/wp\/v2\/product_brand?post=24174"},{"taxonomy":"product_cat","embeddable":true,"href":"https:\/\/chilimag.hu\/webshop\/wp-json\/wp\/v2\/product_cat?post=24174"},{"taxonomy":"product_tag","embeddable":true,"href":"https:\/\/chilimag.hu\/webshop\/wp-json\/wp\/v2\/product_tag?post=24174"}],"curies":[{"name":"wp","href":"https:\/\/api.w.org\/{rel}","templated":true}]}}