{"id":24140,"date":"2023-04-08T18:29:17","date_gmt":"2023-04-08T18:29:17","guid":{"rendered":"https:\/\/chilimag.hu\/webshop\/?post_type=product&#038;p=24140"},"modified":"2026-02-07T18:16:25","modified_gmt":"2026-02-07T18:16:25","slug":"lencse-florian-bg","status":"publish","type":"product","link":"https:\/\/chilimag.hu\/webshop\/termek\/lencse-florian-bg\/","title":{"rendered":"Lencse Lens Culinaris Florian Bg"},"content":{"rendered":"","protected":false},"excerpt":{"rendered":"<p><img decoding=\"async\" class=\"img-inline\" src=\"https:\/\/brcci.eu\/cache\/thumbnails\/12ecd0e6e419f1b9b1484ef02ad361979dd8e054\/1a6c5e1406ad462ca86d17b2800862d7f837862c-829875ad0a268b741b7edd818ffce098.png\" alt=\"FLORIAN OOD\" \/><\/p>\n<p>Lencse (30 gr) kiv\u00e1l\u00f3 fajta lencsemag, Florian Bulgaria<\/p>\n<p>Csomagol\u00e1s m\u00f3dja: 30 gr<\/p>\n<p>A lencse a babhoz \u00e9s a bors\u00f3hoz hasonl\u00f3, de kisebb h\u00fcvelyekkel rendelkez\u0151 egyny\u00e1ri n\u00f6v\u00e9ny, ahol \u00e1tlagosan 2 magot tal\u00e1lunk, amelyek k\u00fcl\u00f6nb\u00f6z\u0151 sz\u00edn\u0171ek (narancss\u00e1rga, s\u00f6t\u00e9tz\u00f6ld vagy barna) lehetnek.<\/p>\n<p>Mivel alacsony h\u0151m\u00e9rs\u00e9kleten cs\u00edr\u00e1zik, a lencs\u00e9t kora tavasszal, a bors\u00f3val egyid\u0151ben vetik.<\/p>\n<p>A vet\u00e9s ugyan\u00fagy t\u00f6rt\u00e9nik, mint a bors\u00f3 eset\u00e9ben: a bar\u00e1zd\u00e1kat egym\u00e1st\u00f3l 15-20 cm-re kell kialak\u00edtani. Az optim\u00e1lis m\u00e9lys\u00e9g 3-4 cm, a n\u00f6v\u00e9nyek k\u00f6z\u00f6tt 2-3 cm t\u00e1vols\u00e1got kell hagyni.<\/p>\n<p>Az els\u0151 vir\u00e1gok m\u00e1jusban jelennek meg.<\/p>\n<p>A lencs\u00e9t akkor takar\u00edtj\u00e1k be, amikor a h\u00fcvely sz\u00edne s\u00e1rg\u00e1sbarna lesz, kem\u00e9ny magvakkal.<\/p>\n<p>A csomag 30 gram magot tartalmaz<\/p>\n","protected":false},"featured_media":25108,"comment_status":"closed","ping_status":"closed","template":"","meta":[],"product_brand":[],"product_cat":[377],"product_tag":[],"class_list":{"0":"post-24140","1":"product","2":"type-product","3":"status-publish","4":"has-post-thumbnail","6":"product_cat-huvelyesek-vetomagok","8":"first","9":"instock","10":"taxable","11":"shipping-taxable","12":"purchasable","13":"product-type-simple"},"_links":{"self":[{"href":"https:\/\/chilimag.hu\/webshop\/wp-json\/wp\/v2\/product\/24140","targetHints":{"allow":["GET"]}}],"collection":[{"href":"https:\/\/chilimag.hu\/webshop\/wp-json\/wp\/v2\/product"}],"about":[{"href":"https:\/\/chilimag.hu\/webshop\/wp-json\/wp\/v2\/types\/product"}],"replies":[{"embeddable":true,"href":"https:\/\/chilimag.hu\/webshop\/wp-json\/wp\/v2\/comments?post=24140"}],"wp:featuredmedia":[{"embeddable":true,"href":"https:\/\/chilimag.hu\/webshop\/wp-json\/wp\/v2\/media\/25108"}],"wp:attachment":[{"href":"https:\/\/chilimag.hu\/webshop\/wp-json\/wp\/v2\/media?parent=24140"}],"wp:term":[{"taxonomy":"product_brand","embeddable":true,"href":"https:\/\/chilimag.hu\/webshop\/wp-json\/wp\/v2\/product_brand?post=24140"},{"taxonomy":"product_cat","embeddable":true,"href":"https:\/\/chilimag.hu\/webshop\/wp-json\/wp\/v2\/product_cat?post=24140"},{"taxonomy":"product_tag","embeddable":true,"href":"https:\/\/chilimag.hu\/webshop\/wp-json\/wp\/v2\/product_tag?post=24140"}],"curies":[{"name":"wp","href":"https:\/\/api.w.org\/{rel}","templated":true}]}}