{"id":24106,"date":"2023-04-08T16:07:43","date_gmt":"2023-04-08T16:07:43","guid":{"rendered":"https:\/\/chilimag.hu\/webshop\/?post_type=product&#038;p=24106"},"modified":"2026-03-28T04:18:01","modified_gmt":"2026-03-28T04:18:01","slug":"karalabe-delicacy-white-florian-bg","status":"publish","type":"product","link":"https:\/\/chilimag.hu\/webshop\/termek\/karalabe-delicacy-white-florian-bg\/","title":{"rendered":"Karal\u00e1b\u00e9 Delicacy White Florian Bg"},"content":{"rendered":"","protected":false},"excerpt":{"rendered":"<p><img decoding=\"async\" class=\"img-inline\" src=\"https:\/\/brcci.eu\/cache\/thumbnails\/12ecd0e6e419f1b9b1484ef02ad361979dd8e054\/1a6c5e1406ad462ca86d17b2800862d7f837862c-829875ad0a268b741b7edd818ffce098.png\" alt=\"FLORIAN OOD\" \/><\/p>\n<p>Le\u00edr\u00e1s:<\/p>\n<p>&#8211; korai vet\u00e9sre febru\u00e1r 15-20-ig (f\u0171t\u00e9ssel)<\/p>\n<p>&#8211; k\u00e9s\u0151i vet\u00e9sre j\u00fanius 5-15-ig kint<\/p>\n<p>A korai n\u00f6v\u00e9nyek \u00fcltet\u00e9se m\u00e1rcius 20-t\u00f3l j\u00fanius 5-ig, a k\u00e9s\u0151i n\u00f6v\u00e9nyek eset\u00e9ben j\u00falius 10-15-ig t\u00f6rt\u00e9nik.<\/p>\n<p>A magokat cs\u00edkokra vetj\u00fck, a cs\u00edkok k\u00f6z\u00f6tti t\u00e1vols\u00e1g 70 cm, a sorok k\u00f6z\u00f6tt 30 cm.<\/p>\n<p>Vet\u00e9sm\u00e9lys\u00e9g 1,5-2 cm.<\/p>\n<p>Magok mennyis\u00e9ge zs\u00e1konk\u00e9nt: 3 gramm<\/p>\n<p>M\u0171szaki adatok:<\/p>\n<p>M\u00e9lys\u00e9ge 1,5-2 cm<br \/>\nFebru\u00e1r 15-20., j\u00fanius 5-15., m\u00e1rcius 20.-j\u00fanius 5., j\u00falius 10-15.<br \/>\nVet\u00e9smennyis\u00e9g 60-70 gramm\/hekt\u00e1r<br \/>\nA magvakb\u00f3l, pal\u00e1nt\u00e1kb\u00f3l t\u00f6rt\u00e9n\u0151 el\u0151\u00e1ll\u00edt\u00e1s fajt\u00e1i<br \/>\n\u00c1ltal\u00e1noss\u00e1gok:<\/p>\n<p>300-350 magot tartalmaz grammonk\u00e9nt<br \/>\nS\u00falya 3 gramm<br \/>\nFebru\u00e1rban kezd\u0151d\u0151 \u00fcltet\u00e9s<br \/>\nA betakar\u00edt\u00e1s m\u00e1jusban kezd\u0151dik<br \/>\nVeget\u00e1ci\u00f3ja 55-60 nap<\/p>\n<p>A csomag 3 gram magot tartalmaz<\/p>\n","protected":false},"featured_media":24107,"comment_status":"closed","ping_status":"closed","template":"","meta":[],"product_brand":[],"product_cat":[385],"product_tag":[],"class_list":{"0":"post-24106","1":"product","2":"type-product","3":"status-publish","4":"has-post-thumbnail","6":"product_cat-zeller-karalabe-cekla-vetomagok-bolgar-florian-vetomagok","8":"first","9":"instock","10":"taxable","11":"shipping-taxable","12":"purchasable","13":"product-type-simple"},"_links":{"self":[{"href":"https:\/\/chilimag.hu\/webshop\/wp-json\/wp\/v2\/product\/24106","targetHints":{"allow":["GET"]}}],"collection":[{"href":"https:\/\/chilimag.hu\/webshop\/wp-json\/wp\/v2\/product"}],"about":[{"href":"https:\/\/chilimag.hu\/webshop\/wp-json\/wp\/v2\/types\/product"}],"replies":[{"embeddable":true,"href":"https:\/\/chilimag.hu\/webshop\/wp-json\/wp\/v2\/comments?post=24106"}],"wp:featuredmedia":[{"embeddable":true,"href":"https:\/\/chilimag.hu\/webshop\/wp-json\/wp\/v2\/media\/24107"}],"wp:attachment":[{"href":"https:\/\/chilimag.hu\/webshop\/wp-json\/wp\/v2\/media?parent=24106"}],"wp:term":[{"taxonomy":"product_brand","embeddable":true,"href":"https:\/\/chilimag.hu\/webshop\/wp-json\/wp\/v2\/product_brand?post=24106"},{"taxonomy":"product_cat","embeddable":true,"href":"https:\/\/chilimag.hu\/webshop\/wp-json\/wp\/v2\/product_cat?post=24106"},{"taxonomy":"product_tag","embeddable":true,"href":"https:\/\/chilimag.hu\/webshop\/wp-json\/wp\/v2\/product_tag?post=24106"}],"curies":[{"name":"wp","href":"https:\/\/api.w.org\/{rel}","templated":true}]}}