{"id":24100,"date":"2023-04-08T15:59:56","date_gmt":"2023-04-08T15:59:56","guid":{"rendered":"https:\/\/chilimag.hu\/webshop\/?post_type=product&#038;p=24100"},"modified":"2026-02-21T12:51:28","modified_gmt":"2026-02-21T12:51:28","slug":"endivia-salata-florian-bg","status":"publish","type":"product","link":"https:\/\/chilimag.hu\/webshop\/termek\/endivia-salata-florian-bg\/","title":{"rendered":"Endivia sal\u00e1ta Florian Bg"},"content":{"rendered":"","protected":false},"excerpt":{"rendered":"<p><img decoding=\"async\" class=\"img-inline\" src=\"https:\/\/brcci.eu\/cache\/thumbnails\/12ecd0e6e419f1b9b1484ef02ad361979dd8e054\/1a6c5e1406ad462ca86d17b2800862d7f837862c-829875ad0a268b741b7edd818ffce098.png\" alt=\"FLORIAN OOD\" \/><\/p>\n<p>Az end\u00edvia a sal\u00e1t\u00e1hoz hasonl\u00f3 egy\u00e9ves n\u00f6v\u00e9ny, amely azonban nem k\u00e9pez kalapokat. A cik\u00f3ria csal\u00e1d leveles z\u00f6lds\u00e9gek\u00e9nt haszn\u00e1lj\u00e1k kora tavaszi termeszt\u00e9sre. Magas vitamin- \u00e9s \u00e1sv\u00e1nyianyag-tartalma van. Az end\u00edvia h\u0171v\u00f6s \u00e9ghajlat\u00fa, hidegt\u0171r\u0151, nedvess\u00e9get kedvel\u0151 n\u00f6v\u00e9ny, sal\u00e1t\u00e1khoz \u00e9s f\u0151z\u00e9shez egyar\u00e1nt alkalmas. Veget\u00e1ci\u00f3s id\u0151szak 85-100 nap.<\/p>\n<p>Vet\u00e9s: m\u00e1rcius &#8211; \u00e1t\u00fcltet\u00e9s \u00e1prilis<\/p>\n<p>T\u00e1vols\u00e1g: A magokat 30 cm-es t\u00e1vols\u00e1gra a sorok k\u00f6z\u00f6tt \u00e9s 20 cm-re egym\u00e1s ut\u00e1n<\/p>\n<p>M\u00e9lys\u00e9g: 1 &#8211; 1,5 cm<\/p>\n<p>Vet\u00e9smennyis\u00e9g: 40-50g\/nap<\/p>\n<p>A csomag 2 gram magot tartalmaz<\/p>\n","protected":false},"featured_media":24101,"comment_status":"closed","ping_status":"closed","template":"","meta":[],"product_brand":[],"product_cat":[382],"product_tag":[],"class_list":{"0":"post-24100","1":"product","2":"type-product","3":"status-publish","4":"has-post-thumbnail","6":"product_cat-salata-es-retek-vetomagok","8":"first","9":"instock","10":"taxable","11":"shipping-taxable","12":"purchasable","13":"product-type-simple"},"_links":{"self":[{"href":"https:\/\/chilimag.hu\/webshop\/wp-json\/wp\/v2\/product\/24100","targetHints":{"allow":["GET"]}}],"collection":[{"href":"https:\/\/chilimag.hu\/webshop\/wp-json\/wp\/v2\/product"}],"about":[{"href":"https:\/\/chilimag.hu\/webshop\/wp-json\/wp\/v2\/types\/product"}],"replies":[{"embeddable":true,"href":"https:\/\/chilimag.hu\/webshop\/wp-json\/wp\/v2\/comments?post=24100"}],"wp:featuredmedia":[{"embeddable":true,"href":"https:\/\/chilimag.hu\/webshop\/wp-json\/wp\/v2\/media\/24101"}],"wp:attachment":[{"href":"https:\/\/chilimag.hu\/webshop\/wp-json\/wp\/v2\/media?parent=24100"}],"wp:term":[{"taxonomy":"product_brand","embeddable":true,"href":"https:\/\/chilimag.hu\/webshop\/wp-json\/wp\/v2\/product_brand?post=24100"},{"taxonomy":"product_cat","embeddable":true,"href":"https:\/\/chilimag.hu\/webshop\/wp-json\/wp\/v2\/product_cat?post=24100"},{"taxonomy":"product_tag","embeddable":true,"href":"https:\/\/chilimag.hu\/webshop\/wp-json\/wp\/v2\/product_tag?post=24100"}],"curies":[{"name":"wp","href":"https:\/\/api.w.org\/{rel}","templated":true}]}}