{"id":241,"date":"2014-11-09T12:34:04","date_gmt":"2014-11-09T12:34:04","guid":{"rendered":"https:\/\/chilimag.hu\/webshop\/?post_type=product&#038;p=241"},"modified":"2026-01-21T20:18:08","modified_gmt":"2026-01-21T20:18:08","slug":"limbe-market","status":"publish","type":"product","link":"https:\/\/chilimag.hu\/webshop\/termek\/limbe-market\/","title":{"rendered":"Limb\u00e9 Market"},"content":{"rendered":"","protected":false},"excerpt":{"rendered":"<div id=\"productDescription\" class=\"content\">\n<div><img decoding=\"async\" src=\"https:\/\/chilimag.hu\/webshop\/wp-content\/uploads\/2014\/11\/chilimag-logo-2-150x150.jpg\" \/><\/div>\n<\/div>\n<div id=\"productDescription\" class=\"content\">\n<div><\/div>\n<div>\n<p>Le\u00edr\u00e1s<\/p>\n<p>A \u00a0Chili egy k\u00f6zepesen cs\u00edp\u0151s gy\u00fcm\u00f6lcs\u00f6s fajta \u00e9l\u00e9nks\u00e1rga, l\u00e9d\u00fas gy\u00fcm\u00f6lcs\u00f6kkel, amelyek s\u00e1rga hegyes paprik\u00e1ra eml\u00e9keztetnek. Az \u00edze is a gy\u00fcm\u00f6lcs\u00f6s paprik\u00e1\u00e9, lassan felemelkedik a h\u0151. A n\u00f6v\u00e9nyek term\u00e9kenyek, karcs\u00fa, bokros koron\u00e1val n\u0151nek. A chili friss fogyaszt\u00e1sra alkalmas &#8211; a meleget kedvel\u0151knek &#8211; grillez\u00e9sre, s\u00fct\u00e9sre, t\u00f6ltel\u00e9kre, sz\u00f3szok k\u00e9sz\u00edt\u00e9s\u00e9re.<\/p>\n<p>Gondoz\u00e1sa: A cs\u00edr\u00e1z\u00e1si h\u0151m\u00e9rs\u00e9klet 20\u00b0C \u00e9s 28\u00b0C k\u00f6z\u00f6tt van (cs\u00edr\u00e1z\u00e1si id\u0151: 8-21 nap); ez\u00e9rt \u00fcvegh\u00e1z \u00e9s f\u0171t\u0151sz\u0151nyeg haszn\u00e1lata javasolt. A n\u00f6v\u00e9nyeknek friss, j\u00f3l tr\u00e1gy\u00e1zott, v\u00edz\u00e1tereszt\u0151 talajra van sz\u00fcks\u00e9g\u00fck, nem t\u0171rik a bevizesed\u00e9st. Napos, v\u00e9dett helyre kell \u00fcltetni, ahol legal\u00e1bb 6 \u00f3ra napf\u00e9ny \u2013 lehet\u0151leg t\u00f6bb. Tedd ki a n\u00f6v\u00e9nyeket kb. 2-3 h\u00e9ttel az utols\u00f3 fagy ut\u00e1n. Ahhoz, hogy a n\u00f6v\u00e9nyt t\u00e9len is meg\u0151rizze, betakar\u00edt\u00e1s ut\u00e1n v\u00e1gja vissza 20 cm-rel, \u00e9s tegye vil\u00e1gos helyre, ahol legal\u00e1bb 15\u00b0C h\u0151m\u00e9rs\u00e9klet\u0171.<\/p>\n<\/div>\n<\/div>\n<div id=\"productDescription\" class=\"content\">\n<div>Capsicum Chinese<\/div>\n<div>Scoville:300000-500000<\/div>\n<div><\/div>\n<div>A csomag 10 szem \u00a0magot tartalmaz<\/div>\n<\/div>\n","protected":false},"featured_media":1920,"comment_status":"open","ping_status":"closed","template":"","meta":[],"product_brand":[],"product_cat":[8],"product_tag":[],"class_list":{"0":"post-241","1":"product","2":"type-product","3":"status-publish","4":"has-post-thumbnail","6":"product_cat-paprika","8":"first","9":"instock","10":"taxable","11":"shipping-taxable","12":"purchasable","13":"product-type-simple"},"_links":{"self":[{"href":"https:\/\/chilimag.hu\/webshop\/wp-json\/wp\/v2\/product\/241","targetHints":{"allow":["GET"]}}],"collection":[{"href":"https:\/\/chilimag.hu\/webshop\/wp-json\/wp\/v2\/product"}],"about":[{"href":"https:\/\/chilimag.hu\/webshop\/wp-json\/wp\/v2\/types\/product"}],"replies":[{"embeddable":true,"href":"https:\/\/chilimag.hu\/webshop\/wp-json\/wp\/v2\/comments?post=241"}],"wp:featuredmedia":[{"embeddable":true,"href":"https:\/\/chilimag.hu\/webshop\/wp-json\/wp\/v2\/media\/1920"}],"wp:attachment":[{"href":"https:\/\/chilimag.hu\/webshop\/wp-json\/wp\/v2\/media?parent=241"}],"wp:term":[{"taxonomy":"product_brand","embeddable":true,"href":"https:\/\/chilimag.hu\/webshop\/wp-json\/wp\/v2\/product_brand?post=241"},{"taxonomy":"product_cat","embeddable":true,"href":"https:\/\/chilimag.hu\/webshop\/wp-json\/wp\/v2\/product_cat?post=241"},{"taxonomy":"product_tag","embeddable":true,"href":"https:\/\/chilimag.hu\/webshop\/wp-json\/wp\/v2\/product_tag?post=241"}],"curies":[{"name":"wp","href":"https:\/\/api.w.org\/{rel}","templated":true}]}}