{"id":24055,"date":"2023-04-08T11:39:21","date_gmt":"2023-04-08T11:39:21","guid":{"rendered":"https:\/\/chilimag.hu\/webshop\/?post_type=product&#038;p=24055"},"modified":"2026-04-15T19:43:11","modified_gmt":"2026-04-15T19:43:11","slug":"petrezselyem-gyoker-halflange-florian-bg","status":"publish","type":"product","link":"https:\/\/chilimag.hu\/webshop\/termek\/petrezselyem-gyoker-halflange-florian-bg\/","title":{"rendered":"Pasztin\u00e1k  Halblange Florian Bg"},"content":{"rendered":"","protected":false},"excerpt":{"rendered":"<p><img decoding=\"async\" class=\"img-inline\" src=\"https:\/\/brcci.eu\/cache\/thumbnails\/12ecd0e6e419f1b9b1484ef02ad361979dd8e054\/1a6c5e1406ad462ca86d17b2800862d7f837862c-829875ad0a268b741b7edd818ffce098.png\" alt=\"FLORIAN OOD\" \/><\/p>\n<p>&nbsp;<\/p>\n<p>Gy\u00f6kere egyenes, f\u00e9lhossz\u00fa, 15-20 cm hossz\u00fa, feh\u00e9r sz\u00edn\u0171.<\/p>\n<p>A gy\u00f6k\u00e9r t\u00f6mege 120-150 g.<\/p>\n<p>A f\u00e9lperem nagyon magas termel\u00e9si potenci\u00e1llal rendelkezik, friss fogyaszt\u00e1sra \u00e9s feldolgoz\u00e1sra aj\u00e1nlott.<\/p>\n<p>T\u00e9len nagyon j\u00f3 t\u00e1rol\u00e1si ellen\u00e1ll\u00e1st mutat.<br \/>\nA Halflange a gy\u00f6k\u00e9rpetrezselyem f\u00e9lk\u00e9s\u0151i fajt\u00e1ja, m\u00e1rcius-m\u00e1jus vet\u00e9sid\u0151vel, nagyon magas term\u0151k\u00e9pess\u00e9ggel \u00e9s nagyon j\u00f3 t\u00e9li t\u00e1rol\u00e1si ellen\u00e1ll\u00e1ssal. Gy\u00f6kere egyenes, f\u00e9lhossz\u00fa, 15-20 cm hossz\u00fa, feh\u00e9r sz\u00edn\u0171.<\/p>\n<p>A csomag 3 gram magot tartalmaz<\/p>\n","protected":false},"featured_media":25208,"comment_status":"closed","ping_status":"closed","template":"","meta":[],"product_brand":[],"product_cat":[386],"product_tag":[],"class_list":{"0":"post-24055","1":"product","2":"type-product","3":"status-publish","4":"has-post-thumbnail","6":"product_cat-zoldseg-vetomagok-bolgar-florian-vetomagok","8":"first","9":"instock","10":"taxable","11":"shipping-taxable","12":"purchasable","13":"product-type-simple"},"_links":{"self":[{"href":"https:\/\/chilimag.hu\/webshop\/wp-json\/wp\/v2\/product\/24055","targetHints":{"allow":["GET"]}}],"collection":[{"href":"https:\/\/chilimag.hu\/webshop\/wp-json\/wp\/v2\/product"}],"about":[{"href":"https:\/\/chilimag.hu\/webshop\/wp-json\/wp\/v2\/types\/product"}],"replies":[{"embeddable":true,"href":"https:\/\/chilimag.hu\/webshop\/wp-json\/wp\/v2\/comments?post=24055"}],"wp:featuredmedia":[{"embeddable":true,"href":"https:\/\/chilimag.hu\/webshop\/wp-json\/wp\/v2\/media\/25208"}],"wp:attachment":[{"href":"https:\/\/chilimag.hu\/webshop\/wp-json\/wp\/v2\/media?parent=24055"}],"wp:term":[{"taxonomy":"product_brand","embeddable":true,"href":"https:\/\/chilimag.hu\/webshop\/wp-json\/wp\/v2\/product_brand?post=24055"},{"taxonomy":"product_cat","embeddable":true,"href":"https:\/\/chilimag.hu\/webshop\/wp-json\/wp\/v2\/product_cat?post=24055"},{"taxonomy":"product_tag","embeddable":true,"href":"https:\/\/chilimag.hu\/webshop\/wp-json\/wp\/v2\/product_tag?post=24055"}],"curies":[{"name":"wp","href":"https:\/\/api.w.org\/{rel}","templated":true}]}}