{"id":23980,"date":"2023-04-07T14:25:09","date_gmt":"2023-04-07T14:25:09","guid":{"rendered":"https:\/\/chilimag.hu\/webshop\/?post_type=product&#038;p=23980"},"modified":"2026-04-19T20:19:56","modified_gmt":"2026-04-19T20:19:56","slug":"patisszon-gagat-florian-bg","status":"publish","type":"product","link":"https:\/\/chilimag.hu\/webshop\/termek\/patisszon-gagat-florian-bg\/","title":{"rendered":"Patiszon Gagat Florian Bg"},"content":{"rendered":"","protected":false},"excerpt":{"rendered":"<p><img decoding=\"async\" class=\"img-inline\" src=\"https:\/\/brcci.eu\/cache\/thumbnails\/12ecd0e6e419f1b9b1484ef02ad361979dd8e054\/1a6c5e1406ad462ca86d17b2800862d7f837862c-829875ad0a268b741b7edd818ffce098.png\" alt=\"FLORIAN OOD\" \/><\/p>\n<p>PATISSON Pumpkin Dark Green Gagat &#8211; 2 gr &#8211; Dark Green Patisson t\u00f6kmag. Korai korong alak\u00fa s\u00fct\u0151t\u00f6k fajta, magja kr\u00e9mfeh\u00e9r sz\u00edn\u0171. A fiatal gy\u00fcm\u00f6lcs\u00f6k s\u00f6t\u00e9tz\u00f6ld sz\u00edn\u0171ek, 2-3 cm \u00e1tm\u00e9r\u0151j\u0171ek, friss fogyaszt\u00e1sra, sal\u00e1t\u00e1kra, valamint tart\u00f3s\u00edt\u00e1sra, savany\u00fas\u00e1gba stb. Az \u00e9rett gy\u00fcm\u00f6lcs\u00f6k majdnem fekete sz\u00edn\u0171ek, 16-18 cm \u00e1tm\u00e9r\u0151j\u0171ek, s\u00fct\u00e9sre alkalmasak. A n\u00f6v\u00e9nyek gyorsan fejl\u0151dnek \u00e9s ellen\u00e1llnak a kubai man\u00e1nak. A veget\u00e1ci\u00f3s id\u0151szak 50-70 nap.<\/p>\n<p>M\u0171szaki adatok:<\/p>\n<p>M\u00e9lys\u00e9ge 2-3 cm<br \/>\nM\u00e1rciust\u00f3l kezd\u0151d\u0151en vetik<br \/>\nVet\u0151mennyis\u00e9g 200-400 gramm\/hekt\u00e1r<br \/>\nA vet\u0151magb\u00f3l t\u00f6rt\u00e9n\u0151 termel\u00e9s t\u00edpusai<br \/>\n\u00c1ltal\u00e1noss\u00e1gok:<\/p>\n<p>6-8 magot tartalmaz grammonk\u00e9nt<br \/>\nS\u00falya 2 gramm<br \/>\nM\u00e1rciusi \u00fcltet\u00e9s<br \/>\nSz\u00fcret j\u00fanius<br \/>\nVeget\u00e1ci\u00f3ja 65-70 nap<\/p>\n<p>A csomag 2 gramm magot tartalmaz<\/p>\n","protected":false},"featured_media":23981,"comment_status":"closed","ping_status":"closed","template":"","meta":[],"product_brand":[],"product_cat":[373],"product_tag":[],"class_list":{"0":"post-23980","1":"product","2":"type-product","3":"status-publish","4":"has-post-thumbnail","6":"product_cat-dinnye-es-tok-vetomagok-bolgar-florian-vetomagok","8":"first","9":"instock","10":"taxable","11":"shipping-taxable","12":"purchasable","13":"product-type-simple"},"_links":{"self":[{"href":"https:\/\/chilimag.hu\/webshop\/wp-json\/wp\/v2\/product\/23980","targetHints":{"allow":["GET"]}}],"collection":[{"href":"https:\/\/chilimag.hu\/webshop\/wp-json\/wp\/v2\/product"}],"about":[{"href":"https:\/\/chilimag.hu\/webshop\/wp-json\/wp\/v2\/types\/product"}],"replies":[{"embeddable":true,"href":"https:\/\/chilimag.hu\/webshop\/wp-json\/wp\/v2\/comments?post=23980"}],"wp:featuredmedia":[{"embeddable":true,"href":"https:\/\/chilimag.hu\/webshop\/wp-json\/wp\/v2\/media\/23981"}],"wp:attachment":[{"href":"https:\/\/chilimag.hu\/webshop\/wp-json\/wp\/v2\/media?parent=23980"}],"wp:term":[{"taxonomy":"product_brand","embeddable":true,"href":"https:\/\/chilimag.hu\/webshop\/wp-json\/wp\/v2\/product_brand?post=23980"},{"taxonomy":"product_cat","embeddable":true,"href":"https:\/\/chilimag.hu\/webshop\/wp-json\/wp\/v2\/product_cat?post=23980"},{"taxonomy":"product_tag","embeddable":true,"href":"https:\/\/chilimag.hu\/webshop\/wp-json\/wp\/v2\/product_tag?post=23980"}],"curies":[{"name":"wp","href":"https:\/\/api.w.org\/{rel}","templated":true}]}}