{"id":23973,"date":"2023-04-07T13:56:39","date_gmt":"2023-04-07T13:56:39","guid":{"rendered":"https:\/\/chilimag.hu\/webshop\/?post_type=product&#038;p=23973"},"modified":"2026-04-15T19:43:11","modified_gmt":"2026-04-15T19:43:11","slug":"bordas-kell-pak-choy-florian-bg","status":"publish","type":"product","link":"https:\/\/chilimag.hu\/webshop\/termek\/bordas-kell-pak-choy-florian-bg\/","title":{"rendered":"Bord\u00e1s kel Pak Choy Florian Bg"},"content":{"rendered":"","protected":false},"excerpt":{"rendered":"<p><img decoding=\"async\" class=\"img-inline\" src=\"https:\/\/brcci.eu\/cache\/thumbnails\/12ecd0e6e419f1b9b1484ef02ad361979dd8e054\/1a6c5e1406ad462ca86d17b2800862d7f837862c-829875ad0a268b741b7edd818ffce098.png\" alt=\"FLORIAN OOD\" \/><\/p>\n<p>A k\u00ednai kel vonz\u00f3 fajt\u00e1ja. Nagy, h\u00fasos, sima \u00e9s f\u00e9nyes, 20-25 cm hossz\u00fa leveleket alkot, feh\u00e9r farokkal. Nem k\u00e9peznek kapit\u00e1nyokat. A fajta l\u00e9d\u00fas, \u00edzletes, hidegt\u0171r\u0151, sal\u00e1t\u00e1kban, levesekben, f\u0151tt \u00e9telekben, bef\u0151ttekben nagyon kedvelt Veget\u00e1ci\u00f3s peri\u00f3dus 40-50 nap.<\/p>\n<p>Korai kult\u00far\u00e1kn\u00e1l janu\u00e1r 20. \u00e9s febru\u00e1r 10. k\u00f6z\u00f6tt, k\u00f6zepesn\u00e9l \u00e1prilis 25. \u00e9s m\u00e1jus 10. k\u00f6z\u00f6tt, k\u00e9s\u0151in\u00e9l j\u00fanius 5. \u00e9s 15. k\u00f6z\u00f6tt vetik.<\/p>\n<p>A csomag 1 grammot tartalmaz<\/p>\n","protected":false},"featured_media":23974,"comment_status":"closed","ping_status":"closed","template":"","meta":[],"product_brand":[],"product_cat":[378],"product_tag":[],"class_list":{"0":"post-23973","1":"product","2":"type-product","3":"status-publish","4":"has-post-thumbnail","6":"product_cat-kaposzta-es-karfiol-vetomagok","8":"first","9":"instock","10":"taxable","11":"shipping-taxable","12":"purchasable","13":"product-type-simple"},"_links":{"self":[{"href":"https:\/\/chilimag.hu\/webshop\/wp-json\/wp\/v2\/product\/23973","targetHints":{"allow":["GET"]}}],"collection":[{"href":"https:\/\/chilimag.hu\/webshop\/wp-json\/wp\/v2\/product"}],"about":[{"href":"https:\/\/chilimag.hu\/webshop\/wp-json\/wp\/v2\/types\/product"}],"replies":[{"embeddable":true,"href":"https:\/\/chilimag.hu\/webshop\/wp-json\/wp\/v2\/comments?post=23973"}],"wp:featuredmedia":[{"embeddable":true,"href":"https:\/\/chilimag.hu\/webshop\/wp-json\/wp\/v2\/media\/23974"}],"wp:attachment":[{"href":"https:\/\/chilimag.hu\/webshop\/wp-json\/wp\/v2\/media?parent=23973"}],"wp:term":[{"taxonomy":"product_brand","embeddable":true,"href":"https:\/\/chilimag.hu\/webshop\/wp-json\/wp\/v2\/product_brand?post=23973"},{"taxonomy":"product_cat","embeddable":true,"href":"https:\/\/chilimag.hu\/webshop\/wp-json\/wp\/v2\/product_cat?post=23973"},{"taxonomy":"product_tag","embeddable":true,"href":"https:\/\/chilimag.hu\/webshop\/wp-json\/wp\/v2\/product_tag?post=23973"}],"curies":[{"name":"wp","href":"https:\/\/api.w.org\/{rel}","templated":true}]}}