{"id":23967,"date":"2023-04-07T13:47:14","date_gmt":"2023-04-07T13:47:14","guid":{"rendered":"https:\/\/chilimag.hu\/webshop\/?post_type=product&#038;p=23967"},"modified":"2025-08-16T09:23:39","modified_gmt":"2025-08-16T09:23:39","slug":"kinai-kell-granat-florian-bg","status":"publish","type":"product","link":"https:\/\/chilimag.hu\/webshop\/termek\/kinai-kell-granat-florian-bg\/","title":{"rendered":"K\u00ednai kel Granat Florian Bg"},"content":{"rendered":"","protected":false},"excerpt":{"rendered":"<p><img decoding=\"async\" class=\"img-inline\" src=\"https:\/\/brcci.eu\/cache\/thumbnails\/12ecd0e6e419f1b9b1484ef02ad361979dd8e054\/1a6c5e1406ad462ca86d17b2800862d7f837862c-829875ad0a268b741b7edd818ffce098.png\" alt=\"FLORIAN OOD\" \/><\/p>\n<p>Granaat k\u00ednai kel, vil\u00e1gosz\u00f6ld hossz\u00fak\u00e1s-hengeres k\u00ednai kel, Agrosem<\/p>\n<p>A csomag tartalma: 400 mag (2 g)<\/p>\n<p>A Granaat k\u00ednai kel veget\u00e1ci\u00f3s ideje 70-75 nap.<\/p>\n<p>A kupak hossz\u00fak\u00e1s hengeres alak\u00fa, vil\u00e1gosz\u00f6ld sz\u00edn\u0171.<\/p>\n<p>S\u00falya 1,5-2 kg.<\/p>\n<p>Friss fogyaszt\u00e1sra aj\u00e1nlott.<\/p>\n<p>V\u00e9dett helyre vetve: febru\u00e1r.<\/p>\n<p>Szabadf\u00f6ldi vet\u00e9s: \u00e1prilis.<\/p>\n<p>Pal\u00e1nta \u00fcltet\u00e9s: m\u00e1rcius-\u00e1prilis vagy j\u00falius.<\/p>\n<p>N\u00f6v\u00e9nyek k\u00f6z\u00f6tti t\u00e1vols\u00e1g: 60&#215;30 cm.<\/p>\n<p>Betakar\u00edt\u00e1s: m\u00e1jus-j\u00fanius vagy okt\u00f3ber-november.<\/p>\n<p>A csomag 3 grammot tartalmaz<\/p>\n","protected":false},"featured_media":23968,"comment_status":"closed","ping_status":"closed","template":"","meta":[],"product_brand":[],"product_cat":[378],"product_tag":[],"class_list":{"0":"post-23967","1":"product","2":"type-product","3":"status-publish","4":"has-post-thumbnail","6":"product_cat-kaposzta-es-karfiol-vetomagok","8":"first","9":"instock","10":"taxable","11":"shipping-taxable","12":"purchasable","13":"product-type-simple"},"_links":{"self":[{"href":"https:\/\/chilimag.hu\/webshop\/wp-json\/wp\/v2\/product\/23967","targetHints":{"allow":["GET"]}}],"collection":[{"href":"https:\/\/chilimag.hu\/webshop\/wp-json\/wp\/v2\/product"}],"about":[{"href":"https:\/\/chilimag.hu\/webshop\/wp-json\/wp\/v2\/types\/product"}],"replies":[{"embeddable":true,"href":"https:\/\/chilimag.hu\/webshop\/wp-json\/wp\/v2\/comments?post=23967"}],"wp:featuredmedia":[{"embeddable":true,"href":"https:\/\/chilimag.hu\/webshop\/wp-json\/wp\/v2\/media\/23968"}],"wp:attachment":[{"href":"https:\/\/chilimag.hu\/webshop\/wp-json\/wp\/v2\/media?parent=23967"}],"wp:term":[{"taxonomy":"product_brand","embeddable":true,"href":"https:\/\/chilimag.hu\/webshop\/wp-json\/wp\/v2\/product_brand?post=23967"},{"taxonomy":"product_cat","embeddable":true,"href":"https:\/\/chilimag.hu\/webshop\/wp-json\/wp\/v2\/product_cat?post=23967"},{"taxonomy":"product_tag","embeddable":true,"href":"https:\/\/chilimag.hu\/webshop\/wp-json\/wp\/v2\/product_tag?post=23967"}],"curies":[{"name":"wp","href":"https:\/\/api.w.org\/{rel}","templated":true}]}}