{"id":23955,"date":"2023-04-07T12:41:58","date_gmt":"2023-04-07T12:41:58","guid":{"rendered":"https:\/\/chilimag.hu\/webshop\/?post_type=product&#038;p=23955"},"modified":"2026-03-20T17:55:51","modified_gmt":"2026-03-20T17:55:51","slug":"kaposzta-kalibos-florian-bg","status":"publish","type":"product","link":"https:\/\/chilimag.hu\/webshop\/termek\/kaposzta-kalibos-florian-bg\/","title":{"rendered":"K\u00e1poszta Calibos Florian Bg"},"content":{"rendered":"","protected":false},"excerpt":{"rendered":"<p><img decoding=\"async\" class=\"img-inline\" src=\"https:\/\/brcci.eu\/cache\/thumbnails\/12ecd0e6e419f1b9b1484ef02ad361979dd8e054\/1a6c5e1406ad462ca86d17b2800862d7f837862c-829875ad0a268b741b7edd818ffce098.png\" alt=\"FLORIAN OOD\" \/><\/p>\n<p>A kalibos v\u00f6r\u00f6s k\u00e1poszta magja a v\u00f6r\u00f6s k\u00e1poszta f\u00e9lkorai fajt\u00e1ja, kiv\u00e1l\u00f3 \u00edzzel \u00e9s magas cukortartalommal.<\/p>\n<p>Magok sz\u00e1ma csomagonk\u00e9nt: 2 gr &#8211; 500 mag<\/p>\n<p>A v\u00f6r\u00f6s k\u00e1poszta nagyon gazdag C-vitaminban, nyolcszor t\u00f6bb, mint a feh\u00e9r k\u00e1poszta. \u00cdgy a v\u00f6r\u00f6s k\u00e1poszt\u00e1nak a kiv\u00e1l\u00f3 \u00edze mellett gy\u00f3gy\u00edt\u00f3 hat\u00e1sa is van, k\u00fcl\u00f6nf\u00e9le betegs\u00e9gekre aj\u00e1nlj\u00e1k.<\/p>\n<p>A vet\u00e9s m\u00e1rcius-j\u00faniusban t\u00f6rt\u00e9nik, szabadf\u00f6ldi \u00e9s hobbikertekben vagy z\u00e1rt t\u00e9rben, vet\u0151l\u00e1d\u00e1kban.<\/p>\n<p>16-20 \u00baC k\u00f6z\u00f6tti cs\u00edr\u00e1z\u00e1si h\u0151m\u00e9rs\u00e9kletet ig\u00e9nyelnek.<\/p>\n<p>A cs\u00edr\u00e1z\u00e1si id\u0151szak k\u00f6r\u00fclbel\u00fcl 10-15 nap.<\/p>\n<p>Az optim\u00e1lis fejl\u0151d\u00e9shez rendszeres \u00e1llati m\u0171tr\u00e1gya-p\u00f3tl\u00e1s sz\u00fcks\u00e9ges.<\/p>\n<p>A betakar\u00edt\u00e1s j\u00faliust\u00f3l novemberig t\u00f6rt\u00e9nik.<\/p>\n<p>A sapka nagyra n\u0151, k\u00fapos-hegyes alak\u00fa. Sz\u00edne v\u00f6r\u00f6s-lila, \u00e1tlagosan 2-2,5 kg\/fej s\u00falyt \u00e9r el.<\/p>\n<p>Friss fogyaszt\u00e1sra javallott &#8211; sal\u00e1t\u00e1k \u00edze \u00e9s sz\u00edne miatt, \u00e9s hossz\u00fa ideig eltarthat\u00f3.<\/p>\n<p>A csomag 2 grammot tartalmaz<\/p>\n","protected":false},"featured_media":23956,"comment_status":"closed","ping_status":"closed","template":"","meta":[],"product_brand":[],"product_cat":[378],"product_tag":[],"class_list":{"0":"post-23955","1":"product","2":"type-product","3":"status-publish","4":"has-post-thumbnail","6":"product_cat-kaposzta-es-karfiol-vetomagok","8":"first","9":"instock","10":"taxable","11":"shipping-taxable","12":"purchasable","13":"product-type-simple"},"_links":{"self":[{"href":"https:\/\/chilimag.hu\/webshop\/wp-json\/wp\/v2\/product\/23955","targetHints":{"allow":["GET"]}}],"collection":[{"href":"https:\/\/chilimag.hu\/webshop\/wp-json\/wp\/v2\/product"}],"about":[{"href":"https:\/\/chilimag.hu\/webshop\/wp-json\/wp\/v2\/types\/product"}],"replies":[{"embeddable":true,"href":"https:\/\/chilimag.hu\/webshop\/wp-json\/wp\/v2\/comments?post=23955"}],"wp:featuredmedia":[{"embeddable":true,"href":"https:\/\/chilimag.hu\/webshop\/wp-json\/wp\/v2\/media\/23956"}],"wp:attachment":[{"href":"https:\/\/chilimag.hu\/webshop\/wp-json\/wp\/v2\/media?parent=23955"}],"wp:term":[{"taxonomy":"product_brand","embeddable":true,"href":"https:\/\/chilimag.hu\/webshop\/wp-json\/wp\/v2\/product_brand?post=23955"},{"taxonomy":"product_cat","embeddable":true,"href":"https:\/\/chilimag.hu\/webshop\/wp-json\/wp\/v2\/product_cat?post=23955"},{"taxonomy":"product_tag","embeddable":true,"href":"https:\/\/chilimag.hu\/webshop\/wp-json\/wp\/v2\/product_tag?post=23955"}],"curies":[{"name":"wp","href":"https:\/\/api.w.org\/{rel}","templated":true}]}}