{"id":23949,"date":"2023-04-07T12:35:59","date_gmt":"2023-04-07T12:35:59","guid":{"rendered":"https:\/\/chilimag.hu\/webshop\/?post_type=product&#038;p=23949"},"modified":"2026-04-24T02:09:25","modified_gmt":"2026-04-24T02:09:25","slug":"kaposzta-pazardzhishko-podobreno-florian-bg","status":"publish","type":"product","link":"https:\/\/chilimag.hu\/webshop\/termek\/kaposzta-pazardzhishko-podobreno-florian-bg\/","title":{"rendered":"K\u00e1poszta Pazardzhishko podobreno Florian Bg"},"content":{"rendered":"","protected":false},"excerpt":{"rendered":"<p><img decoding=\"async\" class=\"img-inline\" src=\"https:\/\/brcci.eu\/cache\/thumbnails\/12ecd0e6e419f1b9b1484ef02ad361979dd8e054\/1a6c5e1406ad462ca86d17b2800862d7f837862c-829875ad0a268b741b7edd818ffce098.png\" alt=\"FLORIAN OOD\" \/><\/p>\n<p>Pazardjik \u00a0k\u00e1poszta, k\u00e9s\u0151n n\u00f6v\u0151 fajta k\u00e1poszta magjai, levelei piros-lila z\u00f6ld \u00e1rnyalattal, kiv\u00e1l\u00f3 \u00edz<\/p>\n<p>Nagyon term\u0151 k\u00e9s\u0151i f\u00e9lv\u00f6r\u00f6s k\u00e1poszta fajta, sz\u00e1nt\u00f3f\u00f6ldi termeszt\u00e9sre alkalmas K\u00e1poszta g\u00f6mb\u00f6ly\u0171, lil\u00e1s \u00e1rnyalat\u00fa, kiv\u00e1l\u00f3 \u00edz\u0171 Friss fogyaszt\u00e1sra, tart\u00f3s\u00edt\u00e1sra alkalmas A fajta betegs\u00e9gekkel szemben ellen\u00e1ll\u00f3 Veget\u00e1ci\u00f3s peri\u00f3dus 130-140 nap .<\/p>\n<p>Termel\u00e9si t\u00edpusok: vet\u00e9s: janu\u00e1r 20 eleje-febru\u00e1r 10., k\u00f6zepes \u00e1prilis 25-m\u00e1jus 10., j\u00fanius v\u00e9ge 5-15.<\/p>\n<p>Kiszerel\u00e9s: 25000 mag (100 gr)<\/p>\n<p>M\u0171szaki adatok<br \/>\nM\u00e9lys\u00e9ge 1-1,5 cm<br \/>\nVet\u00e9s janu\u00e1r 20-febru\u00e1r 10; \u00e1prilis 25. &#8211; m\u00e1jus 10.; j\u00fanius 5-15<br \/>\nVet\u00e9smennyis\u00e9g 60-70 gramm\/hekt\u00e1r<br \/>\nA magvakb\u00f3l, pal\u00e1nt\u00e1kb\u00f3l t\u00f6rt\u00e9n\u0151 el\u0151\u00e1ll\u00edt\u00e1s fajt\u00e1i<br \/>\n\u00c1ttekint\u00e9s<br \/>\n200-270 magot tartalmaz grammonk\u00e9nt<br \/>\nS\u00faly 100 gramm<br \/>\n\u00dcltet\u00e9s m\u00e1rcius-j\u00falius<br \/>\nA betakar\u00edt\u00e1s j\u00faliusban kezd\u0151dik<br \/>\nVeget\u00e1ci\u00f3ja 130-140 nap<\/p>\n<p>A csomag 5 grammot tartalmaz<\/p>\n","protected":false},"featured_media":23950,"comment_status":"closed","ping_status":"closed","template":"","meta":[],"product_brand":[],"product_cat":[378],"product_tag":[],"class_list":{"0":"post-23949","1":"product","2":"type-product","3":"status-publish","4":"has-post-thumbnail","6":"product_cat-kaposzta-es-karfiol-vetomagok","8":"first","9":"instock","10":"taxable","11":"shipping-taxable","12":"purchasable","13":"product-type-simple"},"_links":{"self":[{"href":"https:\/\/chilimag.hu\/webshop\/wp-json\/wp\/v2\/product\/23949","targetHints":{"allow":["GET"]}}],"collection":[{"href":"https:\/\/chilimag.hu\/webshop\/wp-json\/wp\/v2\/product"}],"about":[{"href":"https:\/\/chilimag.hu\/webshop\/wp-json\/wp\/v2\/types\/product"}],"replies":[{"embeddable":true,"href":"https:\/\/chilimag.hu\/webshop\/wp-json\/wp\/v2\/comments?post=23949"}],"wp:featuredmedia":[{"embeddable":true,"href":"https:\/\/chilimag.hu\/webshop\/wp-json\/wp\/v2\/media\/23950"}],"wp:attachment":[{"href":"https:\/\/chilimag.hu\/webshop\/wp-json\/wp\/v2\/media?parent=23949"}],"wp:term":[{"taxonomy":"product_brand","embeddable":true,"href":"https:\/\/chilimag.hu\/webshop\/wp-json\/wp\/v2\/product_brand?post=23949"},{"taxonomy":"product_cat","embeddable":true,"href":"https:\/\/chilimag.hu\/webshop\/wp-json\/wp\/v2\/product_cat?post=23949"},{"taxonomy":"product_tag","embeddable":true,"href":"https:\/\/chilimag.hu\/webshop\/wp-json\/wp\/v2\/product_tag?post=23949"}],"curies":[{"name":"wp","href":"https:\/\/api.w.org\/{rel}","templated":true}]}}