{"id":23872,"date":"2023-04-07T07:21:45","date_gmt":"2023-04-07T07:21:45","guid":{"rendered":"https:\/\/chilimag.hu\/webshop\/?post_type=product&#038;p=23872"},"modified":"2026-02-18T14:56:15","modified_gmt":"2026-02-18T14:56:15","slug":"paprika-habanero-chocolate-florian-bg","status":"publish","type":"product","link":"https:\/\/chilimag.hu\/webshop\/termek\/paprika-habanero-chocolate-florian-bg\/","title":{"rendered":"Paprika Habanero Chocolate Florian Bg"},"content":{"rendered":"","protected":false},"excerpt":{"rendered":"<p><img decoding=\"async\" class=\"img-inline\" src=\"https:\/\/brcci.eu\/cache\/thumbnails\/12ecd0e6e419f1b9b1484ef02ad361979dd8e054\/1a6c5e1406ad462ca86d17b2800862d7f837862c-829875ad0a268b741b7edd818ffce098.png\" alt=\"FLORIAN OOD\" \/><\/p>\n<p>A Habanero Chocolat egy nagyon er\u0151s paprikafajta. A gy\u00fcm\u00f6lcs\u00f6k csokol\u00e1d\u00e9 sz\u00edn\u0171ek, ide\u00e1lisak fogyaszt\u00e1sra \u00e9s tart\u00f3s\u00edt\u00e1sra.<br \/>\nHabanero Chocolat cs\u00edp\u0151s paprika mag<br \/>\nA Habanero paprika nagyon cs\u00edp\u0151s paprika fajt\u00e1ja. Sz\u00e9les k\u00f6rben haszn\u00e1lj\u00e1k k\u00fcl\u00f6nf\u00e9le kulin\u00e1ris k\u00e9sz\u00edtm\u00e9nyekben rendk\u00edv\u00fcli f\u0171szeress\u00e9ge miatt.<\/p>\n<p>Az \u00fczemet magas term\u0151k\u00e9pess\u00e9g \u00e9s k\u00f6zepes m\u00e9ret jellemzi.<\/p>\n<p>A Habanero Chocolat k\u00fcl\u00f6nleges s\u00f6t\u00e9tbarna sz\u00edn\u0171 gy\u00fcm\u00f6lcs\u00f6ket hoz l\u00e9tre.<\/p>\n<p>A term\u00e9sek l\u00e1mp\u00e1s alak\u00faak, enyh\u00e9n \u00edveltek \u00e9s kiss\u00e9 lap\u00edtottak vagy megny\u00faltak.<\/p>\n<p>A Habanero Chocolat cs\u00edp\u0151s paprika frissen, k\u00fcl\u00f6nf\u00e9le elk\u00e9sz\u00edt\u00e9shez, de ak\u00e1r tart\u00f3s\u00edt\u00e1sra is fogyaszthat\u00f3.<\/p>\n<p>A gy\u00fcm\u00f6lcs\u00f6k \u00e1tlagos t\u00f6mege 15-17 gramm.<br \/>\nEl\u00e9rhet\u0151s\u00e9g El\u00e9rhet\u0151<br \/>\nEredete Nemzetk\u00f6zi fajta<br \/>\nTerm\u00e9kt\u00edpus (M) Vet\u0151mag<br \/>\nT\u00edpus (M) Z\u00f6lds\u00e9g<br \/>\nCs\u00edp\u0151s paprika fajt\u00e1k<br \/>\nVet\u0151mag kateg\u00f3ria Professzion\u00e1lis vet\u0151magok kis kiszerel\u00e9sben<br \/>\nA Habanero csokol\u00e1d\u00e9 paprika jellemz\u0151i<br \/>\nT\u00edpus: cs\u00edp\u0151s paprika;<\/p>\n<p>Gy\u00fcm\u00f6lcsforma: l\u00e1mp\u00e1s;<\/p>\n<p>A csomag 20 szem magot tartalmaz<\/p>\n","protected":false},"featured_media":23935,"comment_status":"closed","ping_status":"closed","template":"","meta":[],"product_brand":[],"product_cat":[380],"product_tag":[],"class_list":{"0":"post-23872","1":"product","2":"type-product","3":"status-publish","4":"has-post-thumbnail","6":"product_cat-paprika-vetomagok-bolgar-florian-vetomagok","8":"first","9":"instock","10":"taxable","11":"shipping-taxable","12":"purchasable","13":"product-type-simple"},"_links":{"self":[{"href":"https:\/\/chilimag.hu\/webshop\/wp-json\/wp\/v2\/product\/23872","targetHints":{"allow":["GET"]}}],"collection":[{"href":"https:\/\/chilimag.hu\/webshop\/wp-json\/wp\/v2\/product"}],"about":[{"href":"https:\/\/chilimag.hu\/webshop\/wp-json\/wp\/v2\/types\/product"}],"replies":[{"embeddable":true,"href":"https:\/\/chilimag.hu\/webshop\/wp-json\/wp\/v2\/comments?post=23872"}],"wp:featuredmedia":[{"embeddable":true,"href":"https:\/\/chilimag.hu\/webshop\/wp-json\/wp\/v2\/media\/23935"}],"wp:attachment":[{"href":"https:\/\/chilimag.hu\/webshop\/wp-json\/wp\/v2\/media?parent=23872"}],"wp:term":[{"taxonomy":"product_brand","embeddable":true,"href":"https:\/\/chilimag.hu\/webshop\/wp-json\/wp\/v2\/product_brand?post=23872"},{"taxonomy":"product_cat","embeddable":true,"href":"https:\/\/chilimag.hu\/webshop\/wp-json\/wp\/v2\/product_cat?post=23872"},{"taxonomy":"product_tag","embeddable":true,"href":"https:\/\/chilimag.hu\/webshop\/wp-json\/wp\/v2\/product_tag?post=23872"}],"curies":[{"name":"wp","href":"https:\/\/api.w.org\/{rel}","templated":true}]}}