{"id":23871,"date":"2023-04-07T07:06:25","date_gmt":"2023-04-07T07:06:25","guid":{"rendered":"https:\/\/chilimag.hu\/webshop\/?post_type=product&#038;p=23871"},"modified":"2026-02-08T20:23:15","modified_gmt":"2026-02-08T20:23:15","slug":"paprika-habanero-lime-florian-bg","status":"publish","type":"product","link":"https:\/\/chilimag.hu\/webshop\/termek\/paprika-habanero-lime-florian-bg\/","title":{"rendered":"Paprika Habanero Lemon Florian Bg"},"content":{"rendered":"","protected":false},"excerpt":{"rendered":"<p><img decoding=\"async\" class=\"img-inline\" src=\"https:\/\/brcci.eu\/cache\/thumbnails\/12ecd0e6e419f1b9b1484ef02ad361979dd8e054\/1a6c5e1406ad462ca86d17b2800862d7f837862c-829875ad0a268b741b7edd818ffce098.png\" alt=\"FLORIAN OOD\" \/><\/p>\n<p>Habanero lemon (20 mag) s\u00e1rga chili paprika magvak mexik\u00f3i fajta, a vil\u00e1g legforr\u00f3bb, Florian<\/p>\n<p>A Habanero a vil\u00e1g legcs\u00edp\u0151sebb paprik\u00e1ja!<\/p>\n<p>Kiszerel\u00e9s: 20 db mag<\/p>\n<p>A cs\u00edp\u0151s paprika (Capsicum annuum) kiv\u00e1l\u00f3 egyny\u00e1ri n\u00f6v\u00e9ny, amely ny\u00e1ron a kertbe \u00e9s otthoni d\u00edszn\u00f6v\u00e9nyk\u00e9nt is \u00fcltethet\u0151.<br \/>\nA Habanero Lemon z\u00f6ldt\u0151l s\u00e1rg\u00e1ig sz\u00ednez\u0151 gy\u00fcm\u00f6lcs\u00f6ket hoz l\u00e9tre (amikor \u00e9rik). \u00c9dess\u00e9ge megegyezik a Habanero Red vagy a Habanero Orange fajt\u00e1kkal. A gy\u00fcm\u00f6lcs\u00f6k k\u00f6r\u00fclbel\u00fcl 5 cm hossz\u00faak \u00e9s 2,5 cm sz\u00e9lesek, gy\u00fcm\u00f6lcs\u00f6s \u00edz\u0171ek, enyhe citrom arom\u00e1j\u00faak. A gy\u00fcm\u00f6lcs\u00f6k k\u00f6r\u00fclbel\u00fcl 90-100 nap alatt \u00e9rik el az \u00e9retts\u00e9get, \u00e9s sok f\u00e9nyt \u00e9s h\u0151t ig\u00e9nyelnek. Ez a fajta a Karib-t\u00e9rs\u00e9gb\u0151l sz\u00e1rmazik.<br \/>\nA termeszt\u00e9s pal\u00e1nt\u00e1z\u00e1ssal t\u00f6rt\u00e9nik, a vet\u00e9skori cs\u00edr\u00e1z\u00e1si h\u0151m\u00e9rs\u00e9kletnek 20-35\u00baC k\u00f6z\u00f6tt kell lennie; n\u00e9ha nehezebben cs\u00edr\u00e1zik, de meg\u00e9ri a f\u00e1rads\u00e1got.<br \/>\nAz optim\u00e1lis termeszt\u00e9si h\u0151m\u00e9rs\u00e9kletnek 20-35\u00baC k\u00f6z\u00f6tt kell lennie.<br \/>\nEl\u0151nyben r\u00e9szes\u00edti a napoz\u00e1st, de er\u0151s naps\u00fct\u00e9ses id\u0151szakban \u00e9rdemes gondoskodni arr\u00f3l, hogy a term\u00e9seket j\u00f3l fedje lombozat, vagy mesters\u00e9ges \u00e1rny\u00e9kol\u00e1st kialak\u00edtani, \u00e1rny\u00e9kol\u00f3h\u00e1l\u00f3kkal, mert a term\u00e9sek fel\u00fclet\u00e9n le\u00e9g\u00e9s jelentkezhet.<\/p>\n<p>A Habanero paprika nagyon intenz\u00edv cs\u00edp\u00e9st okoz, amely a torkon kereszt\u00fcl terjed, \u00e9s hirtelen megn\u00f6vekszik a kering\u00e9s ezen a ter\u00fcleten, \u00e9s t\u00falzott szakad\u00e1st okoz, mivel a l\u00e9gutakat is elkapja ez a robban\u00e1sszer\u0171 forr\u00f3s\u00e1g.<\/p>\n<p>A csomag 20 szem magot tartalmaz<\/p>\n","protected":false},"featured_media":23936,"comment_status":"closed","ping_status":"closed","template":"","meta":[],"product_brand":[],"product_cat":[380],"product_tag":[],"class_list":{"0":"post-23871","1":"product","2":"type-product","3":"status-publish","4":"has-post-thumbnail","6":"product_cat-paprika-vetomagok-bolgar-florian-vetomagok","8":"first","9":"instock","10":"taxable","11":"shipping-taxable","12":"purchasable","13":"product-type-simple"},"_links":{"self":[{"href":"https:\/\/chilimag.hu\/webshop\/wp-json\/wp\/v2\/product\/23871","targetHints":{"allow":["GET"]}}],"collection":[{"href":"https:\/\/chilimag.hu\/webshop\/wp-json\/wp\/v2\/product"}],"about":[{"href":"https:\/\/chilimag.hu\/webshop\/wp-json\/wp\/v2\/types\/product"}],"replies":[{"embeddable":true,"href":"https:\/\/chilimag.hu\/webshop\/wp-json\/wp\/v2\/comments?post=23871"}],"wp:featuredmedia":[{"embeddable":true,"href":"https:\/\/chilimag.hu\/webshop\/wp-json\/wp\/v2\/media\/23936"}],"wp:attachment":[{"href":"https:\/\/chilimag.hu\/webshop\/wp-json\/wp\/v2\/media?parent=23871"}],"wp:term":[{"taxonomy":"product_brand","embeddable":true,"href":"https:\/\/chilimag.hu\/webshop\/wp-json\/wp\/v2\/product_brand?post=23871"},{"taxonomy":"product_cat","embeddable":true,"href":"https:\/\/chilimag.hu\/webshop\/wp-json\/wp\/v2\/product_cat?post=23871"},{"taxonomy":"product_tag","embeddable":true,"href":"https:\/\/chilimag.hu\/webshop\/wp-json\/wp\/v2\/product_tag?post=23871"}],"curies":[{"name":"wp","href":"https:\/\/api.w.org\/{rel}","templated":true}]}}