{"id":23850,"date":"2023-04-07T06:41:23","date_gmt":"2023-04-07T06:41:23","guid":{"rendered":"https:\/\/chilimag.hu\/webshop\/?post_type=product&#038;p=23850"},"modified":"2026-02-24T09:40:44","modified_gmt":"2026-02-24T09:40:44","slug":"paprika-jaranda-florian-bg-2","status":"publish","type":"product","link":"https:\/\/chilimag.hu\/webshop\/termek\/paprika-jaranda-florian-bg-2\/","title":{"rendered":"Paprika Jaranda Florian Bg"},"content":{"rendered":"","protected":false},"excerpt":{"rendered":"<p><img decoding=\"async\" class=\"img-inline\" src=\"https:\/\/brcci.eu\/cache\/thumbnails\/12ecd0e6e419f1b9b1484ef02ad361979dd8e054\/1a6c5e1406ad462ca86d17b2800862d7f837862c-829875ad0a268b741b7edd818ffce098.png\" alt=\"FLORIAN OOD\" \/><\/p>\n<p>A cs\u00edp\u0151s paprika szokatlan fajt\u00e1ja, friss fogyaszt\u00e1sra, levesek, f\u0151tt \u00e9telek, sz\u00f3szok kieg\u00e9sz\u00edt\u00e9s\u00e9re vagy sz\u00e1r\u00edt\u00e1sra alkalmas. Term\u00e9sei 5-9 cm hossz\u00faak, vastag maggal rendelkeznek, \u00e9retten z\u00f6ldek vagy \u00e9l\u00e9nkpirosak.<\/p>\n<p>A fajta cs\u00edp\u0151s \u00e9s rendk\u00edv\u00fcl cs\u00edp\u0151s paprik\u00e1t k\u00edn\u00e1l.<\/p>\n<p>Magok sz\u00e1ma csomagonk\u00e9nt: 1 gr &#8211; 150 mag<\/p>\n<p>M\u0171szaki adatok:<\/p>\n<p>M\u00e9lys\u00e9ge 0,5-1 cm<br \/>\nVet\u00e9s febru\u00e1rt\u00f3l kezd\u0151d\u0151en<br \/>\nVet\u0151mennyis\u00e9g 180-200 gramm\/hekt\u00e1r<br \/>\nA vet\u0151magb\u00f3l t\u00f6rt\u00e9n\u0151 termel\u00e9s t\u00edpusai<br \/>\n\u00c1ltal\u00e1noss\u00e1gok:<\/p>\n<p>150 magot tartalmaz grammonk\u00e9nt<br \/>\nS\u00falya 1 gramm<br \/>\n\u00dcltet\u00e9s febru\u00e1r, \u00e1prilis, j\u00fanius<br \/>\nSz\u00fcret \u00e1prilis, j\u00fanius, augusztus<br \/>\nVeget\u00e1ci\u00f3ja 65-70 nap<\/p>\n<p>A csomag 1 grammot tartalmaz<\/p>\n","protected":false},"featured_media":23851,"comment_status":"closed","ping_status":"closed","template":"","meta":[],"product_brand":[],"product_cat":[380],"product_tag":[],"class_list":{"0":"post-23850","1":"product","2":"type-product","3":"status-publish","4":"has-post-thumbnail","6":"product_cat-paprika-vetomagok-bolgar-florian-vetomagok","8":"first","9":"instock","10":"taxable","11":"shipping-taxable","12":"purchasable","13":"product-type-simple"},"_links":{"self":[{"href":"https:\/\/chilimag.hu\/webshop\/wp-json\/wp\/v2\/product\/23850","targetHints":{"allow":["GET"]}}],"collection":[{"href":"https:\/\/chilimag.hu\/webshop\/wp-json\/wp\/v2\/product"}],"about":[{"href":"https:\/\/chilimag.hu\/webshop\/wp-json\/wp\/v2\/types\/product"}],"replies":[{"embeddable":true,"href":"https:\/\/chilimag.hu\/webshop\/wp-json\/wp\/v2\/comments?post=23850"}],"wp:featuredmedia":[{"embeddable":true,"href":"https:\/\/chilimag.hu\/webshop\/wp-json\/wp\/v2\/media\/23851"}],"wp:attachment":[{"href":"https:\/\/chilimag.hu\/webshop\/wp-json\/wp\/v2\/media?parent=23850"}],"wp:term":[{"taxonomy":"product_brand","embeddable":true,"href":"https:\/\/chilimag.hu\/webshop\/wp-json\/wp\/v2\/product_brand?post=23850"},{"taxonomy":"product_cat","embeddable":true,"href":"https:\/\/chilimag.hu\/webshop\/wp-json\/wp\/v2\/product_cat?post=23850"},{"taxonomy":"product_tag","embeddable":true,"href":"https:\/\/chilimag.hu\/webshop\/wp-json\/wp\/v2\/product_tag?post=23850"}],"curies":[{"name":"wp","href":"https:\/\/api.w.org\/{rel}","templated":true}]}}