{"id":23700,"date":"2023-04-03T18:40:18","date_gmt":"2023-04-03T18:40:18","guid":{"rendered":"https:\/\/chilimag.hu\/webshop\/?post_type=product&#038;p=23700"},"modified":"2026-05-08T04:44:42","modified_gmt":"2026-05-08T04:44:42","slug":"uborka-altai-f1-florian-bg","status":"publish","type":"product","link":"https:\/\/chilimag.hu\/webshop\/termek\/uborka-altai-f1-florian-bg\/","title":{"rendered":"Uborka Altai F1 Florian Bg"},"content":{"rendered":"","protected":false},"excerpt":{"rendered":"<p><img decoding=\"async\" class=\"img-inline\" src=\"https:\/\/brcci.eu\/cache\/thumbnails\/12ecd0e6e419f1b9b1484ef02ad361979dd8e054\/1a6c5e1406ad462ca86d17b2800862d7f837862c-829875ad0a268b741b7edd818ffce098.png\" alt=\"FLORIAN OOD\" \/><\/p>\n<p>Korai \u00e9s k\u00f6z\u00e9pkorai uborka hibridje, magas hozam\u00fa, t\u00falnyom\u00f3an n\u0151vir\u00e1gz\u00e1s\u00fa, betegs\u00e9gekkel \u00e9s \u00e9ghajlati anom\u00e1li\u00e1kkal szembeni magas ellen\u00e1ll\u00f3 k\u00e9pess\u00e9ge miatt minden vid\u00e9ken termeszthet\u0151. Gy\u00fcm\u00f6lcsei z\u00f6ldek, enyh\u00e9n \u00e9rdes fel\u00fclet\u0171ek, genetikailag nem keser\u0171ek, kiv\u00e1l\u00f3 \u00edz\u0171ek, 9-13 cm hossz\u00faak. Erre a fajt\u00e1ra jellemz\u0151, hogy a szed\u00e9s ut\u00e1n legal\u00e1bb 10 napig frissen tartj\u00e1k, a veget\u00e1ci\u00f3s id\u0151szak 35-45 nap.<\/p>\n<p>Vet\u00e9sid\u0151: korai termeszt\u00e9sn\u00e9l \u00e1prilis 15-m\u00e1jus 10-ig, k\u00e9s\u0151i term\u00e9sn\u00e9l j\u00fanius 20-j\u00falius 5-ig.<\/p>\n<p>M\u0171szaki adatok:<\/p>\n<p>M\u00e9lys\u00e9ge 1,5-3 cm<br \/>\nVet\u00e9s \u00e1prilis 15-m\u00e1jus 10, j\u00fanius 20-j\u00falius 5<br \/>\nVet\u00e9smennyis\u00e9g 0,400-0,450 Kg\/hekt\u00e1r<br \/>\nA vet\u0151magb\u00f3l t\u00f6rt\u00e9n\u0151 termel\u00e9s t\u00edpusai<br \/>\n\u00c1ltal\u00e1noss\u00e1gok:<\/p>\n<p>35-45 magot tartalmaz grammonk\u00e9nt<br \/>\nS\u00falya 1,5 gramm<br \/>\n\u00dcltet\u00e9s \u00e1prilis-j\u00falius<br \/>\nSz\u00fcret j\u00fanius-november<br \/>\nVeget\u00e1ci\u00f3ja 35-45 nap<\/p>\n<p>A csomag 1 grammot tartalmaz<\/p>\n","protected":false},"featured_media":23701,"comment_status":"closed","ping_status":"closed","template":"","meta":[],"product_brand":[],"product_cat":[383],"product_tag":[],"class_list":{"0":"post-23700","1":"product","2":"type-product","3":"status-publish","4":"has-post-thumbnail","6":"product_cat-uborka-es-padlizsan-vetomagok","8":"first","9":"instock","10":"taxable","11":"shipping-taxable","12":"purchasable","13":"product-type-simple"},"_links":{"self":[{"href":"https:\/\/chilimag.hu\/webshop\/wp-json\/wp\/v2\/product\/23700","targetHints":{"allow":["GET"]}}],"collection":[{"href":"https:\/\/chilimag.hu\/webshop\/wp-json\/wp\/v2\/product"}],"about":[{"href":"https:\/\/chilimag.hu\/webshop\/wp-json\/wp\/v2\/types\/product"}],"replies":[{"embeddable":true,"href":"https:\/\/chilimag.hu\/webshop\/wp-json\/wp\/v2\/comments?post=23700"}],"wp:featuredmedia":[{"embeddable":true,"href":"https:\/\/chilimag.hu\/webshop\/wp-json\/wp\/v2\/media\/23701"}],"wp:attachment":[{"href":"https:\/\/chilimag.hu\/webshop\/wp-json\/wp\/v2\/media?parent=23700"}],"wp:term":[{"taxonomy":"product_brand","embeddable":true,"href":"https:\/\/chilimag.hu\/webshop\/wp-json\/wp\/v2\/product_brand?post=23700"},{"taxonomy":"product_cat","embeddable":true,"href":"https:\/\/chilimag.hu\/webshop\/wp-json\/wp\/v2\/product_cat?post=23700"},{"taxonomy":"product_tag","embeddable":true,"href":"https:\/\/chilimag.hu\/webshop\/wp-json\/wp\/v2\/product_tag?post=23700"}],"curies":[{"name":"wp","href":"https:\/\/api.w.org\/{rel}","templated":true}]}}