{"id":23659,"date":"2023-04-03T17:35:55","date_gmt":"2023-04-03T17:35:55","guid":{"rendered":"https:\/\/chilimag.hu\/webshop\/?post_type=product&#038;p=23659"},"modified":"2026-04-06T17:56:49","modified_gmt":"2026-04-06T17:56:49","slug":"uborka-max-f1-florian-bg","status":"publish","type":"product","link":"https:\/\/chilimag.hu\/webshop\/termek\/uborka-max-f1-florian-bg\/","title":{"rendered":"Uborka Max F1 Florian Bg"},"content":{"rendered":"","protected":false},"excerpt":{"rendered":"<p><img decoding=\"async\" class=\"img-inline\" src=\"https:\/\/brcci.eu\/cache\/thumbnails\/12ecd0e6e419f1b9b1484ef02ad361979dd8e054\/1a6c5e1406ad462ca86d17b2800862d7f837862c-829875ad0a268b741b7edd818ffce098.png\" alt=\"FLORIAN OOD\" \/><\/p>\n<p>Korai hibrid fajta, nagyon term\u00e9keny, \u00fcvegh\u00e1zi termeszt\u00e9sre sz\u00e1nt\u00e1k. Term\u00e9sei 27-35 cm hossz\u00faak, enyh\u00e9n cs\u00edkozottak, s\u00f6t\u00e9tz\u00f6ld sz\u00edn\u0171ek, v\u00e9kony h\u00e9j\u00faak. A tavaszi, ny\u00e1ri \u00e9s \u0151szi betakar\u00edt\u00e1shoz febru\u00e1r elej\u00e9n javasolt a betakar\u00edt\u00e1s. Friss fogyaszt\u00e1sra \u00e9s feldolgoz\u00e1sra aj\u00e1nlott Veget\u00e1ci\u00f3s id\u0151szak 57 &#8211; 60 nap Vet\u00e9sid\u0151:<\/p>\n<p>-korai gy\u00e1rt\u00e1s m\u00e1rcius 25-30<\/p>\n<p>-\u00e1tlagos termel\u00e9s \u00e1prilis 20-m\u00e1jus 20<\/p>\n<p>&#8211; k\u00e9s\u0151i gy\u00e1rt\u00e1s j\u00fanius 25 &#8211; j\u00falius 5.<\/p>\n<p>M\u0171szaki adatok:<\/p>\n<p>M\u00e9lys\u00e9ge 3-4 cm<br \/>\nM\u00e1rcius 25-m\u00e1rcius 30-ig, \u00e1prilis 20-m\u00e1jus 20-ig, j\u00fanius 25-j\u00falius 5-ig vetve.<br \/>\nVet\u00e9smennyis\u00e9g 0,150-0,180 Kg\/hekt\u00e1r<br \/>\nA vet\u0151magb\u00f3l t\u00f6rt\u00e9n\u0151 termel\u00e9s t\u00edpusai<br \/>\n\u00c1ltal\u00e1noss\u00e1gok:<\/p>\n<p>28-35 magot tartalmaz grammonk\u00e9nt<br \/>\nS\u00falya 0,5 gramm<br \/>\n\u00dcltet\u00e9s m\u00e1rcius-j\u00falius<br \/>\nSz\u00fcret j\u00fanius-szeptember<br \/>\nVeget\u00e1ci\u00f3ja 57-60 nap<\/p>\n<p>A csomag 0,5 grammot tartalmaz<\/p>\n","protected":false},"featured_media":23660,"comment_status":"closed","ping_status":"closed","template":"","meta":[],"product_brand":[],"product_cat":[383],"product_tag":[],"class_list":{"0":"post-23659","1":"product","2":"type-product","3":"status-publish","4":"has-post-thumbnail","6":"product_cat-uborka-es-padlizsan-vetomagok","8":"first","9":"instock","10":"taxable","11":"shipping-taxable","12":"purchasable","13":"product-type-simple"},"_links":{"self":[{"href":"https:\/\/chilimag.hu\/webshop\/wp-json\/wp\/v2\/product\/23659","targetHints":{"allow":["GET"]}}],"collection":[{"href":"https:\/\/chilimag.hu\/webshop\/wp-json\/wp\/v2\/product"}],"about":[{"href":"https:\/\/chilimag.hu\/webshop\/wp-json\/wp\/v2\/types\/product"}],"replies":[{"embeddable":true,"href":"https:\/\/chilimag.hu\/webshop\/wp-json\/wp\/v2\/comments?post=23659"}],"wp:featuredmedia":[{"embeddable":true,"href":"https:\/\/chilimag.hu\/webshop\/wp-json\/wp\/v2\/media\/23660"}],"wp:attachment":[{"href":"https:\/\/chilimag.hu\/webshop\/wp-json\/wp\/v2\/media?parent=23659"}],"wp:term":[{"taxonomy":"product_brand","embeddable":true,"href":"https:\/\/chilimag.hu\/webshop\/wp-json\/wp\/v2\/product_brand?post=23659"},{"taxonomy":"product_cat","embeddable":true,"href":"https:\/\/chilimag.hu\/webshop\/wp-json\/wp\/v2\/product_cat?post=23659"},{"taxonomy":"product_tag","embeddable":true,"href":"https:\/\/chilimag.hu\/webshop\/wp-json\/wp\/v2\/product_tag?post=23659"}],"curies":[{"name":"wp","href":"https:\/\/api.w.org\/{rel}","templated":true}]}}